{"id":739120,"date":"2025-08-28T00:04:36","date_gmt":"2025-08-27T21:04:36","guid":{"rendered":"https:\/\/roveyayinevi.com.tr\/index.php\/urun\/turkiye-ve-ortadogu-su-politikalari\/"},"modified":"2026-04-16T02:49:29","modified_gmt":"2026-04-15T23:49:29","slug":"turkiye-ve-ortadogu-su-politikalari","status":"publish","type":"product","link":"https:\/\/roveyayinevi.com.tr\/index.php\/urun\/turkiye-ve-ortadogu-su-politikalari\/","title":{"rendered":"T\u00fcrkiye Ve Ortado\u011fu Su Politikalar\u0131"},"content":{"rendered":"<p>Petro-politik hidro-politi\u011fe d\u00f6n\u00fc\u015fmektedir\u2026Her ikisinin de nemaland\u0131\u011f\u0131 toprak, insan, b\u00f6lge, medeniyet, tarih bilinci, gelecek kurgusu daha k\u00f6kl\u00fc politikalara ihtiya\u00e7 duyulmaktad\u0131r.Toprak ve su tar\u0131m\u0131n olmazsa olmaz, devredilmez ve vazge\u00e7ilmez iki unsurudur.Tar\u0131msal sulamada ve tarla i\u00e7i geli\u015ftirme i\u015flemlerinde ba\u015far\u0131, sulama projelerinin uygun \u00fcr\u00fcn deseni, \u00e7ift\u00e7i kat\u0131l\u0131m\u0131, in\u015faattan i\u015fletme ve bak\u0131ma kadar sa\u011fl\u0131kl\u0131 bir organizasyona ba\u011fl\u0131d\u0131r. Sulama sisteminin en iyi \u015fekilde idaresi yan\u0131nda toprak, su, bitki, bilgi ve insan dengesinin ve ili\u015fkisinin kurulmas\u0131; topra\u011fa, suya ve tar\u0131msal faaliyete y\u00f6nelik hizmetleri y\u00fcr\u00fcten kurulu\u015flar\u0131n entegrasyonu ka\u00e7\u0131n\u0131lmazd\u0131r. Kaos, karga\u015fa, kurakl\u0131k, korku, kurumsal da\u011f\u0131n\u0131kl\u0131k, kay\u0131plar yerini kanuna, kavramsal b\u00fct\u00fcnl\u00fc\u011fe, kurumsal entegrasyona, s\u00fcrd\u00fcr\u00fclebilir bir kullanma ve koruma bilincine terketmelidir.Dr. L\u00fctf\u00fc \u015eahsuvaro\u011flu\u2019nun T\u00dcRK\u0130YE VE ORTADO\u011eU SU POL\u0130T\u0130KALARI adl\u0131 eseri, bizi bug\u00fcn\u00fcm\u00fcz\u00fc ve gelece\u011fimizi ilgilendiren bir d\u00fc\u015f\u00fcnce f\u0131rt\u0131nas\u0131na davet ediyor\u2026     <\/p>\n","protected":false},"excerpt":{"rendered":"<p>Petro-politik hidro-politi\u011fe d\u00f6n\u00fc\u015fmektedir\u2026Her ikisinin de nemaland\u0131\u011f\u0131 toprak, insan, b\u00f6lge, medeniyet, tarih bilinci, gelecek kurgusu daha k\u00f6kl\u00fc politikalara ihtiya\u00e7 duyulmaktad\u0131r.Toprak ve su tar\u0131m\u0131n olmazsa olmaz, devredilmez ve<span class=\"excerpt-hellip\"> [\u2026]<\/span><\/p>\n","protected":false},"featured_media":0,"template":"","meta":{"_monsterinsights_skip_tracking":false,"_monsterinsights_sitenote_active":false,"_monsterinsights_sitenote_note":"","_monsterinsights_sitenote_category":0},"product_brand":[],"product_cat":[13059,12337],"product_tag":[],"class_list":{"0":"post-739120","1":"product","2":"type-product","3":"status-publish","5":"product_cat-diger-politika-siyaset","6":"product_cat-politika-siyaset","7":"pa_cilt-ciltsiz","8":"pa_tur-kitap","9":"pa_yayinevi-biyografi-net-yayincilik","10":"pa_yazar-lutfu-sahsuvaroglu","12":"first","13":"instock","14":"sale","15":"shipping-taxable","16":"purchasable","17":"product-type-simple"},"_links":{"self":[{"href":"https:\/\/roveyayinevi.com.tr\/index.php\/wp-json\/wp\/v2\/product\/739120","targetHints":{"allow":["GET"]}}],"collection":[{"href":"https:\/\/roveyayinevi.com.tr\/index.php\/wp-json\/wp\/v2\/product"}],"about":[{"href":"https:\/\/roveyayinevi.com.tr\/index.php\/wp-json\/wp\/v2\/types\/product"}],"wp:attachment":[{"href":"https:\/\/roveyayinevi.com.tr\/index.php\/wp-json\/wp\/v2\/media?parent=739120"}],"wp:term":[{"taxonomy":"product_brand","embeddable":true,"href":"https:\/\/roveyayinevi.com.tr\/index.php\/wp-json\/wp\/v2\/product_brand?post=739120"},{"taxonomy":"product_cat","embeddable":true,"href":"https:\/\/roveyayinevi.com.tr\/index.php\/wp-json\/wp\/v2\/product_cat?post=739120"},{"taxonomy":"product_tag","embeddable":true,"href":"https:\/\/roveyayinevi.com.tr\/index.php\/wp-json\/wp\/v2\/product_tag?post=739120"}],"curies":[{"name":"wp","href":"https:\/\/api.w.org\/{rel}","templated":true}]}}