{"id":739119,"date":"2025-08-28T00:04:34","date_gmt":"2025-08-27T21:04:34","guid":{"rendered":"https:\/\/roveyayinevi.com.tr\/index.php\/urun\/cikartmali-cevremizdeki-araclar-ciftlikte\/"},"modified":"2026-04-16T02:49:29","modified_gmt":"2026-04-15T23:49:29","slug":"cikartmali-cevremizdeki-araclar-ciftlikte","status":"publish","type":"product","link":"https:\/\/roveyayinevi.com.tr\/index.php\/urun\/cikartmali-cevremizdeki-araclar-ciftlikte\/","title":{"rendered":"\u00c7\u0131kartmal\u0131 \u00c7evremizdeki Ara\u00e7lar &#8211; \u00c7iftlikte"},"content":{"rendered":"<p>\u00c7\u0131kartmal\u0131 \u00c7evremizdeki Ara\u00e7lar &#8211; \u00c7iftlikteBu kitap, \u00e7ocu\u011funuzun \u00e7\u0131kartmalar\u0131 kullanarak \u00e7evresindeki ara\u00e7lar\u0131 \u00f6\u011frenmesini sa\u011flar. Ayr\u0131ca \u00e7ocu\u011funuz basit mant\u0131k bulmacalar\u0131 \u00e7\u00f6zer ve e\u015fle\u015ftirme etkinlikleri yapar. Her sayfada renkli \u00e7\u0131kartmalar\u0131 kullanmak \u00e7ocu\u011funuzun yeni bilgileri \u00f6\u011frenmesini daha e\u011flenceli hale getirir. \u00c7\u0131kartmalar\u0131 do\u011fru yere yap\u0131\u015ft\u0131rmak \u00e7ocu\u011funuzun problem \u00e7\u00f6zme becerisini geli\u015ftirirken ince motor becerilerine ve el-g\u00f6z koordinasyonun geli\u015fmesine katk\u0131 sa\u011flar.<\/p>\n","protected":false},"excerpt":{"rendered":"<p>\u00c7\u0131kartmal\u0131 \u00c7evremizdeki Ara\u00e7lar &#8211; \u00c7iftlikteBu kitap, \u00e7ocu\u011funuzun \u00e7\u0131kartmalar\u0131 kullanarak \u00e7evresindeki ara\u00e7lar\u0131 \u00f6\u011frenmesini sa\u011flar. Ayr\u0131ca \u00e7ocu\u011funuz basit mant\u0131k bulmacalar\u0131 \u00e7\u00f6zer ve e\u015fle\u015ftirme etkinlikleri yapar. Her sayfada renkli<span class=\"excerpt-hellip\"> [\u2026]<\/span><\/p>\n","protected":false},"featured_media":0,"template":"","meta":{"_monsterinsights_skip_tracking":false,"_monsterinsights_sitenote_active":false,"_monsterinsights_sitenote_note":"","_monsterinsights_sitenote_category":0},"product_brand":[],"product_cat":[12913,12274],"product_tag":[],"class_list":{"0":"post-739119","1":"product","2":"type-product","3":"status-publish","5":"product_cat-3-6-yas-kitaplari","6":"product_cat-cocuk-ve-genclik-kitaplari","7":"pa_cilt-ciltsiz","8":"pa_tur-kitap","9":"pa_yayinevi-dikkat-atolyesi-yayinlari","10":"pa_yazar-dikkat-atolyesi-kolektif","12":"first","13":"instock","14":"sale","15":"shipping-taxable","16":"purchasable","17":"product-type-simple"},"_links":{"self":[{"href":"https:\/\/roveyayinevi.com.tr\/index.php\/wp-json\/wp\/v2\/product\/739119","targetHints":{"allow":["GET"]}}],"collection":[{"href":"https:\/\/roveyayinevi.com.tr\/index.php\/wp-json\/wp\/v2\/product"}],"about":[{"href":"https:\/\/roveyayinevi.com.tr\/index.php\/wp-json\/wp\/v2\/types\/product"}],"wp:attachment":[{"href":"https:\/\/roveyayinevi.com.tr\/index.php\/wp-json\/wp\/v2\/media?parent=739119"}],"wp:term":[{"taxonomy":"product_brand","embeddable":true,"href":"https:\/\/roveyayinevi.com.tr\/index.php\/wp-json\/wp\/v2\/product_brand?post=739119"},{"taxonomy":"product_cat","embeddable":true,"href":"https:\/\/roveyayinevi.com.tr\/index.php\/wp-json\/wp\/v2\/product_cat?post=739119"},{"taxonomy":"product_tag","embeddable":true,"href":"https:\/\/roveyayinevi.com.tr\/index.php\/wp-json\/wp\/v2\/product_tag?post=739119"}],"curies":[{"name":"wp","href":"https:\/\/api.w.org\/{rel}","templated":true}]}}