{"id":739102,"date":"2025-08-28T00:04:14","date_gmt":"2025-08-27T21:04:14","guid":{"rendered":"https:\/\/roveyayinevi.com.tr\/index.php\/urun\/dokunulmaz\/"},"modified":"2026-04-11T14:08:35","modified_gmt":"2026-04-11T11:08:35","slug":"dokunulmaz","status":"publish","type":"product","link":"https:\/\/roveyayinevi.com.tr\/index.php\/urun\/dokunulmaz\/","title":{"rendered":"Dokunulmaz"},"content":{"rendered":"<p>S\u0131rt\u00fcst\u00fc uzan\u0131yorum y\u0131ld\u0131zlardan \u00f6r\u00fcl\u00fc \u00f6rt\u00fcm alt\u0131na! Derime kaz\u0131tt\u0131\u011f\u0131m ya\u015f\u0131m kadar \u201cyetmi\u015f\u201d suretin hepsi benimle gelmek istiyor. Ba\u011f\u0131r\u0131yorlar duyuyorum. Susturmak istiyorlar susmuyorum. Y\u0131llar ge\u00e7tik\u00e7e ufal\u0131p k\u00fc\u00e7\u00fcl\u00fcyor, buru\u015fuyorum. Aynalara tahamm\u00fcl edebilirken uzun ya da k\u0131sa, g\u00fczel ya da \u00e7irkin de\u011fildim. M\u00fcrekkep karas\u0131 kurban portreleriyle dolu y\u00fcz\u00fcmde se\u00e7ilecek bir hat yok art\u0131k. \u0130\u015fte yine duydum! Grace \u00e7a\u011f\u0131r\u0131yor!   Hata, insan\u0131n evrenle temas\u0131yla ba\u015flar ve insanla insan\u0131n ili\u015fkisinde devam edip gider. Ger\u00e7ekle d\u00fc\u015f aras\u0131nda m\u0131r\u0131ldanan hatal\u0131 bir ezginin b\u00fcy\u00fcyerek g\u00fc\u00e7l\u00fc bir besteye d\u00f6n\u00fc\u015ft\u00fc\u011f\u00fcne \u015fahit olan t\u00fcm beyazlar\u0131n ortak hik\u00e2yesi bu! \u00c7ocukluktan \u00f6l\u00fcms\u00fczl\u00fc\u011fe, ger\u00e7eklikten delili\u011fe, inanmaktan aldanmaya do\u011fru h\u0131zla akan bir nehir kendi masal\u0131n\u0131 yeniden yazarken, Dokunulmaz\u2019da insan\u0131n varolu\u015funa dair her kusuru sorgulatarak okurun zihninde beyaz\u0131n i\u00e7inden ge\u00e7en siyah gibi iz b\u0131rak\u0131yor.   Nedret K\u0131l\u0131\u00e7, Kornelyus\u2019un Ezgisi ile ba\u015flatt\u0131\u011f\u0131, \u015eedaraban ile devam ettirdi\u011fi \u00fc\u00e7lemeyi, ak\u0131llardan \u00e7\u0131kmayacak bir sonla, Dokunulmaz\u2019la tamaml\u0131yor\u2026 <\/p>\n","protected":false},"excerpt":{"rendered":"<p>S\u0131rt\u00fcst\u00fc uzan\u0131yorum y\u0131ld\u0131zlardan \u00f6r\u00fcl\u00fc \u00f6rt\u00fcm alt\u0131na! Derime kaz\u0131tt\u0131\u011f\u0131m ya\u015f\u0131m kadar \u201cyetmi\u015f\u201d suretin hepsi benimle gelmek istiyor. Ba\u011f\u0131r\u0131yorlar duyuyorum. Susturmak istiyorlar susmuyorum. Y\u0131llar ge\u00e7tik\u00e7e ufal\u0131p k\u00fc\u00e7\u00fcl\u00fcyor, buru\u015fuyorum.<span class=\"excerpt-hellip\"> [\u2026]<\/span><\/p>\n","protected":false},"featured_media":0,"template":"","meta":{"_monsterinsights_skip_tracking":false,"_monsterinsights_sitenote_active":false,"_monsterinsights_sitenote_note":"","_monsterinsights_sitenote_category":0},"product_brand":[],"product_cat":[12291,12711],"product_tag":[],"class_list":{"0":"post-739102","1":"product","2":"type-product","3":"status-publish","5":"product_cat-edebiyat","6":"product_cat-roman-oyku","7":"pa_cilt-ciltsiz","8":"pa_tur-kitap","9":"pa_yayinevi-nemesis-kitap","10":"pa_yazar-nedret-kilic","12":"first","13":"instock","14":"sale","15":"shipping-taxable","16":"purchasable","17":"product-type-simple"},"_links":{"self":[{"href":"https:\/\/roveyayinevi.com.tr\/index.php\/wp-json\/wp\/v2\/product\/739102","targetHints":{"allow":["GET"]}}],"collection":[{"href":"https:\/\/roveyayinevi.com.tr\/index.php\/wp-json\/wp\/v2\/product"}],"about":[{"href":"https:\/\/roveyayinevi.com.tr\/index.php\/wp-json\/wp\/v2\/types\/product"}],"wp:attachment":[{"href":"https:\/\/roveyayinevi.com.tr\/index.php\/wp-json\/wp\/v2\/media?parent=739102"}],"wp:term":[{"taxonomy":"product_brand","embeddable":true,"href":"https:\/\/roveyayinevi.com.tr\/index.php\/wp-json\/wp\/v2\/product_brand?post=739102"},{"taxonomy":"product_cat","embeddable":true,"href":"https:\/\/roveyayinevi.com.tr\/index.php\/wp-json\/wp\/v2\/product_cat?post=739102"},{"taxonomy":"product_tag","embeddable":true,"href":"https:\/\/roveyayinevi.com.tr\/index.php\/wp-json\/wp\/v2\/product_tag?post=739102"}],"curies":[{"name":"wp","href":"https:\/\/api.w.org\/{rel}","templated":true}]}}