{"id":739090,"date":"2025-08-28T00:04:01","date_gmt":"2025-08-27T21:04:01","guid":{"rendered":"https:\/\/roveyayinevi.com.tr\/index.php\/urun\/ilk-modern-osmanli-ahmed-vasifin-fikri-gelisimi\/"},"modified":"2026-04-16T02:49:27","modified_gmt":"2026-04-15T23:49:27","slug":"ilk-modern-osmanli-ahmed-vasifin-fikri-gelisimi","status":"publish","type":"product","link":"https:\/\/roveyayinevi.com.tr\/index.php\/urun\/ilk-modern-osmanli-ahmed-vasifin-fikri-gelisimi\/","title":{"rendered":"\u0130lk Modern Osmanl\u0131 Ahmed Vas\u0131f\u2019\u0131n Fikri Geli\u015fimi"},"content":{"rendered":"<p>Osmanl\u0131 \u0130mparatorlu\u011fu 18. y\u00fczy\u0131lla birlikte \u00e7alkant\u0131l\u0131 bir de\u011fi\u015fim d\u00f6nemine girdi. Askeri ve idari \u0131slahat yoluyla modernle\u015fmey \u00e7al\u0131\u015f\u0131rken, Avrupa sahnesindeki n\u00fcfuzunu sava\u015flar ve isyanlar y\u00fcz\u00fcnden b\u00fcy\u00fck bir \u00f6l\u00e7\u00fcde yitirdi. Ethan L. Menchinger bu kitapta d\u00f6nemin \u00f6nde gelen ayd\u0131nlar\u0131 ve devlet adamlar\u0131 aras\u0131nda yer alan Ahmed V\u00e2s\u0131f\u2019\u0131 inceleyerek, imparatorluktaki fikir hayat\u0131na, siyaset ve \u0131slahat ortam\u0131na \u0131\u015f\u0131k tutuyor.   V\u00e2s\u0131f\u2019\u0131n hayat\u0131, Osmanl\u0131 literat\u00fcr\u00fcn\u00fcn ahlaki yenilenme, sava\u015f ve bar\u0131\u015f, adalet ve \u00f6zg\u00fcr irade \u00fczerine hararetli tart\u0131\u015fmalar gibi yeni y\u00f6nlerini a\u00e7\u0131\u011fa vurman\u0131n yan\u0131 s\u0131ra, \u0130slam felsefesini, ahlak\u0131 ve devlet idaresini k\u00f6kl\u00fc bi\u00e7imde sarm\u0131\u015f hayati bir tepkiyi g\u00f6stererek, okuru Osmanl\u0131 siyasal \u0131slahat s\u00fcrecini yeniden de\u011ferlendirmeye y\u00f6neltiyor.   \u0130lk Modern Osmanl\u0131, 19. y\u00fczy\u0131l\u0131n d\u00f6n\u00fcm\u00fcnde V\u00e2s\u0131f\u2019\u0131n oynad\u0131\u011f\u0131 rol\u00fcn izini s\u00fcrerek, Osmanl\u0131 \u0130mparatorlu\u011fu, fikir tarihi, Ayd\u0131nlanma \u00e7a\u011f\u0131 ve Napol\u00e9on Avrupas\u0131 hakk\u0131nda daha fazla bilgi edinmek isteyen herkes i\u00e7in modernlik ve m\u00fcnevverlik \u00fczerine tart\u0131\u015fman\u0131n kap\u0131s\u0131n\u0131 aral\u0131yor. <\/p>\n","protected":false},"excerpt":{"rendered":"<p>Osmanl\u0131 \u0130mparatorlu\u011fu 18. y\u00fczy\u0131lla birlikte \u00e7alkant\u0131l\u0131 bir de\u011fi\u015fim d\u00f6nemine girdi. Askeri ve idari \u0131slahat yoluyla modernle\u015fmey \u00e7al\u0131\u015f\u0131rken, Avrupa sahnesindeki n\u00fcfuzunu sava\u015flar ve isyanlar y\u00fcz\u00fcnden b\u00fcy\u00fck bir<span class=\"excerpt-hellip\"> [\u2026]<\/span><\/p>\n","protected":false},"featured_media":0,"template":"","meta":{"_monsterinsights_skip_tracking":false,"_monsterinsights_sitenote_active":false,"_monsterinsights_sitenote_note":"","_monsterinsights_sitenote_category":0},"product_brand":[],"product_cat":[13517,12304],"product_tag":[],"class_list":{"0":"post-739090","1":"product","2":"type-product","3":"status-publish","5":"product_cat-osmanli-tarihi","6":"product_cat-tarih","7":"pa_cilt-ciltsiz","8":"pa_tur-kitap","9":"pa_yayinevi-yapi-kredi-yayinlari","10":"pa_yazar-ethan-l-menchinger","12":"first","13":"instock","14":"sale","15":"shipping-taxable","16":"purchasable","17":"product-type-simple"},"_links":{"self":[{"href":"https:\/\/roveyayinevi.com.tr\/index.php\/wp-json\/wp\/v2\/product\/739090","targetHints":{"allow":["GET"]}}],"collection":[{"href":"https:\/\/roveyayinevi.com.tr\/index.php\/wp-json\/wp\/v2\/product"}],"about":[{"href":"https:\/\/roveyayinevi.com.tr\/index.php\/wp-json\/wp\/v2\/types\/product"}],"wp:attachment":[{"href":"https:\/\/roveyayinevi.com.tr\/index.php\/wp-json\/wp\/v2\/media?parent=739090"}],"wp:term":[{"taxonomy":"product_brand","embeddable":true,"href":"https:\/\/roveyayinevi.com.tr\/index.php\/wp-json\/wp\/v2\/product_brand?post=739090"},{"taxonomy":"product_cat","embeddable":true,"href":"https:\/\/roveyayinevi.com.tr\/index.php\/wp-json\/wp\/v2\/product_cat?post=739090"},{"taxonomy":"product_tag","embeddable":true,"href":"https:\/\/roveyayinevi.com.tr\/index.php\/wp-json\/wp\/v2\/product_tag?post=739090"}],"curies":[{"name":"wp","href":"https:\/\/api.w.org\/{rel}","templated":true}]}}