{"id":739058,"date":"2025-08-28T00:03:21","date_gmt":"2025-08-27T21:03:21","guid":{"rendered":"https:\/\/roveyayinevi.com.tr\/index.php\/urun\/dark-ucuncu-kitap-polisiye\/"},"modified":"2026-04-16T02:49:25","modified_gmt":"2026-04-15T23:49:25","slug":"dark-ucuncu-kitap-polisiye","status":"publish","type":"product","link":"https:\/\/roveyayinevi.com.tr\/index.php\/urun\/dark-ucuncu-kitap-polisiye\/","title":{"rendered":"Dark \u00dc\u00e7\u00fcnc\u00fc Kitap Polisiye"},"content":{"rendered":"<p>Kesik parmakl\u0131 tutsa\u011f\u0131n kurtar\u0131c\u0131s\u0131 gibi g\u00f6r\u00fcnen g\u00fczel hem\u015fireyle olan \u00fcrk\u00fct\u00fcc\u00fc devri\u00e2lemi. Balkondan d\u00fc\u015ferek \u00f6len gen\u00e7 kad\u0131n\u0131n \u015f\u00fcpheli \u00f6l\u00fcm\u00fcn\u00fc empati kurarak \u00e7\u00f6zen savc\u0131n\u0131n ikilemi. Kanserden \u00f6lm\u00fc\u015f k\u0131z karde\u015fin ruh \u00e7a\u011f\u0131rma seans\u0131n\u0131n kurban\u0131yla olan uhrev\u00ee hesapla\u015fmas\u0131. Babas\u0131n\u0131n \u00e7\u00f6z\u00fcms\u00fcz cinayetinin g\u00f6lgeler \u00fclkesine s\u00fcr\u00fckledi\u011fi deri i\u015f\u00e7isi k\u0131z\u0131n ka\u00e7\u0131n\u0131lmaz cinneti. Basketbol ma\u00e7\u0131 esnas\u0131nda s\u0131rra kadem basan teknik direkt\u00f6r\u00fcn sonunu getiren a\u00e7g\u00f6zl\u00fcl\u00fck kumpas\u0131. Basit bir yankesicilik h\u00e2disesinden tarihin derinliklerine g\u00f6m\u00fclm\u00fc\u015f katliama olan zaman yolculu\u011fu. Arkada\u015f\u0131n\u0131n ku\u015fkulu \u00f6l\u00fcm\u00fcn\u00fc ara\u015ft\u0131r\u0131rken karanl\u0131k bir katile ula\u015fan gen\u00e7 polisin intikam\u0131. Haldeki kabz\u0131mal karde\u015flerden birinin so\u011fuk hava deposunda \u00f6ld\u00fcr\u00fclmesinin incelikli esrar\u0131. Fibonacci Dizisi\u2019ni cinayet y\u00f6ntemi bellemi\u015f seri katile meydan okuyan matematik \u00f6\u011fretmeni. S\u0131radan ve saf memurun karanl\u0131k berdu\u015flar\u0131n fuhu\u015f d\u00fcnyas\u0131na ad\u0131m atmas\u0131n\u0131n vahim sonucu. K\u00fcrek kul\u00fcb\u00fcnde i\u015flenen sinsi cinayetin \u00f6rtbas edilmesine m\u00e2ni olan kurt dedektifin parlak zek\u00e2s\u0131. Psikopat caninin davran\u0131\u015fsal yakla\u015f\u0131mla sorgulanmas\u0131na \u00fc\u00e7\u00fcnc\u00fc taraftan s\u0131ra d\u0131\u015f\u0131 m\u00fcdahale. Kom\u015fu k\u00f6\u015fkte arkada\u015f\u0131yla birlikte ya\u015fayan eskilerin me\u015fhur \u015fark\u0131c\u0131s\u0131n\u0131n u\u011frad\u0131\u011f\u0131 kazan\u0131n faili. \u00dczerine bir cinayet y\u00fcklenmi\u015f gen\u00e7 dergi edit\u00f6r\u00fcn\u00fc kurtarmak i\u00e7in \u00e7\u0131rp\u0131nan avukat\u0131n tek se\u00e7ene\u011fi. <\/p>\n","protected":false},"excerpt":{"rendered":"<p>Kesik parmakl\u0131 tutsa\u011f\u0131n kurtar\u0131c\u0131s\u0131 gibi g\u00f6r\u00fcnen g\u00fczel hem\u015fireyle olan \u00fcrk\u00fct\u00fcc\u00fc devri\u00e2lemi. Balkondan d\u00fc\u015ferek \u00f6len gen\u00e7 kad\u0131n\u0131n \u015f\u00fcpheli \u00f6l\u00fcm\u00fcn\u00fc empati kurarak \u00e7\u00f6zen savc\u0131n\u0131n ikilemi. Kanserden \u00f6lm\u00fc\u015f k\u0131z<span class=\"excerpt-hellip\"> [\u2026]<\/span><\/p>\n","protected":false},"featured_media":0,"template":"","meta":{"_monsterinsights_skip_tracking":false,"_monsterinsights_sitenote_active":false,"_monsterinsights_sitenote_note":"","_monsterinsights_sitenote_category":0},"product_brand":[],"product_cat":[12291,15445],"product_tag":[],"class_list":{"0":"post-739058","1":"product","2":"type-product","3":"status-publish","5":"product_cat-edebiyat","6":"product_cat-polisiye","7":"pa_cilt-ciltsiz","8":"pa_tur-kitap","9":"pa_yayinevi-dark-istanbul-yayinlari","10":"pa_yazar-dark-istanbul-yayinlari-kolektif","12":"first","13":"instock","14":"sale","15":"shipping-taxable","16":"purchasable","17":"product-type-simple"},"_links":{"self":[{"href":"https:\/\/roveyayinevi.com.tr\/index.php\/wp-json\/wp\/v2\/product\/739058","targetHints":{"allow":["GET"]}}],"collection":[{"href":"https:\/\/roveyayinevi.com.tr\/index.php\/wp-json\/wp\/v2\/product"}],"about":[{"href":"https:\/\/roveyayinevi.com.tr\/index.php\/wp-json\/wp\/v2\/types\/product"}],"wp:attachment":[{"href":"https:\/\/roveyayinevi.com.tr\/index.php\/wp-json\/wp\/v2\/media?parent=739058"}],"wp:term":[{"taxonomy":"product_brand","embeddable":true,"href":"https:\/\/roveyayinevi.com.tr\/index.php\/wp-json\/wp\/v2\/product_brand?post=739058"},{"taxonomy":"product_cat","embeddable":true,"href":"https:\/\/roveyayinevi.com.tr\/index.php\/wp-json\/wp\/v2\/product_cat?post=739058"},{"taxonomy":"product_tag","embeddable":true,"href":"https:\/\/roveyayinevi.com.tr\/index.php\/wp-json\/wp\/v2\/product_tag?post=739058"}],"curies":[{"name":"wp","href":"https:\/\/api.w.org\/{rel}","templated":true}]}}