{"id":739047,"date":"2025-08-28T00:03:10","date_gmt":"2025-08-27T21:03:10","guid":{"rendered":"https:\/\/roveyayinevi.com.tr\/index.php\/urun\/degerlerin-tiranligi\/"},"modified":"2026-04-16T02:49:25","modified_gmt":"2026-04-15T23:49:25","slug":"degerlerin-tiranligi","status":"publish","type":"product","link":"https:\/\/roveyayinevi.com.tr\/index.php\/urun\/degerlerin-tiranligi\/","title":{"rendered":"De\u011ferlerin Tiranl\u0131\u011f\u0131"},"content":{"rendered":"<p>\u201cErdemler ifa, normlar tatbik, emirler icra edilir, fakat de\u011ferler koyulur ve ge\u00e7erli olur. De\u011ferlerin ge\u00e7erli\u011fini iddia eden kimse onlar\u0131 ge\u00e7erli k\u0131lmak mecburiyetindedir. Hi\u00e7bir insan taraf\u0131ndan ge\u00e7erli k\u0131l\u0131nmaks\u0131z\u0131n de\u011ferlerin ge\u00e7erli oldu\u011funu s\u00f6yleyen kimse aldatmak istiyordur\u201d. Schmitt\u2019in fa\u015fistlerin saf\u0131nda d\u00f6v\u00fc\u015f\u00fcrken heyecan i\u00e7inde ilan etti\u011fi klasik devlet d\u00fc\u015f\u00fcncesinin sonlanmas\u0131na dair arzusu, yani devletin siyasal olan\u0131n tekelini yitirip \u201chareketin F\u00fchrer\u2019inin bir organ\u0131na d\u00f6n\u00fc\u015fmesine\u201d dair \u00f6zlemi, aradan ge\u00e7en b\u00fcy\u00fck bir d\u00fcnya sava\u015f\u0131n\u0131n ard\u0131ndan De\u011ferlerin Tiranl\u0131\u011f\u0131 metninde herkesin kendi putunun m\u00fccahidi olarak kalaca\u011f\u0131 cehennem\u00ee bir gelece\u011fin felaket habercisinin c\u00fcbbesine gizlenir. Bir kamu hukuk\u00e7usu ve daha fazlas\u0131yla siyasi bir teolog olan Schmitt\u2019in kuramsal d\u00fc\u015f\u00fcncesinden hareketle, bug\u00fcn\u00fcn d\u00fcnyas\u0131nda, kurumsal iktidar\u0131 in\u015fa eden siyasi teolojinin yerine \u00e7\u0131plak \u015fiddetin do\u011frudanl\u0131\u011f\u0131n\u0131 bar\u0131nd\u0131ran siyasi mitoloji bi\u00e7imlerinin h\u00e2kim olabilece\u011fini ve dolay\u0131s\u0131yla \u201cde\u011ferlerin tiranl\u0131\u011f\u0131\u201d alt\u0131ndaki yak\u0131n gelecekte ya be\u015fer\u00ee bir \u00e7\u00f6k\u00fc\u015f\u00fcn ya da \u00f6ng\u00f6r\u00fclemeyen yeni bir \u00e7a\u011f\u0131n v\u00fccut bulaca\u011f\u0131n\u0131 kestirmek zor olmayacakt\u0131r.<\/p>\n","protected":false},"excerpt":{"rendered":"<p>\u201cErdemler ifa, normlar tatbik, emirler icra edilir, fakat de\u011ferler koyulur ve ge\u00e7erli olur. De\u011ferlerin ge\u00e7erli\u011fini iddia eden kimse onlar\u0131 ge\u00e7erli k\u0131lmak mecburiyetindedir. Hi\u00e7bir insan taraf\u0131ndan ge\u00e7erli<span class=\"excerpt-hellip\"> [\u2026]<\/span><\/p>\n","protected":false},"featured_media":0,"template":"","meta":{"_monsterinsights_skip_tracking":false,"_monsterinsights_sitenote_active":false,"_monsterinsights_sitenote_note":"","_monsterinsights_sitenote_category":0},"product_brand":[],"product_cat":[15350,17602],"product_tag":[],"class_list":{"0":"post-739047","1":"product","2":"type-product","3":"status-publish","5":"product_cat-hukuk","6":"product_cat-hukuk-uzerine","7":"pa_cilt-ciltsiz","8":"pa_tur-kitap","9":"pa_yayinevi-pinhan-yayincilik","10":"pa_yazar-carl-schmitt","12":"first","13":"instock","14":"sale","15":"shipping-taxable","16":"purchasable","17":"product-type-simple"},"_links":{"self":[{"href":"https:\/\/roveyayinevi.com.tr\/index.php\/wp-json\/wp\/v2\/product\/739047","targetHints":{"allow":["GET"]}}],"collection":[{"href":"https:\/\/roveyayinevi.com.tr\/index.php\/wp-json\/wp\/v2\/product"}],"about":[{"href":"https:\/\/roveyayinevi.com.tr\/index.php\/wp-json\/wp\/v2\/types\/product"}],"wp:attachment":[{"href":"https:\/\/roveyayinevi.com.tr\/index.php\/wp-json\/wp\/v2\/media?parent=739047"}],"wp:term":[{"taxonomy":"product_brand","embeddable":true,"href":"https:\/\/roveyayinevi.com.tr\/index.php\/wp-json\/wp\/v2\/product_brand?post=739047"},{"taxonomy":"product_cat","embeddable":true,"href":"https:\/\/roveyayinevi.com.tr\/index.php\/wp-json\/wp\/v2\/product_cat?post=739047"},{"taxonomy":"product_tag","embeddable":true,"href":"https:\/\/roveyayinevi.com.tr\/index.php\/wp-json\/wp\/v2\/product_tag?post=739047"}],"curies":[{"name":"wp","href":"https:\/\/api.w.org\/{rel}","templated":true}]}}