{"id":739038,"date":"2025-08-28T00:03:00","date_gmt":"2025-08-27T21:03:00","guid":{"rendered":"https:\/\/roveyayinevi.com.tr\/index.php\/urun\/fiziksel-yetersizlik\/"},"modified":"2026-04-16T02:49:24","modified_gmt":"2026-04-15T23:49:24","slug":"fiziksel-yetersizlik","status":"publish","type":"product","link":"https:\/\/roveyayinevi.com.tr\/index.php\/urun\/fiziksel-yetersizlik\/","title":{"rendered":"Fiziksel Yetersizlik"},"content":{"rendered":"<p>Bu seride ama\u00e7, \u00f6zel gereksinimli \u00e7ocu\u011fu olan anne babalara ve birincil bak\u0131c\u0131lara pratik bilgiler sunmakt\u0131r. Bupratik bilgiler ailelerle birlikte \u00f6\u011fretmen ve \u00f6\u011fretmen adaylar\u0131 basta olmak \u00fczere \u00f6zel e\u011fitim payda\u015flar\u0131na dade\u011ferli bilgiler sunmaktad\u0131r.<\/p>\n","protected":false},"excerpt":{"rendered":"<p>Bu seride ama\u00e7, \u00f6zel gereksinimli \u00e7ocu\u011fu olan anne babalara ve birincil bak\u0131c\u0131lara pratik bilgiler sunmakt\u0131r. Bupratik bilgiler ailelerle birlikte \u00f6\u011fretmen ve \u00f6\u011fretmen adaylar\u0131 basta olmak \u00fczere<span class=\"excerpt-hellip\"> [\u2026]<\/span><\/p>\n","protected":false},"featured_media":0,"template":"","meta":{"_monsterinsights_skip_tracking":false,"_monsterinsights_sitenote_active":false,"_monsterinsights_sitenote_note":"","_monsterinsights_sitenote_category":0},"product_brand":[],"product_cat":[12573,12566],"product_tag":[],"class_list":{"0":"post-739038","1":"product","2":"type-product","3":"status-publish","5":"product_cat-akademik-kitaplar","6":"product_cat-egitim","7":"pa_cilt-ciltsiz","8":"pa_tur-kitap","9":"pa_yayinevi-egiten-kitap","10":"pa_yazar-egiten-kitap-kolektif","12":"first","13":"instock","14":"sale","15":"shipping-taxable","16":"purchasable","17":"product-type-simple"},"_links":{"self":[{"href":"https:\/\/roveyayinevi.com.tr\/index.php\/wp-json\/wp\/v2\/product\/739038","targetHints":{"allow":["GET"]}}],"collection":[{"href":"https:\/\/roveyayinevi.com.tr\/index.php\/wp-json\/wp\/v2\/product"}],"about":[{"href":"https:\/\/roveyayinevi.com.tr\/index.php\/wp-json\/wp\/v2\/types\/product"}],"wp:attachment":[{"href":"https:\/\/roveyayinevi.com.tr\/index.php\/wp-json\/wp\/v2\/media?parent=739038"}],"wp:term":[{"taxonomy":"product_brand","embeddable":true,"href":"https:\/\/roveyayinevi.com.tr\/index.php\/wp-json\/wp\/v2\/product_brand?post=739038"},{"taxonomy":"product_cat","embeddable":true,"href":"https:\/\/roveyayinevi.com.tr\/index.php\/wp-json\/wp\/v2\/product_cat?post=739038"},{"taxonomy":"product_tag","embeddable":true,"href":"https:\/\/roveyayinevi.com.tr\/index.php\/wp-json\/wp\/v2\/product_tag?post=739038"}],"curies":[{"name":"wp","href":"https:\/\/api.w.org\/{rel}","templated":true}]}}