{"id":739004,"date":"2025-08-28T00:01:37","date_gmt":"2025-08-27T21:01:37","guid":{"rendered":"https:\/\/roveyayinevi.com.tr\/index.php\/urun\/gercekten-nasilsin\/"},"modified":"2026-04-05T02:55:19","modified_gmt":"2026-04-04T23:55:19","slug":"gercekten-nasilsin","status":"publish","type":"product","link":"https:\/\/roveyayinevi.com.tr\/index.php\/urun\/gercekten-nasilsin\/","title":{"rendered":"Ger\u00e7ekten Nas\u0131ls\u0131n?"},"content":{"rendered":"<p>\u201cGer\u00e7ek ileti\u015fim, bir can\u0131n ba\u015fka bir cana ula\u015fmas\u0131d\u0131r.\u201d \u2013 Do\u011fan C\u00fccelo\u011flu   Yol senin, yolcu sensin; \u00e7e\u015fme ba\u015f\u0131nda kendisiyle kar\u015f\u0131la\u015fmas\u0131, uzun uzun dertle\u015fmesi gereken ki\u015fi sensin. \u0130\u00e7sel ileti\u015fimin yokken kimseye iyi gelemezsin. G\u00f6nl\u00fcnle ba\u011f kurmam\u0131\u015fken kimsenin g\u00f6nl\u00fcne ba\u011f ekemezsin. Bah\u00e7eni g\u00fczelle\u015ftirmeden bah\u00e7\u0131vanl\u0131\u011f\u0131ndan s\u00f6z edemezsin. Hayat bu, e\u015flik etmeden s\u0131rr\u0131na eremezsin. \u0130nsan insana iyi gelir. Bu insan\u0131n s\u00fcper g\u00fc\u00e7lerinden biridir. Ama kendine gelmeden bir ba\u015fkas\u0131na iyi gelemezsin. \u201cYa evde yoksan?\u201d demeden \u00f6nce \u201cYa evde yoksam!\u201d demek gerekir. Sonu\u00e7ta hakikatine ermedi\u011fin yolu kimseye tarif edemezsin. G\u00f6nl\u00fcn ve zihnin ba\u011f\u0131\u015flay\u0131c\u0131l\u0131\u011f\u0131 ve dilin ta\u015f\u0131y\u0131c\u0131l\u0131\u011f\u0131nda h\u00fck\u00fcm bellidir: \u201cKendinden ge\u00e7meyen sorular da biraz eksiktir.\u201d \u201cGer\u00e7ekten nas\u0131ls\u0131n?\u201d kendine gelmenin arifesinde, ki\u015fisel ve kitlesel bir ke\u015fif yolculu\u011funa a\u00e7\u0131k bir davettir. Hayat, insan\u0131n kendisine refakatidir. Ve insan \u00f6nce kendine iyi gelmelidir. <\/p>\n","protected":false},"excerpt":{"rendered":"<p>\u201cGer\u00e7ek ileti\u015fim, bir can\u0131n ba\u015fka bir cana ula\u015fmas\u0131d\u0131r.\u201d \u2013 Do\u011fan C\u00fccelo\u011flu Yol senin, yolcu sensin; \u00e7e\u015fme ba\u015f\u0131nda kendisiyle kar\u015f\u0131la\u015fmas\u0131, uzun uzun dertle\u015fmesi gereken ki\u015fi sensin. \u0130\u00e7sel<span class=\"excerpt-hellip\"> [\u2026]<\/span><\/p>\n","protected":false},"featured_media":0,"template":"","meta":{"_monsterinsights_skip_tracking":false,"_monsterinsights_sitenote_active":false,"_monsterinsights_sitenote_note":"","_monsterinsights_sitenote_category":0},"product_brand":[],"product_cat":[12364,12376],"product_tag":[],"class_list":{"0":"post-739004","1":"product","2":"type-product","3":"status-publish","5":"product_cat-genel-konular","6":"product_cat-kisisel-gelisim","7":"pa_cilt-ciltsiz","8":"pa_tur-kitap","9":"pa_yayinevi-destek-yayinlari","10":"pa_yazar-dursunali-emecen","12":"first","13":"instock","14":"sale","15":"shipping-taxable","16":"purchasable","17":"product-type-simple"},"_links":{"self":[{"href":"https:\/\/roveyayinevi.com.tr\/index.php\/wp-json\/wp\/v2\/product\/739004","targetHints":{"allow":["GET"]}}],"collection":[{"href":"https:\/\/roveyayinevi.com.tr\/index.php\/wp-json\/wp\/v2\/product"}],"about":[{"href":"https:\/\/roveyayinevi.com.tr\/index.php\/wp-json\/wp\/v2\/types\/product"}],"wp:attachment":[{"href":"https:\/\/roveyayinevi.com.tr\/index.php\/wp-json\/wp\/v2\/media?parent=739004"}],"wp:term":[{"taxonomy":"product_brand","embeddable":true,"href":"https:\/\/roveyayinevi.com.tr\/index.php\/wp-json\/wp\/v2\/product_brand?post=739004"},{"taxonomy":"product_cat","embeddable":true,"href":"https:\/\/roveyayinevi.com.tr\/index.php\/wp-json\/wp\/v2\/product_cat?post=739004"},{"taxonomy":"product_tag","embeddable":true,"href":"https:\/\/roveyayinevi.com.tr\/index.php\/wp-json\/wp\/v2\/product_tag?post=739004"}],"curies":[{"name":"wp","href":"https:\/\/api.w.org\/{rel}","templated":true}]}}