{"id":739003,"date":"2025-08-28T00:01:36","date_gmt":"2025-08-27T21:01:36","guid":{"rendered":"https:\/\/roveyayinevi.com.tr\/index.php\/urun\/mekan-kimlik-ve-politika\/"},"modified":"2026-01-29T03:19:57","modified_gmt":"2026-01-29T00:19:57","slug":"mekan-kimlik-ve-politika","status":"publish","type":"product","link":"https:\/\/roveyayinevi.com.tr\/index.php\/urun\/mekan-kimlik-ve-politika\/","title":{"rendered":"Mekan, Kimlik Ve Politika"},"content":{"rendered":"<p>Kitapta yer alan yaz\u0131lar\u0131n b\u00fcy\u00fck b\u00f6l\u00fcm\u00fc, saha \u00e7al\u0131\u015fmalar\u0131na ve farkl\u0131 d\u00fczeylerde verilmi\u015f Kent Sosyolojisi derslerinden kaynaklanan birikime dayanmaktad\u0131r. \u201cMek\u00e2n, Kimlik ve Politika\u201d, \u201ckentsel siyaset-yerel y\u00f6netim\u201d, \u201ckentsel etnisite-demografi\u201d, \u201ckentsel bellek-toplumsal tarih\u201d, \u201ckonut-gecekondu\u201d, \u201ck\u00fcreselle\u015fme-kentsel d\u00f6n\u00fc\u015f\u00fcm\u201d temalar\u0131 \u00e7er\u00e7evesinde yap\u0131lan kent tart\u0131\u015fmalar\u0131nda, anlama kapasitesini y\u00fckselten yeni kap\u0131lar\u0131n aralanmas\u0131 hedeflenmi\u015ftir. <\/p>\n","protected":false},"excerpt":{"rendered":"<p>Kitapta yer alan yaz\u0131lar\u0131n b\u00fcy\u00fck b\u00f6l\u00fcm\u00fc, saha \u00e7al\u0131\u015fmalar\u0131na ve farkl\u0131 d\u00fczeylerde verilmi\u015f Kent Sosyolojisi derslerinden kaynaklanan birikime dayanmaktad\u0131r. \u201cMek\u00e2n, Kimlik ve Politika\u201d, \u201ckentsel siyaset-yerel y\u00f6netim\u201d, \u201ckentsel<span class=\"excerpt-hellip\"> [\u2026]<\/span><\/p>\n","protected":false},"featured_media":0,"template":"","meta":{"_monsterinsights_skip_tracking":false,"_monsterinsights_sitenote_active":false,"_monsterinsights_sitenote_note":"","_monsterinsights_sitenote_category":0},"product_brand":[],"product_cat":[13590,12337],"product_tag":[],"class_list":{"0":"post-739003","1":"product","2":"type-product","3":"status-publish","5":"product_cat-arastirma-inceleme-politika-siyaset","6":"product_cat-politika-siyaset","7":"pa_cilt-ciltsiz","8":"pa_tur-kitap","9":"pa_yayinevi-utopya-yayinevi","10":"pa_yazar-sukru-aslan","12":"first","13":"instock","14":"sale","15":"shipping-taxable","16":"purchasable","17":"product-type-simple"},"_links":{"self":[{"href":"https:\/\/roveyayinevi.com.tr\/index.php\/wp-json\/wp\/v2\/product\/739003","targetHints":{"allow":["GET"]}}],"collection":[{"href":"https:\/\/roveyayinevi.com.tr\/index.php\/wp-json\/wp\/v2\/product"}],"about":[{"href":"https:\/\/roveyayinevi.com.tr\/index.php\/wp-json\/wp\/v2\/types\/product"}],"wp:attachment":[{"href":"https:\/\/roveyayinevi.com.tr\/index.php\/wp-json\/wp\/v2\/media?parent=739003"}],"wp:term":[{"taxonomy":"product_brand","embeddable":true,"href":"https:\/\/roveyayinevi.com.tr\/index.php\/wp-json\/wp\/v2\/product_brand?post=739003"},{"taxonomy":"product_cat","embeddable":true,"href":"https:\/\/roveyayinevi.com.tr\/index.php\/wp-json\/wp\/v2\/product_cat?post=739003"},{"taxonomy":"product_tag","embeddable":true,"href":"https:\/\/roveyayinevi.com.tr\/index.php\/wp-json\/wp\/v2\/product_tag?post=739003"}],"curies":[{"name":"wp","href":"https:\/\/api.w.org\/{rel}","templated":true}]}}