{"id":738996,"date":"2025-08-28T00:01:29","date_gmt":"2025-08-27T21:01:29","guid":{"rendered":"https:\/\/roveyayinevi.com.tr\/index.php\/urun\/gunese-cikan-yazilar\/"},"modified":"2026-04-16T02:49:21","modified_gmt":"2026-04-15T23:49:21","slug":"gunese-cikan-yazilar","status":"publish","type":"product","link":"https:\/\/roveyayinevi.com.tr\/index.php\/urun\/gunese-cikan-yazilar\/","title":{"rendered":"G\u00fcne\u015fe \u00c7\u0131kan Yaz\u0131lar"},"content":{"rendered":"<p>Sonra yine annem geldi akl\u0131ma; sessiz y\u00fcr\u00fcy\u00fc\u015flerimiz, esen her r\u00fczgarda \u2018\u2019\u00dc\u015f\u00fcme\u2019\u2019 deyi\u015fleri, bir yerde oturarak hayat\u0131 bekleyi\u015fimiz! Hayat ak\u0131p giden bir \u0131rmak, bazen k\u0131y\u0131s\u0131nda sevdiklerimizleyiz, bazen de yaln\u0131z!<\/p>\n","protected":false},"excerpt":{"rendered":"<p>Sonra yine annem geldi akl\u0131ma; sessiz y\u00fcr\u00fcy\u00fc\u015flerimiz, esen her r\u00fczgarda \u2018\u2019\u00dc\u015f\u00fcme\u2019\u2019 deyi\u015fleri, bir yerde oturarak hayat\u0131 bekleyi\u015fimiz! Hayat ak\u0131p giden bir \u0131rmak, bazen k\u0131y\u0131s\u0131nda sevdiklerimizleyiz, bazen<span class=\"excerpt-hellip\"> [\u2026]<\/span><\/p>\n","protected":false},"featured_media":0,"template":"","meta":{"_monsterinsights_skip_tracking":false,"_monsterinsights_sitenote_active":false,"_monsterinsights_sitenote_note":"","_monsterinsights_sitenote_category":0},"product_brand":[],"product_cat":[12291,12711],"product_tag":[],"class_list":{"0":"post-738996","1":"product","2":"type-product","3":"status-publish","5":"product_cat-edebiyat","6":"product_cat-roman-oyku","7":"pa_cilt-ciltsiz","8":"pa_tur-kitap","9":"pa_yayinevi-kuytu-yayinlari","10":"pa_yazar-nilgun-ok","12":"first","13":"instock","14":"sale","15":"shipping-taxable","16":"purchasable","17":"product-type-simple"},"_links":{"self":[{"href":"https:\/\/roveyayinevi.com.tr\/index.php\/wp-json\/wp\/v2\/product\/738996","targetHints":{"allow":["GET"]}}],"collection":[{"href":"https:\/\/roveyayinevi.com.tr\/index.php\/wp-json\/wp\/v2\/product"}],"about":[{"href":"https:\/\/roveyayinevi.com.tr\/index.php\/wp-json\/wp\/v2\/types\/product"}],"wp:attachment":[{"href":"https:\/\/roveyayinevi.com.tr\/index.php\/wp-json\/wp\/v2\/media?parent=738996"}],"wp:term":[{"taxonomy":"product_brand","embeddable":true,"href":"https:\/\/roveyayinevi.com.tr\/index.php\/wp-json\/wp\/v2\/product_brand?post=738996"},{"taxonomy":"product_cat","embeddable":true,"href":"https:\/\/roveyayinevi.com.tr\/index.php\/wp-json\/wp\/v2\/product_cat?post=738996"},{"taxonomy":"product_tag","embeddable":true,"href":"https:\/\/roveyayinevi.com.tr\/index.php\/wp-json\/wp\/v2\/product_tag?post=738996"}],"curies":[{"name":"wp","href":"https:\/\/api.w.org\/{rel}","templated":true}]}}