{"id":738987,"date":"2025-08-28T00:01:16","date_gmt":"2025-08-27T21:01:16","guid":{"rendered":"https:\/\/roveyayinevi.com.tr\/index.php\/urun\/bilimde-politikada-ve-sanatta-kurd-kadinlari\/"},"modified":"2026-04-16T02:49:21","modified_gmt":"2026-04-15T23:49:21","slug":"bilimde-politikada-ve-sanatta-kurd-kadinlari","status":"publish","type":"product","link":"https:\/\/roveyayinevi.com.tr\/index.php\/urun\/bilimde-politikada-ve-sanatta-kurd-kadinlari\/","title":{"rendered":"Bilimde Politikada ve Sanatta K\u00fcrd Kad\u0131nlar\u0131"},"content":{"rendered":"<p>Bilimde Politikada ve Sanatta K\u00fcrd Kad\u0131nlar\u0131Delal Yay\u0131nlar\u0131<\/p>\n","protected":false},"excerpt":{"rendered":"<p>Bilimde Politikada ve Sanatta K\u00fcrd Kad\u0131nlar\u0131Delal Yay\u0131nlar\u0131<\/p>\n","protected":false},"featured_media":0,"template":"","meta":{"_monsterinsights_skip_tracking":false,"_monsterinsights_sitenote_active":false,"_monsterinsights_sitenote_note":"","_monsterinsights_sitenote_category":0},"product_brand":[],"product_cat":[13072,12291],"product_tag":[],"class_list":{"0":"post-738987","1":"product","2":"type-product","3":"status-publish","5":"product_cat-arastirma-inceleme-referans","6":"product_cat-edebiyat","7":"pa_cilt-ciltsiz","8":"pa_tur-kitap","9":"pa_yayinevi-delal-yayinlari","10":"pa_yazar-ezeli-doganay","12":"first","13":"instock","14":"sale","15":"shipping-taxable","16":"purchasable","17":"product-type-simple"},"_links":{"self":[{"href":"https:\/\/roveyayinevi.com.tr\/index.php\/wp-json\/wp\/v2\/product\/738987","targetHints":{"allow":["GET"]}}],"collection":[{"href":"https:\/\/roveyayinevi.com.tr\/index.php\/wp-json\/wp\/v2\/product"}],"about":[{"href":"https:\/\/roveyayinevi.com.tr\/index.php\/wp-json\/wp\/v2\/types\/product"}],"wp:attachment":[{"href":"https:\/\/roveyayinevi.com.tr\/index.php\/wp-json\/wp\/v2\/media?parent=738987"}],"wp:term":[{"taxonomy":"product_brand","embeddable":true,"href":"https:\/\/roveyayinevi.com.tr\/index.php\/wp-json\/wp\/v2\/product_brand?post=738987"},{"taxonomy":"product_cat","embeddable":true,"href":"https:\/\/roveyayinevi.com.tr\/index.php\/wp-json\/wp\/v2\/product_cat?post=738987"},{"taxonomy":"product_tag","embeddable":true,"href":"https:\/\/roveyayinevi.com.tr\/index.php\/wp-json\/wp\/v2\/product_tag?post=738987"}],"curies":[{"name":"wp","href":"https:\/\/api.w.org\/{rel}","templated":true}]}}