{"id":738981,"date":"2025-08-28T00:01:07","date_gmt":"2025-08-27T21:01:07","guid":{"rendered":"https:\/\/roveyayinevi.com.tr\/index.php\/urun\/gomulu-samdan-3\/"},"modified":"2026-04-16T02:49:20","modified_gmt":"2026-04-15T23:49:20","slug":"gomulu-samdan-3","status":"publish","type":"product","link":"https:\/\/roveyayinevi.com.tr\/index.php\/urun\/gomulu-samdan-3\/","title":{"rendered":"G\u00f6m\u00fcl\u00fc \u015eamdan"},"content":{"rendered":"<p>G\u00f6r\u00fcnmez olana ba\u011flanan\u0131n i\u015fi, elle tutulur olana d\u00fc\u015fk\u00fcn olan\u0131nkinden daha zordur; \u00e7\u00fcnk\u00fc di\u011feri ge\u00e7ici, bizimki ise kal\u0131c\u0131d\u0131r.   \u0130nsan eliyle yap\u0131lan her \u015fey nas\u0131l zaman\u0131n ve insano\u011flunun tahrip edici anlay\u0131\u015f\u0131yla yok olup gidiyorsa, kuyumcunun asl\u0131n\u0131 taklit ederek haz\u0131rlad\u0131\u011f\u0131 bu emanet de b\u00f6ylece yok olup gitti ve izi de sonsuza kadar silindi. Ama saklanan s\u0131r sayesinde ayakta kalan ezeli \u015famdan, h\u00e2l\u00e2 fark\u0131na var\u0131lmadan ve sapasa\u011flam olarak vatan\u0131ndaki mezar\u0131nda bekleyip n\u00f6bet tutuyordu.   * * * * *   G\u00f6m\u00fcl\u00fc \u015eamdan; Yahudilerin kutsal emaneti yedi kollu \u015famdan\u0131n, Roma&#8217;y\u0131 ya\u011fmalayan Vandallar\u0131n eline ge\u00e7mesi ile ba\u015flayan ve seksen y\u0131ll\u0131k bir hasretten sonra Bizans\u2019ta ortaya \u00e7\u0131k\u0131\u015f\u0131n\u0131n ve son \u015fahit Benjamin\u2019in ellerinde Kud\u00fcs\u2019e g\u00f6m\u00fclmesinin hik\u00e2yesidir. <\/p>\n","protected":false},"excerpt":{"rendered":"<p>G\u00f6r\u00fcnmez olana ba\u011flanan\u0131n i\u015fi, elle tutulur olana d\u00fc\u015fk\u00fcn olan\u0131nkinden daha zordur; \u00e7\u00fcnk\u00fc di\u011feri ge\u00e7ici, bizimki ise kal\u0131c\u0131d\u0131r. \u0130nsan eliyle yap\u0131lan her \u015fey nas\u0131l zaman\u0131n ve insano\u011flunun<span class=\"excerpt-hellip\"> [\u2026]<\/span><\/p>\n","protected":false},"featured_media":0,"template":"","meta":{"_monsterinsights_skip_tracking":false,"_monsterinsights_sitenote_active":false,"_monsterinsights_sitenote_note":"","_monsterinsights_sitenote_category":0},"product_brand":[],"product_cat":[12291,12711],"product_tag":[],"class_list":{"0":"post-738981","1":"product","2":"type-product","3":"status-publish","5":"product_cat-edebiyat","6":"product_cat-roman-oyku","7":"pa_cilt-ciltsiz","8":"pa_tur-kitap","9":"pa_yayinevi-cinaralti-yayinlari","10":"pa_yazar-stefan-zweig","12":"first","13":"instock","14":"sale","15":"shipping-taxable","16":"purchasable","17":"product-type-simple"},"_links":{"self":[{"href":"https:\/\/roveyayinevi.com.tr\/index.php\/wp-json\/wp\/v2\/product\/738981","targetHints":{"allow":["GET"]}}],"collection":[{"href":"https:\/\/roveyayinevi.com.tr\/index.php\/wp-json\/wp\/v2\/product"}],"about":[{"href":"https:\/\/roveyayinevi.com.tr\/index.php\/wp-json\/wp\/v2\/types\/product"}],"wp:attachment":[{"href":"https:\/\/roveyayinevi.com.tr\/index.php\/wp-json\/wp\/v2\/media?parent=738981"}],"wp:term":[{"taxonomy":"product_brand","embeddable":true,"href":"https:\/\/roveyayinevi.com.tr\/index.php\/wp-json\/wp\/v2\/product_brand?post=738981"},{"taxonomy":"product_cat","embeddable":true,"href":"https:\/\/roveyayinevi.com.tr\/index.php\/wp-json\/wp\/v2\/product_cat?post=738981"},{"taxonomy":"product_tag","embeddable":true,"href":"https:\/\/roveyayinevi.com.tr\/index.php\/wp-json\/wp\/v2\/product_tag?post=738981"}],"curies":[{"name":"wp","href":"https:\/\/api.w.org\/{rel}","templated":true}]}}