{"id":738973,"date":"2025-08-28T00:00:56","date_gmt":"2025-08-27T21:00:56","guid":{"rendered":"https:\/\/roveyayinevi.com.tr\/index.php\/urun\/baskalarinin-tanrisi\/"},"modified":"2026-04-16T02:49:20","modified_gmt":"2026-04-15T23:49:20","slug":"baskalarinin-tanrisi","status":"publish","type":"product","link":"https:\/\/roveyayinevi.com.tr\/index.php\/urun\/baskalarinin-tanrisi\/","title":{"rendered":"Ba\u015fkalar\u0131n\u0131n Tanr\u0131s\u0131"},"content":{"rendered":"<p>\u201cNe do\u011fumumuz ne \u00f6l\u00fcm\u00fcm\u00fcz ne de do\u011fumla \u00f6l\u00fcm aras\u0131nda can \u00e7eki\u015ferek s\u00fcrd\u00fcrd\u00fc\u011f\u00fcm\u00fcz hayatlar bize ait.  Ba\u015fkalar\u0131n\u0131n isteklerinden do\u011fuyor, ba\u015fkalar\u0131n\u0131n istedi\u011fi gibi ya\u015f\u0131yor ve ba\u015fkalar\u0131 y\u00fcz\u00fcnden \u00f6l\u00fcyoruz. Bizim sand\u0131\u011f\u0131m\u0131z hayat bizim de\u011fil, bizim sand\u0131\u011f\u0131m\u0131z beden bizim de\u011fil\u2026\u201d Karanl\u0131k ge\u00e7mi\u015fi tuhaf olaylarla dolu, bacaklar\u0131 dizlerinden kesik ya\u015fl\u0131 Efsun Abla&#8230; Kim oldu\u011funu hat\u0131rlamayan, haf\u0131zas\u0131n\u0131 yitirmi\u015f Adnan Abi&#8230; Sokaklarda orospuluk yaparak para kazanan toksikoman H\u00fclya&#8230; Bir sabah uyan\u0131p d\u00fczenini, evini, ailesini, i\u015fini terk ederek sokaklardaki tekinsiz hayata kar\u0131\u015fan, kafas\u0131 kar\u0131\u015f\u0131k \u015fair Musa&#8230; Ve \u00e7\u00f6pte bulunmu\u015f bir bebek, Matru\u015fka&#8230; Her biri kendi zorlu sorular\u0131yla ba\u015f etmeye \u00e7al\u0131\u015fan ve kucaklar\u0131ndaki kimsesiz bebekle \u015fehrin sokaklar\u0131nda kendilerine bar\u0131nacak bir delik arayan bu d\u00f6rt insan, bilinmeze do\u011fru s\u00fcr\u00fcklenen hayatlar\u0131yla en sert ger\u00e7eklere i\u015faret eden u\u00e7urumlar\u0131n k\u0131y\u0131s\u0131nda dolan\u0131yor. Onlar her \u015feye kar\u015f\u0131n ayakta kalmakta inat edip \u015fehri kuranlar\u0131n ve y\u0131kanlar\u0131n kimli\u011fini sorgularken, okuru da kendi kimli\u011fiyle y\u00fczle\u015ftiren sorular denizine a\u00e7\u0131lmaya davet ediyor. Ba\u015fkalar\u0131n\u0131n Tanr\u0131s\u0131\u2019yla Mine S\u00f6\u011f\u00fct biri bebek be\u015f sokak insan\u0131n\u0131n yar\u0131 hayal yar\u0131 ger\u00e7ek\u00e7i hik\u00e2yesiyle, yan\u0131ndan ge\u00e7ip gitti\u011fimiz ve g\u00f6rmezden geldi\u011fimiz insanlar\u0131n tanr\u0131s\u0131na, dolay\u0131s\u0131yla da s\u00f6z\u00fcmona medeniyetimizin temellerine dair ac\u0131mas\u0131z bir sorgulamaya giri\u015fiyor. <\/p>\n","protected":false},"excerpt":{"rendered":"<p>\u201cNe do\u011fumumuz ne \u00f6l\u00fcm\u00fcm\u00fcz ne de do\u011fumla \u00f6l\u00fcm aras\u0131nda can \u00e7eki\u015ferek s\u00fcrd\u00fcrd\u00fc\u011f\u00fcm\u00fcz hayatlar bize ait. Ba\u015fkalar\u0131n\u0131n isteklerinden do\u011fuyor, ba\u015fkalar\u0131n\u0131n istedi\u011fi gibi ya\u015f\u0131yor ve ba\u015fkalar\u0131 y\u00fcz\u00fcnden \u00f6l\u00fcyoruz.<span class=\"excerpt-hellip\"> [\u2026]<\/span><\/p>\n","protected":false},"featured_media":0,"template":"","meta":{"_monsterinsights_skip_tracking":false,"_monsterinsights_sitenote_active":false,"_monsterinsights_sitenote_note":"","_monsterinsights_sitenote_category":0},"product_brand":[],"product_cat":[12291,12711],"product_tag":[],"class_list":{"0":"post-738973","1":"product","2":"type-product","3":"status-publish","5":"product_cat-edebiyat","6":"product_cat-roman-oyku","7":"pa_cilt-ciltsiz","8":"pa_tur-kitap","9":"pa_yayinevi-can-yayinlari","10":"pa_yazar-mine-sogut","12":"first","13":"instock","14":"sale","15":"shipping-taxable","16":"purchasable","17":"product-type-simple"},"_links":{"self":[{"href":"https:\/\/roveyayinevi.com.tr\/index.php\/wp-json\/wp\/v2\/product\/738973","targetHints":{"allow":["GET"]}}],"collection":[{"href":"https:\/\/roveyayinevi.com.tr\/index.php\/wp-json\/wp\/v2\/product"}],"about":[{"href":"https:\/\/roveyayinevi.com.tr\/index.php\/wp-json\/wp\/v2\/types\/product"}],"wp:attachment":[{"href":"https:\/\/roveyayinevi.com.tr\/index.php\/wp-json\/wp\/v2\/media?parent=738973"}],"wp:term":[{"taxonomy":"product_brand","embeddable":true,"href":"https:\/\/roveyayinevi.com.tr\/index.php\/wp-json\/wp\/v2\/product_brand?post=738973"},{"taxonomy":"product_cat","embeddable":true,"href":"https:\/\/roveyayinevi.com.tr\/index.php\/wp-json\/wp\/v2\/product_cat?post=738973"},{"taxonomy":"product_tag","embeddable":true,"href":"https:\/\/roveyayinevi.com.tr\/index.php\/wp-json\/wp\/v2\/product_tag?post=738973"}],"curies":[{"name":"wp","href":"https:\/\/api.w.org\/{rel}","templated":true}]}}