{"id":738965,"date":"2025-08-28T00:00:48","date_gmt":"2025-08-27T21:00:48","guid":{"rendered":"https:\/\/roveyayinevi.com.tr\/index.php\/urun\/psiko-lojik-ruh-sagligi-neden-kotulesir-ve-buna-nasil-anlam-verilir\/"},"modified":"2026-04-16T02:49:19","modified_gmt":"2026-04-15T23:49:19","slug":"psiko-lojik-ruh-sagligi-neden-kotulesir-ve-buna-nasil-anlam-verilir","status":"publish","type":"product","link":"https:\/\/roveyayinevi.com.tr\/index.php\/urun\/psiko-lojik-ruh-sagligi-neden-kotulesir-ve-buna-nasil-anlam-verilir\/","title":{"rendered":"Psiko-Lojik- Ruh Sa\u011fl\u0131\u011f\u0131 Neden K\u00f6t\u00fcle\u015fir ve Buna Nas\u0131l Anlam Verilir"},"content":{"rendered":"<p>Her d\u00f6rt ki\u015fiden biri bir ruh sa\u011fl\u0131\u011f\u0131 sorunu ya\u015f\u0131yor ve sadece anksiyete bozuklu\u011fu ile depresyon her y\u0131l 500 milyondan fazla insan\u0131 etkiliyor.Bu durum neden bu kadar yayg\u0131n? Ruh sa\u011fl\u0131\u011f\u0131m\u0131z neden modern ya\u015fam\u0131n stresi ve g\u00fcndelik olaylar\u0131 kar\u015f\u0131s\u0131nda bu kadar savunmas\u0131z? Ni\u00e7in bu konularda h\u00e2l\u00e2 bu kadar fazla kafa kar\u0131\u015f\u0131kl\u0131\u011f\u0131 var?N\u00f6robilim uzman\u0131 ve yazar Dean Burnett, Psiko-Lojik\u2019te bu sorular\u0131 ve daha fazlas\u0131n\u0131 yan\u0131tlayarak anksiyete bozuklu\u011fu, depresyon ve ba\u011f\u0131ml\u0131l\u0131k gibi ruh sa\u011fl\u0131\u011f\u0131 sorunlar\u0131 ya\u015fad\u0131\u011f\u0131m\u0131zda beynimizde ger\u00e7ekte neler oldu\u011funu a\u00e7\u0131kl\u0131yor.Ayd\u0131nlat\u0131c\u0131 bilimsel ara\u015ft\u0131rmalar\u0131, her g\u00fcn ruh sa\u011fl\u0131\u011f\u0131 sorunlar\u0131yla u\u011fra\u015fan insanlar\u0131n g\u00f6r\u00fc\u015fleriyle birle\u015ftiren Psiko-Lojik, bu sorunlar\u0131n nas\u0131l ve neden olu\u015ftu\u011funu ve nas\u0131l anla\u015f\u0131labilece\u011fini d\u00fcr\u00fcst ve e\u011flenceli bir bi\u00e7imde anlat\u0131yor.\u201cDean Burnett\u2019\u0131n \u00e7al\u0131\u015fmalar\u0131na ger\u00e7ekten hayran\u0131m. \u0130lgi uyand\u0131r\u0131c\u0131, zekice ve mant\u0131kl\u0131.\u201d\u2014Jon Ronson, Psikopat Testi\u2019nin yazar\u0131<\/p>\n","protected":false},"excerpt":{"rendered":"<p>Her d\u00f6rt ki\u015fiden biri bir ruh sa\u011fl\u0131\u011f\u0131 sorunu ya\u015f\u0131yor ve sadece anksiyete bozuklu\u011fu ile depresyon her y\u0131l 500 milyondan fazla insan\u0131 etkiliyor.Bu durum neden bu kadar<span class=\"excerpt-hellip\"> [\u2026]<\/span><\/p>\n","protected":false},"featured_media":0,"template":"","meta":{"_monsterinsights_skip_tracking":false,"_monsterinsights_sitenote_active":false,"_monsterinsights_sitenote_note":"","_monsterinsights_sitenote_category":0},"product_brand":[],"product_cat":[13005,13006],"product_tag":[],"class_list":{"0":"post-738965","1":"product","2":"type-product","3":"status-publish","5":"product_cat-bilim-muhendislik","6":"product_cat-populer-bilim","7":"pa_cilt-ciltsiz","8":"pa_tur-kitap","9":"pa_yayinevi-nova-kitap","10":"pa_yazar-dean-burnett","12":"first","13":"instock","14":"sale","15":"shipping-taxable","16":"purchasable","17":"product-type-simple"},"_links":{"self":[{"href":"https:\/\/roveyayinevi.com.tr\/index.php\/wp-json\/wp\/v2\/product\/738965","targetHints":{"allow":["GET"]}}],"collection":[{"href":"https:\/\/roveyayinevi.com.tr\/index.php\/wp-json\/wp\/v2\/product"}],"about":[{"href":"https:\/\/roveyayinevi.com.tr\/index.php\/wp-json\/wp\/v2\/types\/product"}],"wp:attachment":[{"href":"https:\/\/roveyayinevi.com.tr\/index.php\/wp-json\/wp\/v2\/media?parent=738965"}],"wp:term":[{"taxonomy":"product_brand","embeddable":true,"href":"https:\/\/roveyayinevi.com.tr\/index.php\/wp-json\/wp\/v2\/product_brand?post=738965"},{"taxonomy":"product_cat","embeddable":true,"href":"https:\/\/roveyayinevi.com.tr\/index.php\/wp-json\/wp\/v2\/product_cat?post=738965"},{"taxonomy":"product_tag","embeddable":true,"href":"https:\/\/roveyayinevi.com.tr\/index.php\/wp-json\/wp\/v2\/product_tag?post=738965"}],"curies":[{"name":"wp","href":"https:\/\/api.w.org\/{rel}","templated":true}]}}