{"id":738952,"date":"2025-08-28T00:00:33","date_gmt":"2025-08-27T21:00:33","guid":{"rendered":"https:\/\/roveyayinevi.com.tr\/index.php\/urun\/harita-ve-topraklar\/"},"modified":"2026-04-16T02:49:19","modified_gmt":"2026-04-15T23:49:19","slug":"harita-ve-topraklar","status":"publish","type":"product","link":"https:\/\/roveyayinevi.com.tr\/index.php\/urun\/harita-ve-topraklar\/","title":{"rendered":"Harita ve Topraklar"},"content":{"rendered":"<p>Seks, \u00f6tenazi ve \u0130slam dahil t\u00fcm tek tanr\u0131l\u0131 dinler gibi konulardaki yorumlar\u0131 ve siyasi g\u00f6r\u00fc\u015fleriyle ifade \u00f6zg\u00fcrl\u00fc\u011f\u00fcn\u00fcn s\u0131n\u0131rlar\u0131nda gezinen, romanlar\u0131 ya d\u00e2hiyane ya da baya\u011f\u0131 eserler olarak g\u00f6r\u00fclen modern Frans\u0131z edebiyat\u0131n\u0131n k\u00f6t\u00fc \u00e7ocu\u011fu Michel Houellebecq, Harita ve Topraklar ile 2010 Goncourt \u00d6d\u00fcl\u00fc\u2019n\u00fc kazand\u0131\u011f\u0131nda, \u201cTuhaf bir his ama \u00e7ok mutluyum,\u201d demi\u015fti.Jed Martin \u00e7ekti\u011fi Michelin yol haritas\u0131 foto\u011fraflar\u0131n\u0131 kariyerinin ba\u015f\u0131ndayken bir araya getirdi\u011fi sergisiyle ad\u0131n\u0131 pek duyuramasa da ileriki bir tarihte Bill Gates, Damien Hirst, Steve Jobs ve Michel Houellebecq gibi pek \u00e7ok \u00fcnl\u00fc ismi oda\u011f\u0131na alan tablolardan olu\u015fan \u201cmeslekler\u201d serisiyle b\u00fcy\u00fck bir \u00fcne kavu\u015facakt\u0131. Daha sonraysa bir cinayetin \u00e7\u00f6z\u00fclmesi i\u00e7in polise yard\u0131mc\u0131 olacak, babas\u0131n\u0131 kaybedecek, a\u015fk\u0131n ve dostlu\u011fun tabiat\u0131n\u0131 belki de daha iyi anlayacak ve elbette bir g\u00fcn herkes gibi o da ya\u015flanacakt\u0131.Michel Houellebecq\u2019in Harita ve Topraklar\u2019\u0131 sanat ile ticaretin karde\u015fli\u011fini g\u00f6zler \u00f6n\u00fcne seren, yolunu arayan tasavvura ve \u00f6l\u00fcme dair ayr\u0131ks\u0131 bir roman.\u201cMichel Houellebecq g\u00fclse mi a\u011flasa m\u0131 bilemiyor gibi g\u00f6r\u00fcn\u00fcyor m\u00fctemadiyen. Bu komik, incelikli, gaddar ve zeki roman\u0131n gizemlerini \u00e7\u00f6zmek d\u00fc\u015f\u00fcnd\u00fc\u011f\u00fcn\u00fczden zor olabilir.\u201d \u2013Le Figaro\u201cKomik, \u015fa\u015f\u0131rt\u0131c\u0131 ve kendinden emin&#8230; Zeki ve k\u0131\u015fk\u0131rt\u0131c\u0131 Frans\u0131z yazar\u0131n entelekt\u00fcel a\u00e7\u0131dan en iddial\u0131 roman\u0131.\u201d \u2013The Guardian<\/p>\n","protected":false},"excerpt":{"rendered":"<p>Seks, \u00f6tenazi ve \u0130slam dahil t\u00fcm tek tanr\u0131l\u0131 dinler gibi konulardaki yorumlar\u0131 ve siyasi g\u00f6r\u00fc\u015fleriyle ifade \u00f6zg\u00fcrl\u00fc\u011f\u00fcn\u00fcn s\u0131n\u0131rlar\u0131nda gezinen, romanlar\u0131 ya d\u00e2hiyane ya da baya\u011f\u0131 eserler<span class=\"excerpt-hellip\"> [\u2026]<\/span><\/p>\n","protected":false},"featured_media":0,"template":"","meta":{"_monsterinsights_skip_tracking":false,"_monsterinsights_sitenote_active":false,"_monsterinsights_sitenote_note":"","_monsterinsights_sitenote_category":0},"product_brand":[],"product_cat":[12291,12711],"product_tag":[],"class_list":{"0":"post-738952","1":"product","2":"type-product","3":"status-publish","5":"product_cat-edebiyat","6":"product_cat-roman-oyku","7":"pa_cilt-ciltsiz","8":"pa_tur-kitap","9":"pa_yayinevi-ithaki-yayinlari","10":"pa_yazar-michel-houellebecq","12":"first","13":"instock","14":"sale","15":"shipping-taxable","16":"purchasable","17":"product-type-simple"},"_links":{"self":[{"href":"https:\/\/roveyayinevi.com.tr\/index.php\/wp-json\/wp\/v2\/product\/738952","targetHints":{"allow":["GET"]}}],"collection":[{"href":"https:\/\/roveyayinevi.com.tr\/index.php\/wp-json\/wp\/v2\/product"}],"about":[{"href":"https:\/\/roveyayinevi.com.tr\/index.php\/wp-json\/wp\/v2\/types\/product"}],"wp:attachment":[{"href":"https:\/\/roveyayinevi.com.tr\/index.php\/wp-json\/wp\/v2\/media?parent=738952"}],"wp:term":[{"taxonomy":"product_brand","embeddable":true,"href":"https:\/\/roveyayinevi.com.tr\/index.php\/wp-json\/wp\/v2\/product_brand?post=738952"},{"taxonomy":"product_cat","embeddable":true,"href":"https:\/\/roveyayinevi.com.tr\/index.php\/wp-json\/wp\/v2\/product_cat?post=738952"},{"taxonomy":"product_tag","embeddable":true,"href":"https:\/\/roveyayinevi.com.tr\/index.php\/wp-json\/wp\/v2\/product_tag?post=738952"}],"curies":[{"name":"wp","href":"https:\/\/api.w.org\/{rel}","templated":true}]}}