{"id":738914,"date":"2025-08-27T23:59:44","date_gmt":"2025-08-27T20:59:44","guid":{"rendered":"https:\/\/roveyayinevi.com.tr\/index.php\/urun\/iklimsiz-seytan-tohumlari\/"},"modified":"2026-04-16T02:49:17","modified_gmt":"2026-04-15T23:49:17","slug":"iklimsiz-seytan-tohumlari","status":"publish","type":"product","link":"https:\/\/roveyayinevi.com.tr\/index.php\/urun\/iklimsiz-seytan-tohumlari\/","title":{"rendered":"\u0130klimsiz \u015eeytan Tohumlar\u0131"},"content":{"rendered":"<p>Sesler vard\u0131 s\u00fcz\u00fclmekten yorgun, ta\u015f\u0131nm\u0131\u015f, \u00f6telerden ve renklerin i\u00e7inde. Bazen bilindik bir k\u00f6\u015fede, kendi halinde ve sinsili\u011fini r\u00fczg\u00e2rdan gizlercesine. Uzan\u0131p tutmak imk\u00e2ns\u0131z gibi, uzan\u0131p tutmak aldan\u0131\u015f. Orada oldu\u011funu g\u00f6stermek i\u00e7in \u00e7\u0131rp\u0131nmayan, s\u0131radana gizli bir yakar\u0131\u015f. Senin olmak istemeyen sesler vard\u0131. \u0130rkildi\u011fin i\u00e7in buradas\u0131n, d\u00fc\u015fledi\u011fin i\u00e7in bu sesleri ve asla denilen yolculu\u011fun tam kalbinde serpildi\u011fin i\u00e7in. Seni d\u00f6nd\u00fcrecek \u015feyler geride kald\u0131. Y\u00fcr\u00fcmek hi\u00e7li\u011finin i\u00e7ine. Belki bir nebze tutmak g\u00f6lgeni, birazc\u0131k g\u00f6rmek kendini, iklimsizli\u011fin i\u00e7inde g\u00f6z seyirmeleri. B\u00f6ylesin art\u0131k sen, ba\u015fka bir \u015fey umma. \u00c7\u0131rp\u0131n\u0131\u015f\u0131n bir pencere i\u00e7inde, r\u00fczg\u00e2r perdesiz ve bo\u015fluk y\u00fckseklerden s\u00fcz\u00fclen. Uzun bir y\u00fcr\u00fcy\u00fc\u015f\u00fcn kalbinde kederli soluklan, k\u00fc\u00e7\u00fcc\u00fck bir sessizlik d\u00fc\u015fte, i\u00e7inden bir renk tut ve avu\u00e7lar\u0131ndan kay\u0131p gidi\u015fini izle. Bir tohuma f\u0131s\u0131ldanm\u0131\u015f s\u00f6zler olarak bak kendine, orada dur ve kaybolu\u015funa bak uzun uzun.<\/p>\n","protected":false},"excerpt":{"rendered":"<p>Sesler vard\u0131 s\u00fcz\u00fclmekten yorgun, ta\u015f\u0131nm\u0131\u015f, \u00f6telerden ve renklerin i\u00e7inde. Bazen bilindik bir k\u00f6\u015fede, kendi halinde ve sinsili\u011fini r\u00fczg\u00e2rdan gizlercesine. Uzan\u0131p tutmak imk\u00e2ns\u0131z gibi, uzan\u0131p tutmak aldan\u0131\u015f.<span class=\"excerpt-hellip\"> [\u2026]<\/span><\/p>\n","protected":false},"featured_media":0,"template":"","meta":{"_monsterinsights_skip_tracking":false,"_monsterinsights_sitenote_active":false,"_monsterinsights_sitenote_note":"","_monsterinsights_sitenote_category":0},"product_brand":[],"product_cat":[12291,12711],"product_tag":[],"class_list":{"0":"post-738914","1":"product","2":"type-product","3":"status-publish","5":"product_cat-edebiyat","6":"product_cat-roman-oyku","7":"pa_cilt-ciltsiz","8":"pa_tur-kitap","9":"pa_yayinevi-herdem-kitap","10":"pa_yazar-mehmet-murat-eker","12":"first","13":"instock","14":"sale","15":"shipping-taxable","16":"purchasable","17":"product-type-simple"},"_links":{"self":[{"href":"https:\/\/roveyayinevi.com.tr\/index.php\/wp-json\/wp\/v2\/product\/738914","targetHints":{"allow":["GET"]}}],"collection":[{"href":"https:\/\/roveyayinevi.com.tr\/index.php\/wp-json\/wp\/v2\/product"}],"about":[{"href":"https:\/\/roveyayinevi.com.tr\/index.php\/wp-json\/wp\/v2\/types\/product"}],"wp:attachment":[{"href":"https:\/\/roveyayinevi.com.tr\/index.php\/wp-json\/wp\/v2\/media?parent=738914"}],"wp:term":[{"taxonomy":"product_brand","embeddable":true,"href":"https:\/\/roveyayinevi.com.tr\/index.php\/wp-json\/wp\/v2\/product_brand?post=738914"},{"taxonomy":"product_cat","embeddable":true,"href":"https:\/\/roveyayinevi.com.tr\/index.php\/wp-json\/wp\/v2\/product_cat?post=738914"},{"taxonomy":"product_tag","embeddable":true,"href":"https:\/\/roveyayinevi.com.tr\/index.php\/wp-json\/wp\/v2\/product_tag?post=738914"}],"curies":[{"name":"wp","href":"https:\/\/api.w.org\/{rel}","templated":true}]}}