{"id":738911,"date":"2025-08-27T23:59:40","date_gmt":"2025-08-27T20:59:40","guid":{"rendered":"https:\/\/roveyayinevi.com.tr\/index.php\/urun\/uc-nokta-bir-unlem\/"},"modified":"2026-04-16T02:49:17","modified_gmt":"2026-04-15T23:49:17","slug":"uc-nokta-bir-unlem","status":"publish","type":"product","link":"https:\/\/roveyayinevi.com.tr\/index.php\/urun\/uc-nokta-bir-unlem\/","title":{"rendered":"\u00dc\u00e7 Nokta Bir \u00dcnlem"},"content":{"rendered":"<p>Sustuklar\u0131m\u0131z var bizim ba\u011f\u0131ra ba\u011f\u0131ra .Konu\u015funca kanayaca\u011f\u0131m\u0131za inand\u0131\u011f\u0131m\u0131z ac\u0131lar\u0131m\u0131z var . G\u00fcn y\u00fcz\u00fcne \u00e7\u0131karmaktan korktu\u011fumuz ger\u00e7eklerimiz .Bir \u015feyi d\u00fc\u015f\u00fcnm\u00fcyor olmak o \u015feyin var olmad\u0131\u011f\u0131 anlam\u0131na geliyor bizim i\u00e7in .Ve ben hayat\u0131m\u0131n \u00e7o\u011funu bir \u015feyleri haf\u0131zamda arka plana atarak varl\u0131\u011f\u0131n\u0131 bile unutarak ya\u015fad\u0131m .Oysa ki \u00fcst\u00fcnde durup d\u00fc\u015f\u00fcnmedi\u011fimiz ve gerekti\u011fi ilgiyi g\u00f6stermedi\u011fimiz her an\u0131m\u0131z g\u00fcn geliyor hesap soruyor bizlerden .\u0130ste b\u00f6yle , G\u00f6rmemezlikten geldi\u011fim kendimin bir zaman sonra kabuklar\u0131ndan s\u0131yr\u0131l\u0131p kendi bedenime h\u00fckmetmeye ba\u015flad\u0131\u011f\u0131n\u0131 \u00e7ok sonradan fark ettim . Hayatimin d\u00f6n\u00fcm noktas\u0131 seni hayat\u0131ma hi\u00e7 beklemedi\u011fim bir anda ger\u00e7ekle\u015fti . Ve ben bamba\u015fka kimliklerin ard\u0131nda kendi benli\u011fimi bulmaya \u00e7al\u0131\u015f\u0131rken hep sana vard\u0131m . G\u00f6ky\u00fcz\u00fcndeyim&#8230;G\u00fcn do\u011fumundan hemen \u00f6nceki \u0131\u015f\u0131klarda bekliyorum &#8230;K\u0131rm\u0131z\u0131 da bekleme , bekledi\u011fim ..Ben g\u00f6rmedi\u011fim g\u00f6zlerini ye\u015fil farz ettim kirpiklerinin trafi\u011finde s\u0131k\u0131\u015f\u0131\u011f\u0131m &#8230; &#8230;! (Tan\u0131t\u0131m B\u00fclteninden)<\/p>\n","protected":false},"excerpt":{"rendered":"<p>Sustuklar\u0131m\u0131z var bizim ba\u011f\u0131ra ba\u011f\u0131ra .Konu\u015funca kanayaca\u011f\u0131m\u0131za inand\u0131\u011f\u0131m\u0131z ac\u0131lar\u0131m\u0131z var . G\u00fcn y\u00fcz\u00fcne \u00e7\u0131karmaktan korktu\u011fumuz ger\u00e7eklerimiz .Bir \u015feyi d\u00fc\u015f\u00fcnm\u00fcyor olmak o \u015feyin var olmad\u0131\u011f\u0131 anlam\u0131na geliyor<span class=\"excerpt-hellip\"> [\u2026]<\/span><\/p>\n","protected":false},"featured_media":0,"template":"","meta":{"_monsterinsights_skip_tracking":false,"_monsterinsights_sitenote_active":false,"_monsterinsights_sitenote_note":"","_monsterinsights_sitenote_category":0},"product_brand":[],"product_cat":[12777,12291],"product_tag":[],"class_list":{"0":"post-738911","1":"product","2":"type-product","3":"status-publish","5":"product_cat-deneme","6":"product_cat-edebiyat","7":"pa_cilt-ciltsiz","8":"pa_tur-kitap","9":"pa_yayinevi-herdem-kitap","10":"pa_yazar-dilan-baskin-tokay","12":"first","13":"instock","14":"sale","15":"shipping-taxable","16":"purchasable","17":"product-type-simple"},"_links":{"self":[{"href":"https:\/\/roveyayinevi.com.tr\/index.php\/wp-json\/wp\/v2\/product\/738911","targetHints":{"allow":["GET"]}}],"collection":[{"href":"https:\/\/roveyayinevi.com.tr\/index.php\/wp-json\/wp\/v2\/product"}],"about":[{"href":"https:\/\/roveyayinevi.com.tr\/index.php\/wp-json\/wp\/v2\/types\/product"}],"wp:attachment":[{"href":"https:\/\/roveyayinevi.com.tr\/index.php\/wp-json\/wp\/v2\/media?parent=738911"}],"wp:term":[{"taxonomy":"product_brand","embeddable":true,"href":"https:\/\/roveyayinevi.com.tr\/index.php\/wp-json\/wp\/v2\/product_brand?post=738911"},{"taxonomy":"product_cat","embeddable":true,"href":"https:\/\/roveyayinevi.com.tr\/index.php\/wp-json\/wp\/v2\/product_cat?post=738911"},{"taxonomy":"product_tag","embeddable":true,"href":"https:\/\/roveyayinevi.com.tr\/index.php\/wp-json\/wp\/v2\/product_tag?post=738911"}],"curies":[{"name":"wp","href":"https:\/\/api.w.org\/{rel}","templated":true}]}}