{"id":738899,"date":"2025-08-27T23:59:27","date_gmt":"2025-08-27T20:59:27","guid":{"rendered":"https:\/\/roveyayinevi.com.tr\/index.php\/urun\/bana-benzer-baska-kim-var\/"},"modified":"2026-04-16T02:49:16","modified_gmt":"2026-04-15T23:49:16","slug":"bana-benzer-baska-kim-var","status":"publish","type":"product","link":"https:\/\/roveyayinevi.com.tr\/index.php\/urun\/bana-benzer-baska-kim-var\/","title":{"rendered":"Bana Benzer &#8211; Ba\u015fka Kim Var"},"content":{"rendered":"<p>Senin i\u00e7in her sayfaya bir ipucu yerle\u015ftirdik. \u00d6nce deliklerden g\u00f6z\u00fckeni tahmin et sonra benzer &#8220;Ba\u015fka Kim var?&#8221; ke\u015ffet!<\/p>\n","protected":false},"excerpt":{"rendered":"<p>Senin i\u00e7in her sayfaya bir ipucu yerle\u015ftirdik. \u00d6nce deliklerden g\u00f6z\u00fckeni tahmin et sonra benzer &#8220;Ba\u015fka Kim var?&#8221; ke\u015ffet!<\/p>\n","protected":false},"featured_media":0,"template":"","meta":{"_monsterinsights_skip_tracking":false,"_monsterinsights_sitenote_active":false,"_monsterinsights_sitenote_note":"","_monsterinsights_sitenote_category":0},"product_brand":[],"product_cat":[12274,12523],"product_tag":[],"class_list":{"0":"post-738899","1":"product","2":"type-product","3":"status-publish","5":"product_cat-cocuk-ve-genclik-kitaplari","6":"product_cat-masallar","7":"pa_cilt-ciltsiz","8":"pa_tur-kitap","9":"pa_yayinevi-sincap-kitap","10":"pa_yazar-ceren-cukadar","12":"first","13":"instock","14":"sale","15":"shipping-taxable","16":"purchasable","17":"product-type-simple"},"_links":{"self":[{"href":"https:\/\/roveyayinevi.com.tr\/index.php\/wp-json\/wp\/v2\/product\/738899","targetHints":{"allow":["GET"]}}],"collection":[{"href":"https:\/\/roveyayinevi.com.tr\/index.php\/wp-json\/wp\/v2\/product"}],"about":[{"href":"https:\/\/roveyayinevi.com.tr\/index.php\/wp-json\/wp\/v2\/types\/product"}],"wp:attachment":[{"href":"https:\/\/roveyayinevi.com.tr\/index.php\/wp-json\/wp\/v2\/media?parent=738899"}],"wp:term":[{"taxonomy":"product_brand","embeddable":true,"href":"https:\/\/roveyayinevi.com.tr\/index.php\/wp-json\/wp\/v2\/product_brand?post=738899"},{"taxonomy":"product_cat","embeddable":true,"href":"https:\/\/roveyayinevi.com.tr\/index.php\/wp-json\/wp\/v2\/product_cat?post=738899"},{"taxonomy":"product_tag","embeddable":true,"href":"https:\/\/roveyayinevi.com.tr\/index.php\/wp-json\/wp\/v2\/product_tag?post=738899"}],"curies":[{"name":"wp","href":"https:\/\/api.w.org\/{rel}","templated":true}]}}