{"id":738836,"date":"2025-08-27T23:58:13","date_gmt":"2025-08-27T20:58:13","guid":{"rendered":"https:\/\/roveyayinevi.com.tr\/index.php\/urun\/buyuklere-ogutler-kucuklere-oykuler\/"},"modified":"2026-04-16T02:48:57","modified_gmt":"2026-04-15T23:48:57","slug":"buyuklere-ogutler-kucuklere-oykuler","status":"publish","type":"product","link":"https:\/\/roveyayinevi.com.tr\/index.php\/urun\/buyuklere-ogutler-kucuklere-oykuler\/","title":{"rendered":"B\u00fcy\u00fcklere \u00d6\u011f\u00fctler K\u00fc\u00e7\u00fcklere \u00d6yk\u00fcler"},"content":{"rendered":"<p>\u0130nsan\u0131n hayat\u0131nda \u00f6nemli d\u00f6n\u00fcm noktalar\u0131 vard\u0131r. \u00d6\u011fretmenlik ya\u015fam\u0131m\u0131n ba\u015flang\u0131c\u0131 benim i\u00e7in y\u0131llar y\u0131l\u0131 hayalini kurdu\u011fum bir \u00f6zlemime kavu\u015ftu\u011fum bir d\u00f6nem oldu. Do\u011frusu hep hayal olarak kalaca\u011f\u0131n\u0131 zannetti\u011fim \u00fcst\u00fcn yetenekli \u00e7ocuklarla \u00e7al\u0131\u015fmak benim i\u00e7in bir ya\u015fant\u0131 halini ald\u0131. \u00dcst\u00fcn yetenekli \u00e7ocuklarla \u00e7al\u0131\u015fmak \u00f6nemli bir tutku. Bu zor u\u011fra\u015f\u0131da hayat\u0131n\u0131n \u00f6nemli an\u0131lar\u0131n\u0131 benimle payla\u015fan \u00e7ocuklar\u0131ma \u00e7ok te\u015fekk\u00fcr ederim. Her birisi benim i\u00e7in ayr\u0131 de\u011ferli. Bu kitapta anlat\u0131lan olaylar\u0131n tamam\u0131 \u00f6\u011fretmenlik yapt\u0131\u011f\u0131m y\u0131llarda ya\u015fam\u0131\u015f oldu\u011fum an\u0131lar\u0131 i\u00e7ermektedir. Ya\u015fant\u0131lar ger\u00e7ek ve ya\u015fan\u0131lm\u0131\u015f, kullan\u0131lan ki\u015fi isimleri ise tamamen hayalidir. \u00dcst\u00fcn yetenekli \u00e7ocuklar\u0131n e\u011fitiminde bir d\u00f6neme \u0131\u015f\u0131k tutma gayretiyle haz\u0131rlanm\u0131\u015f olan bu kitap \u00fcst\u00fcn yetenekli \u00e7ocuklarla \u00e7al\u0131\u015fan \u00f6\u011fretmenlere, \u00fcst\u00fcn yetenekli \u00e7ocuk ebeveynlerine, alanda \u00e7al\u0131\u015fan herkese katk\u0131 sunmay\u0131 ama\u00e7lamaktad\u0131r.\u00dcst\u00fcn yetenekli \u00e7ocuklar konusunun tekrar g\u00fcndemimize yo\u011fun bir \u015fekilde girdi\u011fi g\u00fcn\u00fcm\u00fczde ya\u015fant\u0131lar yoluyla \u00fcst\u00fcn \u00e7ocuklar konusunda beraber bir yolculu\u011fa \u00e7\u0131kaca\u011f\u0131m\u0131z bu \u00f6yk\u00fc kitab\u0131nda yazar\u0131 kah sevinirken, kah \u00fcz\u00fcl\u00fcrken, kah gurur duyarken bulacaks\u0131n\u0131z. Bu kitab\u0131m\u0131 da \u00fcst\u00fcn yetenekli \u00e7ocuklar\u0131n e\u011fitimi konusunda y\u00fczy\u0131llard\u0131r \u00e7al\u0131\u015fan, bu i\u015fin g\u00f6n\u00fcll\u00fcs\u00fc olan herkese ithaf etmek istiyorum. Kitab\u0131 yazma s\u00fcrecimde teknik bilgisiyle her an yan\u0131mda olan mesle\u011fe ba\u015flad\u0131\u011f\u0131m\u0131zda \u00fcst\u00fcn \u00e7ocuklar konusunu beraber tahlil etti\u011fimiz \u00e7ok de\u011ferli hayat arkada\u015f\u0131m Esra Karabulut\u2019a bu uzun ve zorlu yolculukta her daim yan\u0131mda oldu\u011fu i\u00e7in minnetlerimi sunuyorum, \u00c7ok de\u011ferli hocamProf. Dr. Esra \u00d6mero\u011flu\u2019nun bu kitab\u0131n \u00f6ns\u00f6z\u00fcn\u00fc yazm\u0131\u015f olmas\u0131 benim i\u00e7in ayr\u0131 bir \u00f6v\u00fcn\u00e7 ve \u015feref kayna\u011f\u0131d\u0131r.B\u00fcy\u00fck bir titizlik ile kitab\u0131 yay\u0131na haz\u0131rlayan E\u011fiten Kitabevi\u2019ne Genel Yay\u0131n Y\u00f6netmeni Sn. \u00d6zg\u00fcr Do\u011fan\u2019\u0131n \u015fahs\u0131nda te\u015fekk\u00fcr ederim.B\u00fcy\u00fcklere \u00d6\u011f\u00fctler K\u00fc\u00e7\u00fcklere \u00d6yk\u00fcler &#8220;\u00dcst\u00fcn Yetenekli \u00c7ocuk \u00d6yk\u00fcleri-Edison Kul\u00fcb\u00fc\u201d kitab\u0131n\u0131n hay\u0131rl\u0131 olmas\u0131n\u0131 diler, b\u00fct\u00fcn okurlar\u0131m\u0131za sayg\u0131lar\u0131m\u0131 sunar\u0131m.<\/p>\n","protected":false},"excerpt":{"rendered":"<p>\u0130nsan\u0131n hayat\u0131nda \u00f6nemli d\u00f6n\u00fcm noktalar\u0131 vard\u0131r. \u00d6\u011fretmenlik ya\u015fam\u0131m\u0131n ba\u015flang\u0131c\u0131 benim i\u00e7in y\u0131llar y\u0131l\u0131 hayalini kurdu\u011fum bir \u00f6zlemime kavu\u015ftu\u011fum bir d\u00f6nem oldu. Do\u011frusu hep hayal olarak kalaca\u011f\u0131n\u0131<span class=\"excerpt-hellip\"> [\u2026]<\/span><\/p>\n","protected":false},"featured_media":0,"template":"","meta":{"_monsterinsights_skip_tracking":false,"_monsterinsights_sitenote_active":false,"_monsterinsights_sitenote_note":"","_monsterinsights_sitenote_category":0},"product_brand":[],"product_cat":[12567,12566],"product_tag":[],"class_list":{"0":"post-738836","1":"product","2":"type-product","3":"status-publish","5":"product_cat-diger-egitim","6":"product_cat-egitim","7":"pa_cilt-ciltsiz","8":"pa_tur-kitap","9":"pa_yayinevi-egiten-kitap","10":"pa_yazar-ridvan-karabulut-esra-karabulut","12":"first","13":"instock","14":"sale","15":"shipping-taxable","16":"purchasable","17":"product-type-simple"},"_links":{"self":[{"href":"https:\/\/roveyayinevi.com.tr\/index.php\/wp-json\/wp\/v2\/product\/738836","targetHints":{"allow":["GET"]}}],"collection":[{"href":"https:\/\/roveyayinevi.com.tr\/index.php\/wp-json\/wp\/v2\/product"}],"about":[{"href":"https:\/\/roveyayinevi.com.tr\/index.php\/wp-json\/wp\/v2\/types\/product"}],"wp:attachment":[{"href":"https:\/\/roveyayinevi.com.tr\/index.php\/wp-json\/wp\/v2\/media?parent=738836"}],"wp:term":[{"taxonomy":"product_brand","embeddable":true,"href":"https:\/\/roveyayinevi.com.tr\/index.php\/wp-json\/wp\/v2\/product_brand?post=738836"},{"taxonomy":"product_cat","embeddable":true,"href":"https:\/\/roveyayinevi.com.tr\/index.php\/wp-json\/wp\/v2\/product_cat?post=738836"},{"taxonomy":"product_tag","embeddable":true,"href":"https:\/\/roveyayinevi.com.tr\/index.php\/wp-json\/wp\/v2\/product_tag?post=738836"}],"curies":[{"name":"wp","href":"https:\/\/api.w.org\/{rel}","templated":true}]}}