{"id":738831,"date":"2025-08-27T23:58:08","date_gmt":"2025-08-27T20:58:08","guid":{"rendered":"https:\/\/roveyayinevi.com.tr\/index.php\/urun\/fen-egitiminde-yeni-bir-yaklasim-disiplinler-arasi-enerji-ogretimi\/"},"modified":"2026-04-16T02:48:57","modified_gmt":"2026-04-15T23:48:57","slug":"fen-egitiminde-yeni-bir-yaklasim-disiplinler-arasi-enerji-ogretimi","status":"publish","type":"product","link":"https:\/\/roveyayinevi.com.tr\/index.php\/urun\/fen-egitiminde-yeni-bir-yaklasim-disiplinler-arasi-enerji-ogretimi\/","title":{"rendered":"Fen E\u011fitiminde Yeni Bir Yakla\u015f\u0131m: Disiplinler Aras\u0131 Enerji \u00d6\u011fretimi"},"content":{"rendered":"<p>Fen e\u011fitiminin amac\u0131 b\u00fct\u00fcn bireylerin fen okuryazar\u0131 olarak yeti\u015fmesini sa\u011flamakt\u0131r. Fen okuryazar\u0131 bireyler ise, ara\u015ft\u0131ran-sorgulayan, problem \u00e7\u00f6zebilen, etkili kararlar verebilen, fen bilimlerine ili\u015fkin bilgi, beceri, olumlu tutum, alg\u0131 ve de\u011fere, fen bilimlerinin teknoloji-toplum-\u00e7evre ile olan ili\u015fkisine y\u00f6nelik anlay\u0131\u015fa ve psiko-motor becerilerine sahiptir. \u00d6\u011frencilerin fen okuryazar bireyler olarak yeti\u015fmelerinde, fenle ilgili temel kavram ve ilkelerin ya\u015fant\u0131sal hale d\u00f6n\u00fc\u015ft\u00fcr\u00fclmesinde ve g\u00fcnl\u00fck ya\u015fam deneyimleri kazan\u0131lmas\u0131nda fen kavramlar\u0131 \u00f6nemli bir yer tutmaktad\u0131r. Bu nedenle temel fen kavramlar\u0131n\u0131n ilkokuldan ba\u015flayarak ve orta\u00f6\u011fretimde olmak \u00fczere \u00f6\u011fretmen e\u011fitimi boyunca tam ve do\u011fru \u00f6\u011frenilmesi son derece \u00f6nemlidir. \u00c7\u00fcnk\u00fc bu kavramlar ili\u015fkili oldu\u011fu di\u011fer kavramlar\u0131n ve daha ileri seviyelerdeki fen kavramlar\u0131n\u0131n \u00f6\u011frenilmesine de temel olu\u015fturmaktad\u0131r. \u00d6zellikle fende temel kavramlardan biri olan ve di\u011fer kavramlar aras\u0131nda birle\u015ftirici \u00f6zelli\u011fe sahip olan enerji kavram\u0131n\u0131n anla\u015f\u0131lmas\u0131 fen okuryazarl\u0131\u011f\u0131n\u0131n \u00f6nemli bir ta\u015f\u0131d\u0131r.Bu kitap ise enerji kavram\u0131n\u0131 ayr\u0131nt\u0131l\u0131 bir \u015fekilde disiplinler aras\u0131 bir yakla\u015f\u0131mla ele almakta ve nas\u0131l bir enerji e\u011fitiminin fen \u00f6\u011fretim programlar\u0131 ile ili\u015fkilendirilmesi gerekti\u011fi \u00fczerine bilgiler vermektedir. Ayr\u0131ca kitap enerji e\u011fitim programlar\u0131n\u0131n olmas\u0131 gereken \u00f6zellikleri, program geli\u015ftirme s\u00fcre\u00e7leri ve K-12 enerji e\u011fitim program\u0131 hakk\u0131nda bilgilendirmeyi ama\u00e7lamaktad\u0131r. Bunun yan\u0131 s\u0131ra enerji e\u011fitiminde \u00f6\u011fretmenlere y\u00f6nelik mesleki geli\u015fim ve geli\u015ftirme \u00fczerine \u00f6rnek bir model sunmaktad\u0131r.Son olarak ise kitapta enerji kavram\u0131n\u0131n disiplinler aras\u0131 geli\u015fimsel \u00f6\u011fretimi i\u00e7in fen bilimleri \u00f6\u011fretim program\u0131nda yer alan kazan\u0131mlara uygun fen etkinlikleri yer almaktad\u0131r. Bu ba\u011flamda bu kitab\u0131n enerji e\u011fitimi konusunda fen bilimleri \u00f6\u011fretmenlerine, y\u00fcksek lisans ve doktora \u00f6\u011frencileri ile akademisyenlere yard\u0131mc\u0131 olaca\u011f\u0131 d\u00fc\u015f\u00fcn\u00fclmektedir. Kitap ilgili okurlar taraf\u0131ndan kendi derslerinde laboratuvar ortam\u0131nda kullanabilece\u011fi gibi lisans\u00fcst\u00fc derslerde temel kaynak olarak da kullan\u0131labilir.Dr. G\u00f6khan G\u00dcVENMu\u011fla, 2019<\/p>\n","protected":false},"excerpt":{"rendered":"<p>Fen e\u011fitiminin amac\u0131 b\u00fct\u00fcn bireylerin fen okuryazar\u0131 olarak yeti\u015fmesini sa\u011flamakt\u0131r. Fen okuryazar\u0131 bireyler ise, ara\u015ft\u0131ran-sorgulayan, problem \u00e7\u00f6zebilen, etkili kararlar verebilen, fen bilimlerine ili\u015fkin bilgi, beceri, olumlu<span class=\"excerpt-hellip\"> [\u2026]<\/span><\/p>\n","protected":false},"featured_media":0,"template":"","meta":{"_monsterinsights_skip_tracking":false,"_monsterinsights_sitenote_active":false,"_monsterinsights_sitenote_note":"","_monsterinsights_sitenote_category":0},"product_brand":[],"product_cat":[12573,12566],"product_tag":[],"class_list":{"0":"post-738831","1":"product","2":"type-product","3":"status-publish","5":"product_cat-akademik-kitaplar","6":"product_cat-egitim","7":"pa_cilt-ciltsiz","8":"pa_tur-kitap","9":"pa_yayinevi-egiten-kitap","10":"pa_yazar-gokhan-guven-nevin-kozcu-cakir","12":"first","13":"instock","14":"sale","15":"shipping-taxable","16":"purchasable","17":"product-type-simple"},"_links":{"self":[{"href":"https:\/\/roveyayinevi.com.tr\/index.php\/wp-json\/wp\/v2\/product\/738831","targetHints":{"allow":["GET"]}}],"collection":[{"href":"https:\/\/roveyayinevi.com.tr\/index.php\/wp-json\/wp\/v2\/product"}],"about":[{"href":"https:\/\/roveyayinevi.com.tr\/index.php\/wp-json\/wp\/v2\/types\/product"}],"wp:attachment":[{"href":"https:\/\/roveyayinevi.com.tr\/index.php\/wp-json\/wp\/v2\/media?parent=738831"}],"wp:term":[{"taxonomy":"product_brand","embeddable":true,"href":"https:\/\/roveyayinevi.com.tr\/index.php\/wp-json\/wp\/v2\/product_brand?post=738831"},{"taxonomy":"product_cat","embeddable":true,"href":"https:\/\/roveyayinevi.com.tr\/index.php\/wp-json\/wp\/v2\/product_cat?post=738831"},{"taxonomy":"product_tag","embeddable":true,"href":"https:\/\/roveyayinevi.com.tr\/index.php\/wp-json\/wp\/v2\/product_tag?post=738831"}],"curies":[{"name":"wp","href":"https:\/\/api.w.org\/{rel}","templated":true}]}}