{"id":738830,"date":"2025-08-27T23:58:07","date_gmt":"2025-08-27T20:58:07","guid":{"rendered":"https:\/\/roveyayinevi.com.tr\/index.php\/urun\/evrenin-zarafeti\/"},"modified":"2026-04-16T02:48:56","modified_gmt":"2026-04-15T23:48:56","slug":"evrenin-zarafeti","status":"publish","type":"product","link":"https:\/\/roveyayinevi.com.tr\/index.php\/urun\/evrenin-zarafeti\/","title":{"rendered":"Evrenin Zarafeti"},"content":{"rendered":"<p>Bug\u00fcn d\u00fcnyan\u0131n her yerinde matematik\u00e7iler ve fizik\u00e7iler en iddial\u0131 fizik kuramlar\u0131ndan biri olan s\u00fcpersicim kuram\u0131 \u00fczerine hararetle \u00e7al\u0131\u015f\u0131yor. Sicim kuram\u0131 Einstein\u2019\u0131n 30 y\u0131l boyunca \u00fczerinde \u00e7al\u0131\u015ft\u0131\u011f\u0131 birle\u015fik alan kuram\u0131na giden yolda \u00f6nemli bir ad\u0131m. Ve sonunda, genel g\u00f6relilik ve kuantum mekani\u011fi aras\u0131ndaki gerilim \u00e7\u00f6z\u00fclmek \u00fczere: Sicim kuram\u0131, atomalt\u0131 par\u00e7ac\u0131klar\u0131n \u00e7\u0131lg\u0131nca dans\u0131ndan g\u00f6ksel galaksilerin g\u00f6rkemli girdab\u0131na kadar evrendeki t\u00fcm harika olaylar\u0131n, tek bir b\u00fcy\u00fck fiziksel ilkenin yans\u0131malar\u0131 oldu\u011funu ilan ediyor.       D\u00fcnyan\u0131n \u00f6nde gelen sicim kuramc\u0131lar\u0131ndan Brian Greene, ustal\u0131kla ve anla\u015f\u0131l\u0131r bir dille kaleme ald\u0131\u011f\u0131 Evrenin Zarafeti\u2019nde 20. y\u00fczy\u0131l fizi\u011finin \u201cher \u015feyin kuram\u0131\u201d aray\u0131\u015f\u0131n\u0131n ard\u0131ndaki bilimsel hik\u00e2yeyi ve insani \u00e7abay\u0131 anlat\u0131yor, kuantum mekani\u011finden genel g\u00f6relili\u011fe kadar pek \u00e7ok kavram \u00fczerinden sicim kuram\u0131n\u0131 \u00e7evreleyen gizem perdesini aral\u0131yor.        Greene\u2019in uzman bilimsel kavray\u0131\u015f\u0131 ile edeb\u00ee yarat\u0131c\u0131l\u0131\u011f\u0131n\u0131n benzersiz bir kar\u0131\u015f\u0131m\u0131 olan Evrenin Zarafeti, bizi muhte\u015fem evrenimizin nas\u0131l \u00e7al\u0131\u015ft\u0131\u011f\u0131n\u0131 anlamaya daha da yakla\u015ft\u0131ran heyecan verici bir okuma \u015f\u00f6leni.<\/p>\n","protected":false},"excerpt":{"rendered":"<p>Bug\u00fcn d\u00fcnyan\u0131n her yerinde matematik\u00e7iler ve fizik\u00e7iler en iddial\u0131 fizik kuramlar\u0131ndan biri olan s\u00fcpersicim kuram\u0131 \u00fczerine hararetle \u00e7al\u0131\u015f\u0131yor. Sicim kuram\u0131 Einstein\u2019\u0131n 30 y\u0131l boyunca \u00fczerinde \u00e7al\u0131\u015ft\u0131\u011f\u0131<span class=\"excerpt-hellip\"> [\u2026]<\/span><\/p>\n","protected":false},"featured_media":0,"template":"","meta":{"_monsterinsights_skip_tracking":false,"_monsterinsights_sitenote_active":false,"_monsterinsights_sitenote_note":"","_monsterinsights_sitenote_category":0},"product_brand":[],"product_cat":[13005,15998],"product_tag":[],"class_list":{"0":"post-738830","1":"product","2":"type-product","3":"status-publish","5":"product_cat-bilim-muhendislik","6":"product_cat-bilim-tarihi","7":"pa_cilt-ciltsiz","8":"pa_tur-kitap","9":"pa_yayinevi-tellekt","10":"pa_yazar-brian-greene","12":"first","13":"instock","14":"sale","15":"shipping-taxable","16":"purchasable","17":"product-type-simple"},"_links":{"self":[{"href":"https:\/\/roveyayinevi.com.tr\/index.php\/wp-json\/wp\/v2\/product\/738830","targetHints":{"allow":["GET"]}}],"collection":[{"href":"https:\/\/roveyayinevi.com.tr\/index.php\/wp-json\/wp\/v2\/product"}],"about":[{"href":"https:\/\/roveyayinevi.com.tr\/index.php\/wp-json\/wp\/v2\/types\/product"}],"wp:attachment":[{"href":"https:\/\/roveyayinevi.com.tr\/index.php\/wp-json\/wp\/v2\/media?parent=738830"}],"wp:term":[{"taxonomy":"product_brand","embeddable":true,"href":"https:\/\/roveyayinevi.com.tr\/index.php\/wp-json\/wp\/v2\/product_brand?post=738830"},{"taxonomy":"product_cat","embeddable":true,"href":"https:\/\/roveyayinevi.com.tr\/index.php\/wp-json\/wp\/v2\/product_cat?post=738830"},{"taxonomy":"product_tag","embeddable":true,"href":"https:\/\/roveyayinevi.com.tr\/index.php\/wp-json\/wp\/v2\/product_tag?post=738830"}],"curies":[{"name":"wp","href":"https:\/\/api.w.org\/{rel}","templated":true}]}}