{"id":738824,"date":"2025-08-27T23:57:30","date_gmt":"2025-08-27T20:57:30","guid":{"rendered":"https:\/\/roveyayinevi.com.tr\/index.php\/urun\/her-seye-inat\/"},"modified":"2026-04-16T02:48:56","modified_gmt":"2026-04-15T23:48:56","slug":"her-seye-inat","status":"publish","type":"product","link":"https:\/\/roveyayinevi.com.tr\/index.php\/urun\/her-seye-inat\/","title":{"rendered":"Her \u015eeye \u0130nat"},"content":{"rendered":"<p>\u201cA\u015fkbahar mevsimini bilir misin?\u201d diye sordu kar\u015f\u0131daki adama Ya\u011f\u0131z. \u00c7antas\u0131na e\u011fildi. Yan fermuar\u0131n\u0131 a\u00e7t\u0131\u011f\u0131 \u00e7antas\u0131ndan iki nehir ta\u015f\u0131 \u00e7\u0131kard\u0131. Elinde tuttu\u011fu ta\u015flara bakarak g\u00fcl\u00fcmsedi. Alt\u0131nda h\u00fcz\u00fcn dolu bir g\u00fcl\u00fcmsemeydi bu. \u201cA\u015fkbahar\u201d dedi Ya\u011f\u0131z. \u201cK\u0131\u015f\u0131n \u00fc\u015f\u00fcmedi\u011fin, yaz s\u0131ca\u011f\u0131nda bunalmad\u0131\u011f\u0131n, hava \u015fartlar\u0131n\u0131n sadece iki ki\u015fiye ba\u011fl\u0131 oldu\u011fu; ya\u011fd\u0131rd\u0131\u011f\u0131n ya\u011fmurda \u0131slan\u0131p yine ya\u011fd\u0131rd\u0131\u011f\u0131n kara s\u0131rt\u0131n\u0131 vererek kendini ona b\u0131rakt\u0131\u011f\u0131n mevsimdir. Sadece ayn\u0131 duyguyu ta\u015f\u0131yan iki ki\u015fiye aittir bu mevsim. D\u00f6rt mevsime inat, k\u0131sacas\u0131 HER \u015eEYE \u0130NAT a\u015fkbahar.\u201d S\u00fcrpriz sonla biten bu romanda, kahraman\u0131m\u0131z Ya\u011f\u0131z\u2019\u0131n, hen\u00fcz \u00e7ocukken bu\u011fusuna resim \u00e7izdi\u011fi macunlu ah\u015fap pencerede ba\u015flay\u0131p HER \u015eEYE \u0130NAT h\u00e2l\u00e2 devam eden hayat m\u00fccadelesine ve \u00c7\u0131narc\u0131k\u2019tan, Berlin\u2019e; Berlin\u2019den K\u00fcba\u2019ya uzanan a\u015fk, aile ve yaln\u0131zl\u0131k hik\u00e2yesine tan\u0131k olacaks\u0131n\u0131z. <\/p>\n","protected":false},"excerpt":{"rendered":"<p>\u201cA\u015fkbahar mevsimini bilir misin?\u201d diye sordu kar\u015f\u0131daki adama Ya\u011f\u0131z. \u00c7antas\u0131na e\u011fildi. Yan fermuar\u0131n\u0131 a\u00e7t\u0131\u011f\u0131 \u00e7antas\u0131ndan iki nehir ta\u015f\u0131 \u00e7\u0131kard\u0131. Elinde tuttu\u011fu ta\u015flara bakarak g\u00fcl\u00fcmsedi. Alt\u0131nda h\u00fcz\u00fcn<span class=\"excerpt-hellip\"> [\u2026]<\/span><\/p>\n","protected":false},"featured_media":0,"template":"","meta":{"_monsterinsights_skip_tracking":false,"_monsterinsights_sitenote_active":false,"_monsterinsights_sitenote_note":"","_monsterinsights_sitenote_category":0},"product_brand":[],"product_cat":[12291,12711],"product_tag":[],"class_list":{"0":"post-738824","1":"product","2":"type-product","3":"status-publish","5":"product_cat-edebiyat","6":"product_cat-roman-oyku","7":"pa_cilt-ciltsiz","8":"pa_tur-kitap","9":"pa_yayinevi-karina-yayinevi","10":"pa_yazar-mikail-durhat","12":"first","13":"instock","14":"sale","15":"shipping-taxable","16":"purchasable","17":"product-type-simple"},"_links":{"self":[{"href":"https:\/\/roveyayinevi.com.tr\/index.php\/wp-json\/wp\/v2\/product\/738824","targetHints":{"allow":["GET"]}}],"collection":[{"href":"https:\/\/roveyayinevi.com.tr\/index.php\/wp-json\/wp\/v2\/product"}],"about":[{"href":"https:\/\/roveyayinevi.com.tr\/index.php\/wp-json\/wp\/v2\/types\/product"}],"wp:attachment":[{"href":"https:\/\/roveyayinevi.com.tr\/index.php\/wp-json\/wp\/v2\/media?parent=738824"}],"wp:term":[{"taxonomy":"product_brand","embeddable":true,"href":"https:\/\/roveyayinevi.com.tr\/index.php\/wp-json\/wp\/v2\/product_brand?post=738824"},{"taxonomy":"product_cat","embeddable":true,"href":"https:\/\/roveyayinevi.com.tr\/index.php\/wp-json\/wp\/v2\/product_cat?post=738824"},{"taxonomy":"product_tag","embeddable":true,"href":"https:\/\/roveyayinevi.com.tr\/index.php\/wp-json\/wp\/v2\/product_tag?post=738824"}],"curies":[{"name":"wp","href":"https:\/\/api.w.org\/{rel}","templated":true}]}}