{"id":738818,"date":"2025-08-27T23:57:24","date_gmt":"2025-08-27T20:57:24","guid":{"rendered":"https:\/\/roveyayinevi.com.tr\/index.php\/urun\/serce-ve-tas\/"},"modified":"2026-04-16T02:48:56","modified_gmt":"2026-04-15T23:48:56","slug":"serce-ve-tas","status":"publish","type":"product","link":"https:\/\/roveyayinevi.com.tr\/index.php\/urun\/serce-ve-tas\/","title":{"rendered":"Ser\u00e7e ve Ta\u015f"},"content":{"rendered":"<p>ta\u015f suya de\u011fince k\u0131r\u0131l\u0131r ten y\u0131rt\u0131l\u0131r hat\u0131rlaman\u0131n haritas\u0131 ve unutulur bir zamanlar &#8220;ben&#8221; dedi\u011fimiz o k\u00fc\u00e7\u00fck yalan <\/p>\n","protected":false},"excerpt":{"rendered":"<p>ta\u015f suya de\u011fince k\u0131r\u0131l\u0131r ten y\u0131rt\u0131l\u0131r hat\u0131rlaman\u0131n haritas\u0131 ve unutulur bir zamanlar &#8220;ben&#8221; dedi\u011fimiz o k\u00fc\u00e7\u00fck yalan<\/p>\n","protected":false},"featured_media":0,"template":"","meta":{"_monsterinsights_skip_tracking":false,"_monsterinsights_sitenote_active":false,"_monsterinsights_sitenote_note":"","_monsterinsights_sitenote_category":0},"product_brand":[],"product_cat":[12291,12509],"product_tag":[],"class_list":{"0":"post-738818","1":"product","2":"type-product","3":"status-publish","5":"product_cat-edebiyat","6":"product_cat-siir","7":"pa_cilt-ciltsiz","8":"pa_tur-kitap","9":"pa_yayinevi-profil-kitap","10":"pa_yazar-suavi-kemal-yazgic","12":"first","13":"instock","14":"sale","15":"shipping-taxable","16":"purchasable","17":"product-type-simple"},"_links":{"self":[{"href":"https:\/\/roveyayinevi.com.tr\/index.php\/wp-json\/wp\/v2\/product\/738818","targetHints":{"allow":["GET"]}}],"collection":[{"href":"https:\/\/roveyayinevi.com.tr\/index.php\/wp-json\/wp\/v2\/product"}],"about":[{"href":"https:\/\/roveyayinevi.com.tr\/index.php\/wp-json\/wp\/v2\/types\/product"}],"wp:attachment":[{"href":"https:\/\/roveyayinevi.com.tr\/index.php\/wp-json\/wp\/v2\/media?parent=738818"}],"wp:term":[{"taxonomy":"product_brand","embeddable":true,"href":"https:\/\/roveyayinevi.com.tr\/index.php\/wp-json\/wp\/v2\/product_brand?post=738818"},{"taxonomy":"product_cat","embeddable":true,"href":"https:\/\/roveyayinevi.com.tr\/index.php\/wp-json\/wp\/v2\/product_cat?post=738818"},{"taxonomy":"product_tag","embeddable":true,"href":"https:\/\/roveyayinevi.com.tr\/index.php\/wp-json\/wp\/v2\/product_tag?post=738818"}],"curies":[{"name":"wp","href":"https:\/\/api.w.org\/{rel}","templated":true}]}}