{"id":738789,"date":"2025-08-27T23:56:56","date_gmt":"2025-08-27T20:56:56","guid":{"rendered":"https:\/\/roveyayinevi.com.tr\/index.php\/urun\/erken-cocukluk-egitimine-giris-4\/"},"modified":"2026-04-16T02:48:55","modified_gmt":"2026-04-15T23:48:55","slug":"erken-cocukluk-egitimine-giris-4","status":"publish","type":"product","link":"https:\/\/roveyayinevi.com.tr\/index.php\/urun\/erken-cocukluk-egitimine-giris-4\/","title":{"rendered":"Erken \u00c7ocukluk E\u011fitimine Giri\u015f"},"content":{"rendered":"<p>Erken \u00c7ocukluk E\u011fitimine Giri\u015f isimli kitap, okul \u00f6ncesi e\u011fitimle ilgili temel konular\u0131 bar\u0131nd\u0131ran bir kaynak \u00f6zelli\u011fi ta\u015f\u0131maktad\u0131r. M\u00fcfredattaki &#8220;Erken \u00c7ocukluk E\u011fitimine Giri\u015f\u201d ismi dersten kaynakl\u0131 olarak, kitab\u0131n isminde de (uluslararas\u0131 alanda 0-8 ya\u015f grubunu temsil eden) &#8220;erken \u00e7ocukluk\u201d kavram\u0131 ele al\u0131nsa da i\u00e7erik olarak (T\u00fcrkiye\u2019deki e\u011fitim sistemi do\u011frultusunda) 0-6 ya\u015f grubu \u00e7ocuklar\u0131n\u0131 kapsamaktad\u0131r. T\u00fcrkiye\u2019de Okul \u00d6ncesi \u00d6\u011fretmenli\u011fi Lisans Program\u0131\u2019nda 0-6 ya\u015f aras\u0131n\u0131 kapsayan bir d\u00f6nem ele al\u0131nmaktad\u0131r.Dolay\u0131s\u0131yla kitab\u0131n isminde 0-8 ya\u015f s\u00f6z konusu olsa da i\u00e7erik 0-6 ya\u015f\u0131 esas alm\u0131\u015ft\u0131r. Erken \u00c7ocukluk E\u011fitimine Giri\u015f dersi, lisans e\u011fitimindeki ilk alan dersi olmas\u0131 nedeniyle \u00f6\u011frenciler ve akademisyenler i\u00e7in ayr\u0131 bir \u00f6neme sahiptir. Bu ba\u011flamda, Erken \u00c7ocukluk E\u011fitimine Giri\u015f kitab\u0131, (m\u00fcfredat\u0131 temel alsa da) geni\u015f bir bak\u0131\u015f a\u00e7\u0131s\u0131 ile haz\u0131rlanm\u0131\u015ft\u0131r. \u015e\u00f6yle ki, erken \u00e7ocukluk e\u011fitiminin tan\u0131m\u0131, ama\u00e7lar\u0131, yararlar\u0131, okul \u00f6ncesi e\u011fitiminin temel ilkeleri, okul \u00f6ncesi d\u00f6nem \u00e7ocu\u011funun geli\u015fimsel \u00f6zellikleri, ya\u015fam\u0131n ilk y\u0131llar\u0131ndaki e\u011fitime ili\u015fkin g\u00f6r\u00fc\u015fler, T\u00fcrkiye\u2019de ve D\u00fcnya\u2019da okul \u00f6ncesi e\u011fitim, T\u00fcrkiye\u2019de okul \u00f6ncesi e\u011fitim kurumlar\u0131 ve ilgili kurulu\u015flar, okul \u00f6ncesi e\u011fitim kurumlar\u0131n\u0131n i\u00e7 mek\u00e2n, s\u0131n\u0131f ve d\u0131\u015f mek\u00e2n \u00f6zellikleri ile okul \u00f6ncesi e\u011fitim kurumlar\u0131ndaki personel konular\u0131n\u0131n yan\u0131 s\u0131ra okul \u00f6ncesi e\u011fitim programlar\u0131 ve g\u00fcncel yakla\u015f\u0131mlar konular\u0131 ele al\u0131nm\u0131\u015ft\u0131r. Ek olarak, okul \u00f6ncesi d\u00f6nemde aile, akranlar, aile-okul i\u015fbirli\u011fi, okul \u00f6ncesi e\u011fitimin sorunlar\u0131, \u00e7ocuk haklar\u0131 ve e\u011fitimi, okul \u00f6ncesi e\u011fitimde kalite, kayna\u015ft\u0131rma ba\u015fl\u0131klar\u0131na da yer verilmi\u015ftir.Bu kitap haz\u0131rlan\u0131rken lisans \u00f6\u011frencili\u011fimle ilgili an\u0131lar\u0131m\u0131 yo\u011fun bir \u015fekilde hat\u0131rlama \u015fans\u0131na sahip oldum. O d\u00f6nemki ad\u0131yla Okul \u00d6ncesi E\u011fitime Giri\u015f dersi, lisans e\u011fitimimde \u00f6zel bir yere sahip olmu\u015ftur. Lisans 1. s\u0131n\u0131ftayken, okul \u00f6ncesi e\u011fitimle ilgili alan dersleri sayesinde idealist bir bak\u0131\u015f a\u00e7\u0131s\u0131 ve b\u00fcy\u00fck bir hevesle ba\u015flad\u0131\u011f\u0131m b\u00f6l\u00fcm\u00fcme daha b\u00fcy\u00fck bir sevgi besledim,ilgim artt\u0131. O hevesi ve heyecan\u0131 hala ya\u015f\u0131yorsam, bunda 1997-2001 y\u0131llar\u0131 aras\u0131nda Marmara \u00dcniversitesi Atat\u00fcrk E\u011fitim Fak\u00fcltesi Okul \u00d6ncesi E\u011fitimi ABD.\u2019ndaki lisans e\u011fitimim boyunca ders ald\u0131\u011f\u0131m t\u00fcm hocalar\u0131m\u0131n \u00f6nemli katk\u0131lar\u0131 bulunmaktad\u0131r. Bu vesile ile lisans e\u011fitimimdeki hocalar\u0131ma ayr\u0131 ayr\u0131 minnetimi ve te\u015fekk\u00fcrlerimi sunuyorum.Erken \u00c7ocukluk E\u011fitimine Giri\u015f kitab\u0131m\u0131z\u0131n, \u00f6\u011frenciler ba\u015fta olmak \u00fczere \u00f6\u011fretmenlere, uzmanlara, ara\u015ft\u0131rmac\u0131lara katk\u0131lar sunmas\u0131n\u0131, gen\u00e7 meslekta\u015flar\u0131m\u0131n alana y\u00f6nelik ilgilerini, meraklar\u0131n\u0131 ve sevgilerini artt\u0131rmas\u0131n\u0131 diliyorum. Kitapta eme\u011fi ge\u00e7en t\u00fcm meslekta\u015flar\u0131m\u0131n eme\u011fine, kalemine sa\u011fl\u0131k\u2026 \u0130\u00e7lerindeki co\u015fkuyu, \u00f6\u011frenme a\u015fk\u0131n\u0131, alana duyduklar\u0131 ilgiyi ve sevgiyi kitab\u0131m\u0131za \u00e7ok samimi bir \u015fekilde yans\u0131tt\u0131lar. Katk\u0131lar\u0131ndan dolay\u0131 yazarlar\u0131m\u0131za ve E\u011fiten Kitap\u2019tan \u00d6zg\u00fcr Do\u011fan\u2019a te\u015fekk\u00fcr ederim.<\/p>\n","protected":false},"excerpt":{"rendered":"<p>Erken \u00c7ocukluk E\u011fitimine Giri\u015f isimli kitap, okul \u00f6ncesi e\u011fitimle ilgili temel konular\u0131 bar\u0131nd\u0131ran bir kaynak \u00f6zelli\u011fi ta\u015f\u0131maktad\u0131r. M\u00fcfredattaki &#8220;Erken \u00c7ocukluk E\u011fitimine Giri\u015f\u201d ismi dersten kaynakl\u0131 olarak,<span class=\"excerpt-hellip\"> [\u2026]<\/span><\/p>\n","protected":false},"featured_media":0,"template":"","meta":{"_monsterinsights_skip_tracking":false,"_monsterinsights_sitenote_active":false,"_monsterinsights_sitenote_note":"","_monsterinsights_sitenote_category":0},"product_brand":[],"product_cat":[12573,12566],"product_tag":[],"class_list":{"0":"post-738789","1":"product","2":"type-product","3":"status-publish","5":"product_cat-akademik-kitaplar","6":"product_cat-egitim","7":"pa_cilt-ciltsiz","8":"pa_tur-kitap","9":"pa_yayinevi-egiten-kitap","10":"pa_yazar-kolektif","12":"first","13":"instock","14":"sale","15":"shipping-taxable","16":"purchasable","17":"product-type-simple"},"_links":{"self":[{"href":"https:\/\/roveyayinevi.com.tr\/index.php\/wp-json\/wp\/v2\/product\/738789","targetHints":{"allow":["GET"]}}],"collection":[{"href":"https:\/\/roveyayinevi.com.tr\/index.php\/wp-json\/wp\/v2\/product"}],"about":[{"href":"https:\/\/roveyayinevi.com.tr\/index.php\/wp-json\/wp\/v2\/types\/product"}],"wp:attachment":[{"href":"https:\/\/roveyayinevi.com.tr\/index.php\/wp-json\/wp\/v2\/media?parent=738789"}],"wp:term":[{"taxonomy":"product_brand","embeddable":true,"href":"https:\/\/roveyayinevi.com.tr\/index.php\/wp-json\/wp\/v2\/product_brand?post=738789"},{"taxonomy":"product_cat","embeddable":true,"href":"https:\/\/roveyayinevi.com.tr\/index.php\/wp-json\/wp\/v2\/product_cat?post=738789"},{"taxonomy":"product_tag","embeddable":true,"href":"https:\/\/roveyayinevi.com.tr\/index.php\/wp-json\/wp\/v2\/product_tag?post=738789"}],"curies":[{"name":"wp","href":"https:\/\/api.w.org\/{rel}","templated":true}]}}