{"id":738786,"date":"2025-08-27T23:56:54","date_gmt":"2025-08-27T20:56:54","guid":{"rendered":"https:\/\/roveyayinevi.com.tr\/index.php\/urun\/agir-taslar-aforizmalarimdan-secmelerim\/"},"modified":"2026-04-16T02:48:55","modified_gmt":"2026-04-15T23:48:55","slug":"agir-taslar-aforizmalarimdan-secmelerim","status":"publish","type":"product","link":"https:\/\/roveyayinevi.com.tr\/index.php\/urun\/agir-taslar-aforizmalarimdan-secmelerim\/","title":{"rendered":"A\u011f\u0131r Ta\u015flar -Aforizmalar\u0131mdan Se\u00e7melerim"},"content":{"rendered":"<p>Babam anlatm\u0131\u015ft\u0131; b\u00fcy\u00fck b\u00fcy\u00fck dedem at yok, araba yok, yoksulluk \u00e7ok; il\u00e7eden il\u00e7eden \u015fehre y\u00fcr\u00fcyerek gelirmi\u015f, ku\u015f u\u00e7u\u015fu 140 kilometrelik yolu. Y\u00fcr\u00fcrm\u00fc\u015f y\u00fcr\u00fcrm\u00fc\u015f ve \u00e7ok yoruldu\u011fu zaman dinlenmezmi\u015f. Yerden buldu\u011fu bir a\u011f\u0131r ta\u015f\u0131 kuca\u011f\u0131na al\u0131r 50-100 metre de \u00f6yle y\u00fcr\u00fcrm\u00fc\u015f. Daha sonra o ta\u015f\u0131 b\u0131rakt\u0131\u011f\u0131nda anas\u0131ndan yeni do\u011fmu\u015f gibi; ku\u015f gibi olurmu\u015f ve y\u00fcr\u00fcmeye devam edermi\u015f.   Hepimizin \u2018\u2019A\u011f\u0131r ta\u015flar\u2019\u2019 \u0131 olmal\u0131, bu uzun hayat yolunda\u2026! Mehmet G\u00fcrb\u00fczer   Mehmet G\u00fcrb\u00fczer, Sivas Cumhuriyet \u00dcniversitesi\u2019nde ders vermi\u015f, \u00f6\u011frencilere de\u011fer katm\u0131\u015f bir \u00f6\u011fretmen. Yapt\u0131\u011f\u0131 bu \u00e7al\u0131\u015fman\u0131n sizlere de ilham verece\u011fine inan\u0131yorum. Ahmet \u015eerif \u0130zg\u00f6ren<\/p>\n","protected":false},"excerpt":{"rendered":"<p>Babam anlatm\u0131\u015ft\u0131; b\u00fcy\u00fck b\u00fcy\u00fck dedem at yok, araba yok, yoksulluk \u00e7ok; il\u00e7eden il\u00e7eden \u015fehre y\u00fcr\u00fcyerek gelirmi\u015f, ku\u015f u\u00e7u\u015fu 140 kilometrelik yolu. Y\u00fcr\u00fcrm\u00fc\u015f y\u00fcr\u00fcrm\u00fc\u015f ve \u00e7ok yoruldu\u011fu<span class=\"excerpt-hellip\"> [\u2026]<\/span><\/p>\n","protected":false},"featured_media":0,"template":"","meta":{"_monsterinsights_skip_tracking":false,"_monsterinsights_sitenote_active":false,"_monsterinsights_sitenote_note":"","_monsterinsights_sitenote_category":0},"product_brand":[],"product_cat":[12364,12376],"product_tag":[],"class_list":{"0":"post-738786","1":"product","2":"type-product","3":"status-publish","5":"product_cat-genel-konular","6":"product_cat-kisisel-gelisim","7":"pa_cilt-ciltsiz","8":"pa_tur-kitap","9":"pa_yayinevi-mela-yayinlari","10":"pa_yazar-mehmet-gurbuzer","12":"first","13":"instock","14":"sale","15":"shipping-taxable","16":"purchasable","17":"product-type-simple"},"_links":{"self":[{"href":"https:\/\/roveyayinevi.com.tr\/index.php\/wp-json\/wp\/v2\/product\/738786","targetHints":{"allow":["GET"]}}],"collection":[{"href":"https:\/\/roveyayinevi.com.tr\/index.php\/wp-json\/wp\/v2\/product"}],"about":[{"href":"https:\/\/roveyayinevi.com.tr\/index.php\/wp-json\/wp\/v2\/types\/product"}],"wp:attachment":[{"href":"https:\/\/roveyayinevi.com.tr\/index.php\/wp-json\/wp\/v2\/media?parent=738786"}],"wp:term":[{"taxonomy":"product_brand","embeddable":true,"href":"https:\/\/roveyayinevi.com.tr\/index.php\/wp-json\/wp\/v2\/product_brand?post=738786"},{"taxonomy":"product_cat","embeddable":true,"href":"https:\/\/roveyayinevi.com.tr\/index.php\/wp-json\/wp\/v2\/product_cat?post=738786"},{"taxonomy":"product_tag","embeddable":true,"href":"https:\/\/roveyayinevi.com.tr\/index.php\/wp-json\/wp\/v2\/product_tag?post=738786"}],"curies":[{"name":"wp","href":"https:\/\/api.w.org\/{rel}","templated":true}]}}