{"id":738760,"date":"2025-08-27T23:56:24","date_gmt":"2025-08-27T20:56:24","guid":{"rendered":"https:\/\/roveyayinevi.com.tr\/index.php\/urun\/siir-ve-sairin-merami\/"},"modified":"2026-04-16T02:48:54","modified_gmt":"2026-04-15T23:48:54","slug":"siir-ve-sairin-merami","status":"publish","type":"product","link":"https:\/\/roveyayinevi.com.tr\/index.php\/urun\/siir-ve-sairin-merami\/","title":{"rendered":"\u015eiir Ve \u015eairin Meram\u0131"},"content":{"rendered":"<p>\u015eair, ya\u015fam boyu i\u00e7inden atamad\u0131\u011f\u0131, ka\u00e7\u0131p kurtulamad\u0131\u011f\u0131, dokundu\u011fu her nesneye, dokudu\u011fu her dizeye bula\u015fan ac\u0131 ile sevincin, k\u00f6t\u00fcl\u00fck ve iyili\u011fin, iyile\u015fmi\u015f ve iyile\u015fmemi\u015f yaralar\u0131n, daldaki s\u00fcrg\u00fcn\u00fcn ve k\u0131r\u0131lan dal\u0131n, kurulan hayalin ve ger\u00e7e\u011fin pe\u015finden ya\u015fad\u0131\u011f\u0131 d\u00fcnyadan, tasarlad\u0131\u011f\u0131 d\u00fcnyaya do\u011fru yol al\u0131r. \u015eiir de tam buradad\u0131r i\u015fte.      K\u0131y\u0131da k\u00f6\u015fede kalmas\u0131n, \u015fiire bula\u015fan insanlara belki yol g\u00f6sterir diye topla\u015f\u0131p bir kitap oldular.      \u00d6yleyse buyurun\u2026   <\/p>\n","protected":false},"excerpt":{"rendered":"<p>\u015eair, ya\u015fam boyu i\u00e7inden atamad\u0131\u011f\u0131, ka\u00e7\u0131p kurtulamad\u0131\u011f\u0131, dokundu\u011fu her nesneye, dokudu\u011fu her dizeye bula\u015fan ac\u0131 ile sevincin, k\u00f6t\u00fcl\u00fck ve iyili\u011fin, iyile\u015fmi\u015f ve iyile\u015fmemi\u015f yaralar\u0131n, daldaki s\u00fcrg\u00fcn\u00fcn<span class=\"excerpt-hellip\"> [\u2026]<\/span><\/p>\n","protected":false},"featured_media":0,"template":"","meta":{"_monsterinsights_skip_tracking":false,"_monsterinsights_sitenote_active":false,"_monsterinsights_sitenote_note":"","_monsterinsights_sitenote_category":0},"product_brand":[],"product_cat":[12777,12291],"product_tag":[],"class_list":{"0":"post-738760","1":"product","2":"type-product","3":"status-publish","5":"product_cat-deneme","6":"product_cat-edebiyat","7":"pa_cilt-ciltsiz","8":"pa_tur-kitap","9":"pa_yayinevi-favori-yayinlari","10":"pa_yazar-osman-namdar","12":"first","13":"instock","14":"sale","15":"shipping-taxable","16":"purchasable","17":"product-type-simple"},"_links":{"self":[{"href":"https:\/\/roveyayinevi.com.tr\/index.php\/wp-json\/wp\/v2\/product\/738760","targetHints":{"allow":["GET"]}}],"collection":[{"href":"https:\/\/roveyayinevi.com.tr\/index.php\/wp-json\/wp\/v2\/product"}],"about":[{"href":"https:\/\/roveyayinevi.com.tr\/index.php\/wp-json\/wp\/v2\/types\/product"}],"wp:attachment":[{"href":"https:\/\/roveyayinevi.com.tr\/index.php\/wp-json\/wp\/v2\/media?parent=738760"}],"wp:term":[{"taxonomy":"product_brand","embeddable":true,"href":"https:\/\/roveyayinevi.com.tr\/index.php\/wp-json\/wp\/v2\/product_brand?post=738760"},{"taxonomy":"product_cat","embeddable":true,"href":"https:\/\/roveyayinevi.com.tr\/index.php\/wp-json\/wp\/v2\/product_cat?post=738760"},{"taxonomy":"product_tag","embeddable":true,"href":"https:\/\/roveyayinevi.com.tr\/index.php\/wp-json\/wp\/v2\/product_tag?post=738760"}],"curies":[{"name":"wp","href":"https:\/\/api.w.org\/{rel}","templated":true}]}}