{"id":738757,"date":"2025-08-27T23:56:20","date_gmt":"2025-08-27T20:56:20","guid":{"rendered":"https:\/\/roveyayinevi.com.tr\/index.php\/urun\/siir-kanatli-kuslarim\/"},"modified":"2026-04-16T02:48:53","modified_gmt":"2026-04-15T23:48:53","slug":"siir-kanatli-kuslarim","status":"publish","type":"product","link":"https:\/\/roveyayinevi.com.tr\/index.php\/urun\/siir-kanatli-kuslarim\/","title":{"rendered":"\u015eiir Kanatl\u0131 Ku\u015flar\u0131m"},"content":{"rendered":"<p>\u015eiirlerine t\u00fcm duygular\u0131n\u0131 yans\u0131tan, ya\u015fanm\u0131\u015fl\u0131klar\u0131n\u0131 anlatan yazar\u0131m\u0131z\u0131n yazd\u0131klar\u0131n\u0131 okudu\u011funuzda; ya\u015fad\u0131klar\u0131n\u0131, i\u00e7inde bulundu\u011fu duygu durumlar\u0131n\u0131, \u00f6zg\u00fcrce, zincire vurulmadan kaleminin ucundan beyaz sayfalara damlat\u0131verdi\u011fini siz de duyumsayacaks\u0131n\u0131z. De\u011fi\u015fik tatlarda; kimi ac\u0131l\u0131, kimi ek\u015fili, kimi tuzlu, kimi tatl\u0131 ama hep ya\u015fam\u0131n ger\u00e7ekleriyle yu\u011furarak sundu\u011fu dizelerin, do\u011fal \u015fiirlerin sahibi Muazzez \u00d6zcan; \u015eiir Kanatl\u0131 Ku\u015flar\u0131m kitab\u0131ndaki \u00e7al\u0131\u015fmalar\u0131nda, g\u00f6nl\u00fcn\u00fcze y\u00fckledi\u011fi s\u00f6zc\u00fcklerden olu\u015fan melodilerle, unutamayaca\u011f\u0131n\u0131z, \u015fiirlerini okumaktan yorulmayaca\u011f\u0131n\u0131z, gerek duyduk\u00e7a da yan\u0131 ba\u015f\u0131n\u0131zda bulaca\u011f\u0131n\u0131z dost nefesi olacakt\u0131r.Haydi, sayfalar\u0131 \u00e7evirmeye ba\u015flayal\u0131m.   <\/p>\n","protected":false},"excerpt":{"rendered":"<p>\u015eiirlerine t\u00fcm duygular\u0131n\u0131 yans\u0131tan, ya\u015fanm\u0131\u015fl\u0131klar\u0131n\u0131 anlatan yazar\u0131m\u0131z\u0131n yazd\u0131klar\u0131n\u0131 okudu\u011funuzda; ya\u015fad\u0131klar\u0131n\u0131, i\u00e7inde bulundu\u011fu duygu durumlar\u0131n\u0131, \u00f6zg\u00fcrce, zincire vurulmadan kaleminin ucundan beyaz sayfalara damlat\u0131verdi\u011fini siz de duyumsayacaks\u0131n\u0131z. De\u011fi\u015fik<span class=\"excerpt-hellip\"> [\u2026]<\/span><\/p>\n","protected":false},"featured_media":0,"template":"","meta":{"_monsterinsights_skip_tracking":false,"_monsterinsights_sitenote_active":false,"_monsterinsights_sitenote_note":"","_monsterinsights_sitenote_category":0},"product_brand":[],"product_cat":[12291,12509],"product_tag":[],"class_list":{"0":"post-738757","1":"product","2":"type-product","3":"status-publish","5":"product_cat-edebiyat","6":"product_cat-siir","7":"pa_cilt-ciltsiz","8":"pa_tur-kitap","9":"pa_yayinevi-imgenin-cocuklari","10":"pa_yazar-muazzez-ozcan","12":"first","13":"instock","14":"sale","15":"shipping-taxable","16":"purchasable","17":"product-type-simple"},"_links":{"self":[{"href":"https:\/\/roveyayinevi.com.tr\/index.php\/wp-json\/wp\/v2\/product\/738757","targetHints":{"allow":["GET"]}}],"collection":[{"href":"https:\/\/roveyayinevi.com.tr\/index.php\/wp-json\/wp\/v2\/product"}],"about":[{"href":"https:\/\/roveyayinevi.com.tr\/index.php\/wp-json\/wp\/v2\/types\/product"}],"wp:attachment":[{"href":"https:\/\/roveyayinevi.com.tr\/index.php\/wp-json\/wp\/v2\/media?parent=738757"}],"wp:term":[{"taxonomy":"product_brand","embeddable":true,"href":"https:\/\/roveyayinevi.com.tr\/index.php\/wp-json\/wp\/v2\/product_brand?post=738757"},{"taxonomy":"product_cat","embeddable":true,"href":"https:\/\/roveyayinevi.com.tr\/index.php\/wp-json\/wp\/v2\/product_cat?post=738757"},{"taxonomy":"product_tag","embeddable":true,"href":"https:\/\/roveyayinevi.com.tr\/index.php\/wp-json\/wp\/v2\/product_tag?post=738757"}],"curies":[{"name":"wp","href":"https:\/\/api.w.org\/{rel}","templated":true}]}}