{"id":738752,"date":"2025-08-27T23:56:14","date_gmt":"2025-08-27T20:56:14","guid":{"rendered":"https:\/\/roveyayinevi.com.tr\/index.php\/urun\/sabah-gunesi\/"},"modified":"2026-04-16T02:48:53","modified_gmt":"2026-04-15T23:48:53","slug":"sabah-gunesi","status":"publish","type":"product","link":"https:\/\/roveyayinevi.com.tr\/index.php\/urun\/sabah-gunesi\/","title":{"rendered":"Sabah G\u00fcne\u015fi"},"content":{"rendered":"<p>SABAH G\u00dcNE\u015e\u0130   sabah g\u00fcne\u015fi do\u011farken, yeni bir g\u00fcn ba\u015flar, g\u00f6zler gazetelerde parmaklar a\u011f\u0131zda, t\u0131rnaklar s\u0131zlar di\u015f yaras\u0131ndan   a\u011f\u0131zlar s\u0131ms\u0131k\u0131 diller suskun bo\u011fazda d\u00fc\u011f\u00fcm d\u00fc\u011f\u00fcmd\u00fcr dertler par\u00e7alar karanl\u0131\u011f\u0131 d\u00fc\u015fler, g\u00f6z \u00e7ukurlar\u0131 par\u00e7al\u0131 bulutlu g\u00fcvenle bak\u0131lmaz yar\u0131na ger\u00e7ekler ac\u0131d\u0131r ger\u00e7ekler cimri, ger\u00e7ekler sevilmez, ger\u00e7ekler s\u0131r olur zaman i\u00e7inde,   yalanlar tatl\u0131, yalanlar y\u0131l\u0131\u015f\u0131k, yalanlar sevilir , yalanlar ho\u015ftur , savurgand\u0131r,g\u00fcn i\u00e7inde ne ar\u0131yorsun, ne bulursun, \u015fairin bah\u00e7esinde <\/p>\n","protected":false},"excerpt":{"rendered":"<p>SABAH G\u00dcNE\u015e\u0130 sabah g\u00fcne\u015fi do\u011farken, yeni bir g\u00fcn ba\u015flar, g\u00f6zler gazetelerde parmaklar a\u011f\u0131zda, t\u0131rnaklar s\u0131zlar di\u015f yaras\u0131ndan a\u011f\u0131zlar s\u0131ms\u0131k\u0131 diller suskun bo\u011fazda d\u00fc\u011f\u00fcm d\u00fc\u011f\u00fcmd\u00fcr dertler par\u00e7alar<span class=\"excerpt-hellip\"> [\u2026]<\/span><\/p>\n","protected":false},"featured_media":0,"template":"","meta":{"_monsterinsights_skip_tracking":false,"_monsterinsights_sitenote_active":false,"_monsterinsights_sitenote_note":"","_monsterinsights_sitenote_category":0},"product_brand":[],"product_cat":[12291,12509],"product_tag":[],"class_list":{"0":"post-738752","1":"product","2":"type-product","3":"status-publish","5":"product_cat-edebiyat","6":"product_cat-siir","7":"pa_cilt-ciltsiz","8":"pa_tur-kitap","9":"pa_yayinevi-gulnar-yayinlari","10":"pa_yazar-rasim-kavlak","12":"first","13":"instock","14":"sale","15":"shipping-taxable","16":"purchasable","17":"product-type-simple"},"_links":{"self":[{"href":"https:\/\/roveyayinevi.com.tr\/index.php\/wp-json\/wp\/v2\/product\/738752","targetHints":{"allow":["GET"]}}],"collection":[{"href":"https:\/\/roveyayinevi.com.tr\/index.php\/wp-json\/wp\/v2\/product"}],"about":[{"href":"https:\/\/roveyayinevi.com.tr\/index.php\/wp-json\/wp\/v2\/types\/product"}],"wp:attachment":[{"href":"https:\/\/roveyayinevi.com.tr\/index.php\/wp-json\/wp\/v2\/media?parent=738752"}],"wp:term":[{"taxonomy":"product_brand","embeddable":true,"href":"https:\/\/roveyayinevi.com.tr\/index.php\/wp-json\/wp\/v2\/product_brand?post=738752"},{"taxonomy":"product_cat","embeddable":true,"href":"https:\/\/roveyayinevi.com.tr\/index.php\/wp-json\/wp\/v2\/product_cat?post=738752"},{"taxonomy":"product_tag","embeddable":true,"href":"https:\/\/roveyayinevi.com.tr\/index.php\/wp-json\/wp\/v2\/product_tag?post=738752"}],"curies":[{"name":"wp","href":"https:\/\/api.w.org\/{rel}","templated":true}]}}