{"id":738738,"date":"2025-08-27T23:56:03","date_gmt":"2025-08-27T20:56:03","guid":{"rendered":"https:\/\/roveyayinevi.com.tr\/index.php\/urun\/toplumsal-adalet-ve-totalitarizm\/"},"modified":"2026-04-16T02:48:53","modified_gmt":"2026-04-15T23:48:53","slug":"toplumsal-adalet-ve-totalitarizm","status":"publish","type":"product","link":"https:\/\/roveyayinevi.com.tr\/index.php\/urun\/toplumsal-adalet-ve-totalitarizm\/","title":{"rendered":"Toplumsal Adalet ve Totalitarizm"},"content":{"rendered":"<p>Totalitarizmin adaletsizli\u011finde hemfikir olanlar, adaletin toplumsall\u0131\u011f\u0131 konu edilince &#8220;ilk sahipleni\u015f&#8221; ya da &#8220;hak edi\u015f&#8221; gibi, temelde &#8220;\u00e7\u0131karc\u0131&#8221; ve &#8220;f\u0131rsat\u00e7\u0131&#8221; niyetler ta\u015f\u0131yan gerek\u00e7eleri ileri s\u00fcrmektedirler. Hi\u00e7 ku\u015fkusuz totalitarizm, bir toplumsal adaletsizlik durumudur. Ama&#8221; &#8220;toplumsall\u0131k&#8221; nosyonunu yitirmi\u015f bir adaletin de, \u00e2dil mi yoksa gayr-i \u00e2dil mi oldu\u011fu \u015f\u00fcphelidir.Oysa ger\u00e7ek adalet, \u00f6ncelikle \u015f\u00fcpheye yer vermeyecek \u00f6l\u00e7\u00fcde kesin ilkelere ba\u011fl\u0131 kalmay\u0131 ve hakkaniyet \u00f6l\u00e7\u00fct\u00fcn\u00fc keyfi tasarruftan sistemsel olarak uzakla\u015ft\u0131rmay\u0131 gerektirmektedir. Bu da elbette yaln\u0131zca bir hukuk sorunu de\u011fildir.<\/p>\n","protected":false},"excerpt":{"rendered":"<p>Totalitarizmin adaletsizli\u011finde hemfikir olanlar, adaletin toplumsall\u0131\u011f\u0131 konu edilince &#8220;ilk sahipleni\u015f&#8221; ya da &#8220;hak edi\u015f&#8221; gibi, temelde &#8220;\u00e7\u0131karc\u0131&#8221; ve &#8220;f\u0131rsat\u00e7\u0131&#8221; niyetler ta\u015f\u0131yan gerek\u00e7eleri ileri s\u00fcrmektedirler. Hi\u00e7 ku\u015fkusuz<span class=\"excerpt-hellip\"> [\u2026]<\/span><\/p>\n","protected":false},"featured_media":0,"template":"","meta":{"_monsterinsights_skip_tracking":false,"_monsterinsights_sitenote_active":false,"_monsterinsights_sitenote_note":"","_monsterinsights_sitenote_category":0},"product_brand":[],"product_cat":[12325,12324],"product_tag":[],"class_list":{"0":"post-738738","1":"product","2":"type-product","3":"status-publish","5":"product_cat-diger-sosyoloji","6":"product_cat-sosyoloji","7":"pa_cilt-ciltsiz","8":"pa_tur-kitap","9":"pa_yayinevi-divan-kitap","10":"pa_yazar-betul-karagoz","12":"first","13":"instock","14":"sale","15":"shipping-taxable","16":"purchasable","17":"product-type-simple"},"_links":{"self":[{"href":"https:\/\/roveyayinevi.com.tr\/index.php\/wp-json\/wp\/v2\/product\/738738","targetHints":{"allow":["GET"]}}],"collection":[{"href":"https:\/\/roveyayinevi.com.tr\/index.php\/wp-json\/wp\/v2\/product"}],"about":[{"href":"https:\/\/roveyayinevi.com.tr\/index.php\/wp-json\/wp\/v2\/types\/product"}],"wp:attachment":[{"href":"https:\/\/roveyayinevi.com.tr\/index.php\/wp-json\/wp\/v2\/media?parent=738738"}],"wp:term":[{"taxonomy":"product_brand","embeddable":true,"href":"https:\/\/roveyayinevi.com.tr\/index.php\/wp-json\/wp\/v2\/product_brand?post=738738"},{"taxonomy":"product_cat","embeddable":true,"href":"https:\/\/roveyayinevi.com.tr\/index.php\/wp-json\/wp\/v2\/product_cat?post=738738"},{"taxonomy":"product_tag","embeddable":true,"href":"https:\/\/roveyayinevi.com.tr\/index.php\/wp-json\/wp\/v2\/product_tag?post=738738"}],"curies":[{"name":"wp","href":"https:\/\/api.w.org\/{rel}","templated":true}]}}