{"id":738736,"date":"2025-08-27T23:56:02","date_gmt":"2025-08-27T20:56:02","guid":{"rendered":"https:\/\/roveyayinevi.com.tr\/index.php\/urun\/erken-yirminci-yuzyilda-evici-mekan-uretimi-ve-parisli-avangart-kadinlar\/"},"modified":"2026-04-16T02:48:53","modified_gmt":"2026-04-15T23:48:53","slug":"erken-yirminci-yuzyilda-evici-mekan-uretimi-ve-parisli-avangart-kadinlar","status":"publish","type":"product","link":"https:\/\/roveyayinevi.com.tr\/index.php\/urun\/erken-yirminci-yuzyilda-evici-mekan-uretimi-ve-parisli-avangart-kadinlar\/","title":{"rendered":"Erken Yirminci Y\u00fczy\u0131lda Evi\u00e7i Mekan \u00dcretimi ve Parisli Avangart Kad\u0131nlar"},"content":{"rendered":"<p>Y\u0131ld\u0131z \u0130pek Mehmeto\u011flu, ilk\u00f6\u011fretim ve lise e\u011fitimini ODT\u00dc Koleji&#8217;nde birincilikle tamamlad\u0131. 2012 y\u0131l\u0131nda ODT\u00dc Mimarl\u0131k Fak\u00fcltesi Mimarl\u0131k B\u00f6l\u00fcm\u00fc&#8217;nden mezun oldu. 2010-2011 akademik y\u0131l\u0131nda Fransa Paris&#8217;te ENSA-Paris-Belleville mimarl\u0131k okulunda Erasmus d\u00f6n\u00fc\u015f\u00fcm program\u0131 \u00f6\u011frencisi olarak e\u011fitim ald\u0131, ayn\u0131 y\u0131l Paris&#8217;te S\u00e9rau mimarl\u0131k ofisinde staj yapt\u0131. 2014 y\u0131l\u0131nda ODT\u00dc Mimarl\u0131k B\u00f6l\u00fcm\u00fc Mimarl\u0131k Tarihi program\u0131nda y\u00fcksek lisans\u0131n\u0131 tamamlad\u0131. 2012-2014 y\u0131llar\u0131 aras\u0131nda ayn\u0131 b\u00f6l\u00fcmde ara\u015ft\u0131rma g\u00f6revlisi olarak \u00e7al\u0131\u015ft\u0131. 2014 y\u0131l\u0131ndan itibaren Kanada Montr\u00e9al&#8217;de McGill University School of Architecture&#8217;da erken yirminci y\u00fczy\u0131lda mimarl\u0131k, sanat, g\u00fcndelik hayat ve toplumsal cinsiyet ili\u015fkilerini inceleyen doktora \u00e7al\u0131\u015fmalar\u0131n\u0131 y\u00fcr\u00fctmektedir.<\/p>\n","protected":false},"excerpt":{"rendered":"<p>Y\u0131ld\u0131z \u0130pek Mehmeto\u011flu, ilk\u00f6\u011fretim ve lise e\u011fitimini ODT\u00dc Koleji&#8217;nde birincilikle tamamlad\u0131. 2012 y\u0131l\u0131nda ODT\u00dc Mimarl\u0131k Fak\u00fcltesi Mimarl\u0131k B\u00f6l\u00fcm\u00fc&#8217;nden mezun oldu. 2010-2011 akademik y\u0131l\u0131nda Fransa Paris&#8217;te ENSA-Paris-Belleville<span class=\"excerpt-hellip\"> [\u2026]<\/span><\/p>\n","protected":false},"featured_media":0,"template":"","meta":{"_monsterinsights_skip_tracking":false,"_monsterinsights_sitenote_active":false,"_monsterinsights_sitenote_note":"","_monsterinsights_sitenote_category":0},"product_brand":[],"product_cat":[12370,12304],"product_tag":[],"class_list":{"0":"post-738736","1":"product","2":"type-product","3":"status-publish","5":"product_cat-arastirma-inceleme","6":"product_cat-tarih","7":"pa_cilt-ciltsiz","8":"pa_tur-kitap","9":"pa_yayinevi-odtu-akademik-kitaplar","10":"pa_yazar-yildiz-ipek-mehmetoglu","12":"first","13":"instock","14":"sale","15":"shipping-taxable","16":"purchasable","17":"product-type-simple"},"_links":{"self":[{"href":"https:\/\/roveyayinevi.com.tr\/index.php\/wp-json\/wp\/v2\/product\/738736","targetHints":{"allow":["GET"]}}],"collection":[{"href":"https:\/\/roveyayinevi.com.tr\/index.php\/wp-json\/wp\/v2\/product"}],"about":[{"href":"https:\/\/roveyayinevi.com.tr\/index.php\/wp-json\/wp\/v2\/types\/product"}],"wp:attachment":[{"href":"https:\/\/roveyayinevi.com.tr\/index.php\/wp-json\/wp\/v2\/media?parent=738736"}],"wp:term":[{"taxonomy":"product_brand","embeddable":true,"href":"https:\/\/roveyayinevi.com.tr\/index.php\/wp-json\/wp\/v2\/product_brand?post=738736"},{"taxonomy":"product_cat","embeddable":true,"href":"https:\/\/roveyayinevi.com.tr\/index.php\/wp-json\/wp\/v2\/product_cat?post=738736"},{"taxonomy":"product_tag","embeddable":true,"href":"https:\/\/roveyayinevi.com.tr\/index.php\/wp-json\/wp\/v2\/product_tag?post=738736"}],"curies":[{"name":"wp","href":"https:\/\/api.w.org\/{rel}","templated":true}]}}

Erken Yirminci Yüzyılda Eviçi Mekan Üretimi ve Parisli Avangart Kadınlar

<p>Yıldız İpek Mehmetoğlu, ilköğretim ve lise eğitimini ODTÜ Koleji&#8217;nde birincilikle tamamladı. 2012 yılında ODTÜ Mimarlık Fakültesi Mimarlık Bölümü&#8217;nden mezun oldu. 2010-2011 akademik yılında Fransa Paris&#8217;te ENSA-Paris-Belleville mimarlık okulunda Erasmus dönüşüm programı öğrencisi olarak eğitim aldı, aynı yıl Paris&#8217;te Sérau mimarlık ofisinde staj yaptı. 2014 yılında ODTÜ Mimarlık Bölümü Mimarlık Tarihi programında yüksek lisansını tamamladı. 2012-2014 yılları arasında aynı bölümde araştırma görevlisi olarak çalıştı. 2014 yılından itibaren Kanada Montréal&#8217;de McGill University School of Architecture&#8217;da erken yirminci yüzyılda mimarlık, sanat, gündelik hayat ve toplumsal cinsiyet ilişkilerini inceleyen doktora çalışmalarını yürütmektedir.</p>

<p>Yıldız İpek Mehmetoğlu, ilköğretim ve lise eğitimini ODTÜ Koleji&#8217;nde birincilikle tamamladı. 2012 yılında ODTÜ Mimarlık Fakültesi Mimarlık Bölümü&#8217;nden mezun oldu. 2010-2011 akademik yılında Fransa Paris&#8217;te ENSA-Paris-Belleville<span class="excerpt-hellip"> […]</span></p>
