{"id":738721,"date":"2025-08-27T23:55:49","date_gmt":"2025-08-27T20:55:49","guid":{"rendered":"https:\/\/roveyayinevi.com.tr\/index.php\/urun\/nazar-buyu-ve-fal-inanclar-uygulamalar\/"},"modified":"2026-04-16T02:48:52","modified_gmt":"2026-04-15T23:48:52","slug":"nazar-buyu-ve-fal-inanclar-uygulamalar","status":"publish","type":"product","link":"https:\/\/roveyayinevi.com.tr\/index.php\/urun\/nazar-buyu-ve-fal-inanclar-uygulamalar\/","title":{"rendered":"Nazar B\u00fcy\u00fc ve Fal- \u0130nan\u00e7lar Uygulamalar"},"content":{"rendered":"<p>Nazar, b\u00fcy\u00fc ve fal konusundaki inan\u00e7 ve uygulamalar\u0131n T\u00fcrk toplumundaki yans\u0131malar\u0131n\u0131 inceleyen bu ara\u015ft\u0131rma, T\u00fcrkiye&#8217;de halk aras\u0131nda bir \u015fekilde uygulama alan\u0131 bulan, ancak \u00e7o\u011fu kimsenin bu konudaki inan\u00e7 ve tutumlar\u0131n\u0131 gizli tutmak istedi\u011fi bir konuyu empirik verilerle inceleyen bir ara\u015ft\u0131rmad\u0131r. T\u0131pk\u0131 ara\u015ft\u0131rma verilerimizi toplarken kar\u015f\u0131la\u015ft\u0131\u011f\u0131m\u0131z gibi, bu kitab\u0131 ilk defa eline alan insanlar\u0131n da kitaba kar\u015f\u0131 \u00f6nyarg\u0131l\u0131 ve mesafeli bir yakla\u015f\u0131m sergilemesi muhtemeldir. Belki de bilim \u00e7evreleri, ele al\u0131nan konular\u0131n genellikle paranormal olaylar olmas\u0131 nedeniyle kitab\u0131 ele\u015ftirirken, di\u011fer okuyucular, ara\u015ft\u0131rman\u0131n Sosyolojik bir \u00e7al\u0131\u015fma oldu\u011funu g\u00f6z ard\u0131 ederek normatif anlat\u0131mdan uzak olan \u00fcslubumuzu ele\u015ftireceklerdir. Ara\u015ft\u0131rma elbette bu t\u00fcr zorluklar\u0131n fark\u0131nda olunarak yap\u0131lm\u0131\u015ft\u0131r. Her ara\u015ft\u0131rmada oldu\u011fu gibi bu ara\u015ft\u0131rmada da geli\u015ftirilmesi gereken noktalar\u0131n bulunmas\u0131 ka\u00e7\u0131n\u0131lmazd\u0131r. Bu nedenle kitab\u0131m\u0131z\u0131 inceleyen ya da okuyanlar\u0131n, ele\u015ftiri ve katk\u0131lar\u0131n\u0131 nezaket kurallar\u0131 \u00e7er\u00e7evesinde gerek yay\u0131nc\u0131 kurulu\u015fa ve gerekse do\u011frudan yazara bildirmeleri halinde hem sonraki bask\u0131larda kitab\u0131n geli\u015ftirilmesi ve hem de bu konudaki bilimsel \u00e7al\u0131\u015fmalara katk\u0131lar\u0131 olacakt\u0131r.<\/p>\n","protected":false},"excerpt":{"rendered":"<p>Nazar, b\u00fcy\u00fc ve fal konusundaki inan\u00e7 ve uygulamalar\u0131n T\u00fcrk toplumundaki yans\u0131malar\u0131n\u0131 inceleyen bu ara\u015ft\u0131rma, T\u00fcrkiye&#8217;de halk aras\u0131nda bir \u015fekilde uygulama alan\u0131 bulan, ancak \u00e7o\u011fu kimsenin bu<span class=\"excerpt-hellip\"> [\u2026]<\/span><\/p>\n","protected":false},"featured_media":0,"template":"","meta":{"_monsterinsights_skip_tracking":false,"_monsterinsights_sitenote_active":false,"_monsterinsights_sitenote_note":"","_monsterinsights_sitenote_category":0},"product_brand":[],"product_cat":[18082,15563],"product_tag":[],"class_list":{"0":"post-738721","1":"product","2":"type-product","3":"status-publish","5":"product_cat-astroloji-fal-ruya","6":"product_cat-hobi","7":"pa_cilt-ciltsiz","8":"pa_tur-kitap","9":"pa_yayinevi-divan-kitap","10":"pa_yazar-sinan-yilmaz","12":"first","13":"instock","14":"sale","15":"shipping-taxable","16":"purchasable","17":"product-type-simple"},"_links":{"self":[{"href":"https:\/\/roveyayinevi.com.tr\/index.php\/wp-json\/wp\/v2\/product\/738721","targetHints":{"allow":["GET"]}}],"collection":[{"href":"https:\/\/roveyayinevi.com.tr\/index.php\/wp-json\/wp\/v2\/product"}],"about":[{"href":"https:\/\/roveyayinevi.com.tr\/index.php\/wp-json\/wp\/v2\/types\/product"}],"wp:attachment":[{"href":"https:\/\/roveyayinevi.com.tr\/index.php\/wp-json\/wp\/v2\/media?parent=738721"}],"wp:term":[{"taxonomy":"product_brand","embeddable":true,"href":"https:\/\/roveyayinevi.com.tr\/index.php\/wp-json\/wp\/v2\/product_brand?post=738721"},{"taxonomy":"product_cat","embeddable":true,"href":"https:\/\/roveyayinevi.com.tr\/index.php\/wp-json\/wp\/v2\/product_cat?post=738721"},{"taxonomy":"product_tag","embeddable":true,"href":"https:\/\/roveyayinevi.com.tr\/index.php\/wp-json\/wp\/v2\/product_tag?post=738721"}],"curies":[{"name":"wp","href":"https:\/\/api.w.org\/{rel}","templated":true}]}}