{"id":738719,"date":"2025-08-27T23:55:47","date_gmt":"2025-08-27T20:55:47","guid":{"rendered":"https:\/\/roveyayinevi.com.tr\/index.php\/urun\/mars-36-cep-atlas\/"},"modified":"2026-04-16T02:48:52","modified_gmt":"2026-04-15T23:48:52","slug":"mars-36-cep-atlas","status":"publish","type":"product","link":"https:\/\/roveyayinevi.com.tr\/index.php\/urun\/mars-36-cep-atlas\/","title":{"rendered":"Mars 36 Cep Atlas"},"content":{"rendered":"<p>D\u00fcnyam\u0131z, G\u00fcne\u015f\u2019e uzakl\u0131\u011f\u0131 bak\u0131m\u0131ndan Merk\u00fcr ve Ven\u00fcs\u2019ten sonra 3. s\u0131rada. MARS ise 4. s\u0131rada ve bizden sonraki ilk gezegen. Son y\u0131llarda bilim d\u00fcnyas\u0131n\u0131n \u00f6zellikle ilgisini \u00e7eken Mars\u2019a ard\u0131 ard\u0131na g\u00f6nderilen uzay ara\u00e7lar\u0131 ba\u015far\u0131l\u0131 ini\u015fler yap\u0131yor ve ara\u015ft\u0131rmac\u0131lara yepyeni bulgular yolluyor. Bu en yak\u0131n kom\u015fumuz \u201cK\u0131z\u0131l Gezegen\u201d pek \u00e7ok \u00f6zelli\u011fi ile bize benziyor. Y\u00fczeyini g\u00f6rebiliyoruz; buzlarla kapl\u0131 kutuplar\u0131, m\u00fcthi\u015f toz f\u0131rt\u0131nalar\u0131, \u00e7\u0131lg\u0131nca gezinen bulutlar\u0131, kraterleri, kumullar\u0131 ile kar\u015f\u0131m\u0131zda duruyor&#8230; Siz de bir gezintiye \u00e7\u0131kmak ve bu gizemli kom\u015fumuzu tan\u0131mak istemez misiniz? \u201cMARS-36 Cep Atlas\u201d yan\u0131n\u0131zdan ay\u0131ramayaca\u011f\u0131n\u0131z rehberiniz olacak&#8230; \u0130lginizi \u00e7ekece\u011fini umdu\u011fumuz pek \u00e7ok bilgi, ger\u00e7ek g\u00f6r\u00fcnt\u00fcler ve titizlikle haz\u0131rlanm\u0131\u015f haritalar bu \u00e7al\u0131\u015fmada yer al\u0131yor.Bu y\u0131l Mars\u2019\u0131n 36. Y\u0131l\u0131. Atlas\u0131m\u0131z ismini buradan al\u0131yor. Macar kartograf ve akademisyen Dr. Henrik Hargitai taraf\u0131ndan titizlikle derlenmi\u015f olan bu \u00e7al\u0131\u015fmay\u0131 ODT\u00dc Yay\u0131nc\u0131l\u0131k olarak haz\u0131rlay\u0131p sunarken sadece astronomi veya astrofizik ile ilgilenenleri de\u011fil, pop\u00fcler bilimlere ilgi g\u00f6steren, merakl\u0131, gen\u00e7 olgun geni\u015f bir okur kitlesi de hedeflendi. \u0130\u00e7eri\u011finin ve terminolojisinin, anla\u015f\u0131l\u0131r ve g\u00fcncel olmas\u0131na \u00f6zen g\u00f6sterildi, baz\u0131 konular\u0131n daha kolay kavranabilmesi i\u00e7in ek bilgiler ve a\u00e7\u0131klamalar yap\u0131ld\u0131. Ayr\u0131ca \u00e7al\u0131\u015fman\u0131n sonuna bir de k\u00fc\u00e7\u00fck s\u00f6zl\u00fck eklendi.\u0130yi gezintiler&#8230;(Tan\u0131t\u0131m B\u00fclteninden)<\/p>\n","protected":false},"excerpt":{"rendered":"<p>D\u00fcnyam\u0131z, G\u00fcne\u015f\u2019e uzakl\u0131\u011f\u0131 bak\u0131m\u0131ndan Merk\u00fcr ve Ven\u00fcs\u2019ten sonra 3. s\u0131rada. MARS ise 4. s\u0131rada ve bizden sonraki ilk gezegen. Son y\u0131llarda bilim d\u00fcnyas\u0131n\u0131n \u00f6zellikle ilgisini \u00e7eken<span class=\"excerpt-hellip\"> [\u2026]<\/span><\/p>\n","protected":false},"featured_media":0,"template":"","meta":{"_monsterinsights_skip_tracking":false,"_monsterinsights_sitenote_active":false,"_monsterinsights_sitenote_note":"","_monsterinsights_sitenote_category":0},"product_brand":[],"product_cat":[43754,13005],"product_tag":[],"class_list":{"0":"post-738719","1":"product","2":"type-product","3":"status-publish","5":"product_cat-astronomi","6":"product_cat-bilim-muhendislik","7":"pa_cilt-ciltsiz","8":"pa_tur-kitap","9":"pa_yayinevi-odtu-gelistirme-vakfi-yayincilik","10":"pa_yazar-kolektif","12":"first","13":"instock","14":"sale","15":"shipping-taxable","16":"purchasable","17":"product-type-simple"},"_links":{"self":[{"href":"https:\/\/roveyayinevi.com.tr\/index.php\/wp-json\/wp\/v2\/product\/738719","targetHints":{"allow":["GET"]}}],"collection":[{"href":"https:\/\/roveyayinevi.com.tr\/index.php\/wp-json\/wp\/v2\/product"}],"about":[{"href":"https:\/\/roveyayinevi.com.tr\/index.php\/wp-json\/wp\/v2\/types\/product"}],"wp:attachment":[{"href":"https:\/\/roveyayinevi.com.tr\/index.php\/wp-json\/wp\/v2\/media?parent=738719"}],"wp:term":[{"taxonomy":"product_brand","embeddable":true,"href":"https:\/\/roveyayinevi.com.tr\/index.php\/wp-json\/wp\/v2\/product_brand?post=738719"},{"taxonomy":"product_cat","embeddable":true,"href":"https:\/\/roveyayinevi.com.tr\/index.php\/wp-json\/wp\/v2\/product_cat?post=738719"},{"taxonomy":"product_tag","embeddable":true,"href":"https:\/\/roveyayinevi.com.tr\/index.php\/wp-json\/wp\/v2\/product_tag?post=738719"}],"curies":[{"name":"wp","href":"https:\/\/api.w.org\/{rel}","templated":true}]}}