{"id":738714,"date":"2025-08-27T23:55:42","date_gmt":"2025-08-27T20:55:42","guid":{"rendered":"https:\/\/roveyayinevi.com.tr\/index.php\/urun\/kelami-akildan-tasavvufi-kesfe\/"},"modified":"2026-04-16T02:48:52","modified_gmt":"2026-04-15T23:48:52","slug":"kelami-akildan-tasavvufi-kesfe","status":"publish","type":"product","link":"https:\/\/roveyayinevi.com.tr\/index.php\/urun\/kelami-akildan-tasavvufi-kesfe\/","title":{"rendered":"Kelami Ak\u0131ldan Tasavvufi Ke\u015ffe"},"content":{"rendered":"<p>\u0130slam d\u00fc\u015f\u00fcnce tarihinde biri inanca di\u011feri prati\u011fe, amele m\u00fcstenid olan kelam ve tasavvuf, d\u00fc\u015f\u00fcnce tarihimizde gerek inanc\u0131 ve gerekse sosyal ve manevi olan\u0131 belirleyen iki temel dinamik olmu\u015ftur. Kelam; \u0130slam d\u00fc\u015f\u00fcncesinin belirlenmesinde, savunulmas\u0131nda ne kadar etkili olmu\u015fsa, tasavvuf da sosyal ve manevi ya\u015fam\u0131n olu\u015fumunda o denli etkili olmu\u015ftur. Takip ettikleri y\u00f6ntem itibariyle Kelam, nass\u0131 esas almakla birlikte akl\u0131 olabildi\u011fince i\u015flevsel k\u0131larken; Tasavvuf ise &#8220;ak\u0131l&#8221; yerine &#8220;sezgi&#8221; ya da &#8220;ke\u015ff&#8221;i koymu\u015ftur. Her birisi ger\u00e7ekli\u011fe ula\u015fma konusunda kendi y\u00f6ntemlerini delillendirmede farkl\u0131 argumanlar kullanm\u0131\u015flard\u0131r. \u0130slam d\u00fc\u015f\u00fcnce tarihinde Kelam ile tasavvuf aras\u0131nda s\u00fcrekli bir m\u00fccadele olagelmi\u015ftir.D\u00fc\u015f\u00fcnce tarihimizde tasavvufa y\u00f6nelik ele\u015ftiriler hi\u00e7 eksik olmam\u0131\u015ft\u0131r. \u00d6zellikle sufi d\u00fc\u015f\u00fcncedeki \u015fatahat t\u00fcr\u00fc de\u011ferlendirmeleri esas alan zahir ehli taraf\u0131ndan, bu tarz inan\u00e7 ve s\u00f6ylemlerin nassa ayk\u0131r\u0131l\u0131\u011f\u0131 iddias\u0131yla reddedilmi\u015f ve buna dair pek \u00e7ok eser kaleme al\u0131nm\u0131\u015ft\u0131r.Daha \u00f6nceki \u00e7al\u0131\u015fmalar\u0131m\u0131zda selef ulemas\u0131n\u0131n kelam ele\u015ftirisi ve felsefede kelam ele\u015ftirisine dair iki eser kaleme al\u0131nm\u0131\u015ft\u0131r. Bu \u00e7al\u0131\u015fmada ise sufi d\u00fc\u015f\u00fcncenin kelam ele\u015ftirisi i\u015flenmi\u015ftir. Kelam ele\u015ftirisini esas alan bu alan\u0131n son \u00e7al\u0131\u015fmas\u0131 ise yeni bir kelam m\u00fcmk\u00fcn m\u00fcd\u00fcr? \u015feklinde d\u00fc\u015f\u00fcn\u00fclmektedir.<\/p>\n","protected":false},"excerpt":{"rendered":"<p>\u0130slam d\u00fc\u015f\u00fcnce tarihinde biri inanca di\u011feri prati\u011fe, amele m\u00fcstenid olan kelam ve tasavvuf, d\u00fc\u015f\u00fcnce tarihimizde gerek inanc\u0131 ve gerekse sosyal ve manevi olan\u0131 belirleyen iki temel<span class=\"excerpt-hellip\"> [\u2026]<\/span><\/p>\n","protected":false},"featured_media":0,"template":"","meta":{"_monsterinsights_skip_tracking":false,"_monsterinsights_sitenote_active":false,"_monsterinsights_sitenote_note":"","_monsterinsights_sitenote_category":0},"product_brand":[],"product_cat":[12718,12719],"product_tag":[],"class_list":{"0":"post-738714","1":"product","2":"type-product","3":"status-publish","5":"product_cat-din","6":"product_cat-islam","7":"pa_cilt-ciltsiz","8":"pa_tur-kitap","9":"pa_yayinevi-divan-kitap","10":"pa_yazar-ahmet-erkol","12":"first","13":"instock","14":"sale","15":"shipping-taxable","16":"purchasable","17":"product-type-simple"},"_links":{"self":[{"href":"https:\/\/roveyayinevi.com.tr\/index.php\/wp-json\/wp\/v2\/product\/738714","targetHints":{"allow":["GET"]}}],"collection":[{"href":"https:\/\/roveyayinevi.com.tr\/index.php\/wp-json\/wp\/v2\/product"}],"about":[{"href":"https:\/\/roveyayinevi.com.tr\/index.php\/wp-json\/wp\/v2\/types\/product"}],"wp:attachment":[{"href":"https:\/\/roveyayinevi.com.tr\/index.php\/wp-json\/wp\/v2\/media?parent=738714"}],"wp:term":[{"taxonomy":"product_brand","embeddable":true,"href":"https:\/\/roveyayinevi.com.tr\/index.php\/wp-json\/wp\/v2\/product_brand?post=738714"},{"taxonomy":"product_cat","embeddable":true,"href":"https:\/\/roveyayinevi.com.tr\/index.php\/wp-json\/wp\/v2\/product_cat?post=738714"},{"taxonomy":"product_tag","embeddable":true,"href":"https:\/\/roveyayinevi.com.tr\/index.php\/wp-json\/wp\/v2\/product_tag?post=738714"}],"curies":[{"name":"wp","href":"https:\/\/api.w.org\/{rel}","templated":true}]}}