{"id":738707,"date":"2025-08-27T23:55:37","date_gmt":"2025-08-27T20:55:37","guid":{"rendered":"https:\/\/roveyayinevi.com.tr\/index.php\/urun\/ibn-rusdun-kelam-elestirisi\/"},"modified":"2026-04-16T02:48:51","modified_gmt":"2026-04-15T23:48:51","slug":"ibn-rusdun-kelam-elestirisi","status":"publish","type":"product","link":"https:\/\/roveyayinevi.com.tr\/index.php\/urun\/ibn-rusdun-kelam-elestirisi\/","title":{"rendered":"\u0130bn R\u00fc\u015fd&#8217;\u00fcn Kelam Ele\u015ftirisi"},"content":{"rendered":"<p>Tarihte d\u00f6nemlere damgas\u0131n\u0131 vuran insanlardan s\u00f6z edilir. Bunlar, kendi \u00e7a\u011flar\u0131n\u0131 etkiledikleri kadar sonraki zamanlarda da etkili olmu\u015flard\u0131r. Hatta sonras\u0131nda etkileri \u00e7ok daha fazla olmu\u015ftur. \u0130slam d\u00fc\u015f\u00fcnce tarihinde felsefe alan\u0131nda en \u00e7ok s\u00f6z\u00fc edilen bir ka\u00e7 isimden birisi, hi\u00e7 \u015f\u00fcphesi \u0130bn R\u00fc\u015fd&#8217;t\u00fcr. O, Bat\u0131 \u0130slam D\u00fcnyas\u0131 End\u00fcl\u00fcs&#8217;\u00fc d\u00fc\u015f\u00fcnce anlam\u0131nda \u015fekillendiren \u00f6nemli bir mihenk ta\u015f\u0131d\u0131r. Do\u011fu \u0130slam d\u00fcnyas\u0131nda felsefeyi kap\u0131 d\u0131\u015far\u0131 eden, onu bula\u015f\u0131c\u0131 bir hastal\u0131k olarak nitelendiren Gazali&#8217;ye kar\u015f\u0131, \u0130bn R\u00fc\u015fd, End\u00fcl\u00fcs&#8217;te felsefe ile dinin, ak\u0131l ile nakli ayn\u0131 hedefe kilitlendikleri farkl\u0131 yakla\u015f\u0131mlarla ayn\u0131 gayeyi payla\u015ft\u0131klar\u0131 \u015feklinde kar\u015f\u0131l\u0131k vermi\u015ftir. Do\u011fu \u0130slam d\u00fcnyas\u0131nda kovulan ak\u0131l ve felsefe \u0130bn R\u00fc\u015fd taraf\u0131ndan \u00f6nce Bat\u0131 \u0130slam d\u00fcnyas\u0131 End\u00fcl\u00fcs&#8217;e, oradan da bu g\u00fcnk\u00fc Avrupa&#8217;ya ta\u015f\u0131nm\u0131\u015ft\u0131r. Avrupa&#8217;n\u0131n ayd\u0131nlanmas\u0131 \u0130bn R\u00fc\u015fd ile ger\u00e7ekle\u015fmi\u015ftir. Kelamdan felsefeye tenki bu g\u00fcne kadar en \u00e7ok i\u015flenen konular\u0131n ba\u015f\u0131nda gelmi\u015ftir, ne yaz\u0131k ki felsefeden kelama yap\u0131lan tenkitlere ayn\u0131 oranda yer verilmemi\u015ftir. Bu kitap buna kap\u0131 aralamaya \u00e7al\u0131\u015fmaktad\u0131r. Akla ve ayd\u0131nl\u0131\u011fa bir pencere a\u00e7ma gayretindedir. Zira ilahi hitap her \u015feyden \u00f6nce aklad\u0131r. Akl\u0131 olmayan\u0131n \u0130slam&#8217;da muhatap olarak al\u0131nmamas\u0131 bu durumu yeterince izah etmektedir.<\/p>\n","protected":false},"excerpt":{"rendered":"<p>Tarihte d\u00f6nemlere damgas\u0131n\u0131 vuran insanlardan s\u00f6z edilir. Bunlar, kendi \u00e7a\u011flar\u0131n\u0131 etkiledikleri kadar sonraki zamanlarda da etkili olmu\u015flard\u0131r. Hatta sonras\u0131nda etkileri \u00e7ok daha fazla olmu\u015ftur. \u0130slam d\u00fc\u015f\u00fcnce<span class=\"excerpt-hellip\"> [\u2026]<\/span><\/p>\n","protected":false},"featured_media":0,"template":"","meta":{"_monsterinsights_skip_tracking":false,"_monsterinsights_sitenote_active":false,"_monsterinsights_sitenote_note":"","_monsterinsights_sitenote_category":0},"product_brand":[],"product_cat":[12718,12719],"product_tag":[],"class_list":{"0":"post-738707","1":"product","2":"type-product","3":"status-publish","5":"product_cat-din","6":"product_cat-islam","7":"pa_cilt-ciltsiz","8":"pa_tur-kitap","9":"pa_yayinevi-divan-kitap","10":"pa_yazar-ahmet-erkol","12":"first","13":"instock","14":"sale","15":"shipping-taxable","16":"purchasable","17":"product-type-simple"},"_links":{"self":[{"href":"https:\/\/roveyayinevi.com.tr\/index.php\/wp-json\/wp\/v2\/product\/738707","targetHints":{"allow":["GET"]}}],"collection":[{"href":"https:\/\/roveyayinevi.com.tr\/index.php\/wp-json\/wp\/v2\/product"}],"about":[{"href":"https:\/\/roveyayinevi.com.tr\/index.php\/wp-json\/wp\/v2\/types\/product"}],"wp:attachment":[{"href":"https:\/\/roveyayinevi.com.tr\/index.php\/wp-json\/wp\/v2\/media?parent=738707"}],"wp:term":[{"taxonomy":"product_brand","embeddable":true,"href":"https:\/\/roveyayinevi.com.tr\/index.php\/wp-json\/wp\/v2\/product_brand?post=738707"},{"taxonomy":"product_cat","embeddable":true,"href":"https:\/\/roveyayinevi.com.tr\/index.php\/wp-json\/wp\/v2\/product_cat?post=738707"},{"taxonomy":"product_tag","embeddable":true,"href":"https:\/\/roveyayinevi.com.tr\/index.php\/wp-json\/wp\/v2\/product_tag?post=738707"}],"curies":[{"name":"wp","href":"https:\/\/api.w.org\/{rel}","templated":true}]}}