{"id":738697,"date":"2025-08-27T23:55:25","date_gmt":"2025-08-27T20:55:25","guid":{"rendered":"https:\/\/roveyayinevi.com.tr\/index.php\/urun\/hayali-yerlerden-yemek-tarifleri\/"},"modified":"2026-04-16T02:48:51","modified_gmt":"2026-04-15T23:48:51","slug":"hayali-yerlerden-yemek-tarifleri","status":"publish","type":"product","link":"https:\/\/roveyayinevi.com.tr\/index.php\/urun\/hayali-yerlerden-yemek-tarifleri\/","title":{"rendered":"Hayali Yerlerden Yemek Tarifleri"},"content":{"rendered":"<p>Okuman\u0131n Tarihi ve Geceleyin K\u00fct\u00fcphane gibi kitaplar\u0131yla tan\u0131d\u0131\u011f\u0131m\u0131z Alberto Manguel, daha \u00f6nce Hayali Yerler S\u00f6zl\u00fc\u011f\u00fc\u2019nde anlatt\u0131\u011f\u0131 d\u00fc\u015fsel \u00fclkelere do\u011fru yeni bir yolculu\u011fa \u00e7\u0131kar\u0131yor okurlar\u0131n\u0131: Bu kez birbirinden ilgin\u00e7 yemekler, mezeler, tatl\u0131lar ve i\u00e7ecekleri tan\u0131tmak i\u00e7in. Odysseia ve Binbir Gece Masallar\u0131\u2019n\u0131n sihirli co\u011frafyalar\u0131ndan, Cervantes\u2019in, Borges\u2019in, Poe\u2019nun, Tolkien\u2019\u0131n, J.K. Rowling\u2019in ve daha pek \u00e7ok yazar\u0131n d\u00fcnyas\u0131ndan ilham alan s\u0131ra d\u0131\u015f\u0131 ve leziz tariflerle dolu bu kitap, Manguel\u2019in kitab\u0131n \u00f6ns\u00f6z\u00fcnde yazd\u0131\u011f\u0131 gibi \u201cedebiyat\u0131n yaln\u0131zca ruhun g\u0131das\u0131 olmad\u0131\u011f\u0131n\u0131\u201d hat\u0131rlat\u0131yor bize. Babil Harf \u00c7orbas\u0131 ve Lotus Salatas\u0131\u2019ndan Sebzeli \u00dctopya Yahnisi\u2019ne, Dinoburger\u2019den F\u0131nd\u0131kk\u0131ran Kurabiyesi ve G\u00fcne\u015f Nektar\u0131\u2019na, bu reng\u00e2renk listeden diledi\u011finiz men\u00fcy\u00fc olu\u015fturmak serbest!   Hayali Yerlerden Yemek Tarifleri: Hem kitap hem de yemek merakl\u0131lar\u0131na, Alberto Manguel\u2019in e\u011flenceli \u00e7izimleri e\u015fli\u011finde i\u015ftah a\u00e7\u0131c\u0131, kar\u015f\u0131 konulmaz bir seyahat \u00e7a\u011fr\u0131s\u0131.   \u201cManguel\u2019i okumak, bilge, kozmopolit bir dostla \u015fehirde bir gezintiye \u00e7\u0131kmaya ya da beraber tela\u015fs\u0131z bir yemek yemeye benziyor.\u201d <\/p>\n","protected":false},"excerpt":{"rendered":"<p>Okuman\u0131n Tarihi ve Geceleyin K\u00fct\u00fcphane gibi kitaplar\u0131yla tan\u0131d\u0131\u011f\u0131m\u0131z Alberto Manguel, daha \u00f6nce Hayali Yerler S\u00f6zl\u00fc\u011f\u00fc\u2019nde anlatt\u0131\u011f\u0131 d\u00fc\u015fsel \u00fclkelere do\u011fru yeni bir yolculu\u011fa \u00e7\u0131kar\u0131yor okurlar\u0131n\u0131: Bu kez<span class=\"excerpt-hellip\"> [\u2026]<\/span><\/p>\n","protected":false},"featured_media":0,"template":"","meta":{"_monsterinsights_skip_tracking":false,"_monsterinsights_sitenote_active":false,"_monsterinsights_sitenote_note":"","_monsterinsights_sitenote_category":0},"product_brand":[],"product_cat":[12777,12291],"product_tag":[],"class_list":{"0":"post-738697","1":"product","2":"type-product","3":"status-publish","5":"product_cat-deneme","6":"product_cat-edebiyat","7":"pa_cilt-ciltsiz","8":"pa_tur-kitap","9":"pa_yayinevi-yapi-kredi-yayinlari","10":"pa_yazar-alberto-manguel","12":"first","13":"instock","14":"sale","15":"shipping-taxable","16":"purchasable","17":"product-type-simple"},"_links":{"self":[{"href":"https:\/\/roveyayinevi.com.tr\/index.php\/wp-json\/wp\/v2\/product\/738697","targetHints":{"allow":["GET"]}}],"collection":[{"href":"https:\/\/roveyayinevi.com.tr\/index.php\/wp-json\/wp\/v2\/product"}],"about":[{"href":"https:\/\/roveyayinevi.com.tr\/index.php\/wp-json\/wp\/v2\/types\/product"}],"wp:attachment":[{"href":"https:\/\/roveyayinevi.com.tr\/index.php\/wp-json\/wp\/v2\/media?parent=738697"}],"wp:term":[{"taxonomy":"product_brand","embeddable":true,"href":"https:\/\/roveyayinevi.com.tr\/index.php\/wp-json\/wp\/v2\/product_brand?post=738697"},{"taxonomy":"product_cat","embeddable":true,"href":"https:\/\/roveyayinevi.com.tr\/index.php\/wp-json\/wp\/v2\/product_cat?post=738697"},{"taxonomy":"product_tag","embeddable":true,"href":"https:\/\/roveyayinevi.com.tr\/index.php\/wp-json\/wp\/v2\/product_tag?post=738697"}],"curies":[{"name":"wp","href":"https:\/\/api.w.org\/{rel}","templated":true}]}}