{"id":738678,"date":"2025-08-27T23:55:05","date_gmt":"2025-08-27T20:55:05","guid":{"rendered":"https:\/\/roveyayinevi.com.tr\/index.php\/urun\/oyun-zeka-ve-eglence-sudoku-1-kolay-orta-zor\/"},"modified":"2026-03-15T21:52:23","modified_gmt":"2026-03-15T18:52:23","slug":"oyun-zeka-ve-eglence-sudoku-1-kolay-orta-zor","status":"publish","type":"product","link":"https:\/\/roveyayinevi.com.tr\/index.php\/urun\/oyun-zeka-ve-eglence-sudoku-1-kolay-orta-zor\/","title":{"rendered":"Oyun, Zeka Ve E\u011flence- Sudoku 1 Kolay, Orta, Zor"},"content":{"rendered":"<p>OYUN, ZEK\u00c2 VE E\u011eLENCE: SUDOKU-1 KOLAY, ORTA, ZOR 9+ YA\u015e T\u00fcm d\u00fcnyada \u00e7ok sevilen ve \u00e7ok faydal\u0131 bir bulmacad\u0131r sudoku. Oyun ve e\u011flencenin bir arada oldu\u011fu, zek\u00e2 geli\u015ftiren ve tek ba\u015f\u0131na yap\u0131lan bir etkinliktir. 9 ya\u015f ve \u00fcst\u00fc i\u00e7in haz\u0131rlanan bu kitapta, sudoku merakl\u0131lar\u0131na meydan okuyan 132 soru yer al\u0131yor. Sorular, kolay, orta ve zor seviyelerde d\u00fczenlendi ayr\u0131ca kitab\u0131n sonunda yan\u0131tlara da yer verildi. Sorular\u0131 \u00e7\u00f6zerken zaman tutarak kendinizle yar\u0131\u015fabilirsiniz. E\u011flenceye haz\u0131r m\u0131s\u0131n\u0131z? <\/p>\n","protected":false},"excerpt":{"rendered":"<p>OYUN, ZEK\u00c2 VE E\u011eLENCE: SUDOKU-1 KOLAY, ORTA, ZOR 9+ YA\u015e T\u00fcm d\u00fcnyada \u00e7ok sevilen ve \u00e7ok faydal\u0131 bir bulmacad\u0131r sudoku. Oyun ve e\u011flencenin bir arada oldu\u011fu,<span class=\"excerpt-hellip\"> [\u2026]<\/span><\/p>\n","protected":false},"featured_media":0,"template":"","meta":{"_monsterinsights_skip_tracking":false,"_monsterinsights_sitenote_active":false,"_monsterinsights_sitenote_note":"","_monsterinsights_sitenote_category":0},"product_brand":[],"product_cat":[12492,12274],"product_tag":[],"class_list":{"0":"post-738678","1":"product","2":"type-product","3":"status-publish","5":"product_cat-bilmece-bulmaca","6":"product_cat-cocuk-ve-genclik-kitaplari","7":"pa_cilt-ciltsiz","8":"pa_tur-kitap","9":"pa_yayinevi-beyaz-balina-yayinlari","10":"pa_yazar-beyaz-balina-yayinlari-kolektif","12":"first","13":"outofstock","14":"sale","15":"shipping-taxable","16":"purchasable","17":"product-type-simple"},"_links":{"self":[{"href":"https:\/\/roveyayinevi.com.tr\/index.php\/wp-json\/wp\/v2\/product\/738678","targetHints":{"allow":["GET"]}}],"collection":[{"href":"https:\/\/roveyayinevi.com.tr\/index.php\/wp-json\/wp\/v2\/product"}],"about":[{"href":"https:\/\/roveyayinevi.com.tr\/index.php\/wp-json\/wp\/v2\/types\/product"}],"wp:attachment":[{"href":"https:\/\/roveyayinevi.com.tr\/index.php\/wp-json\/wp\/v2\/media?parent=738678"}],"wp:term":[{"taxonomy":"product_brand","embeddable":true,"href":"https:\/\/roveyayinevi.com.tr\/index.php\/wp-json\/wp\/v2\/product_brand?post=738678"},{"taxonomy":"product_cat","embeddable":true,"href":"https:\/\/roveyayinevi.com.tr\/index.php\/wp-json\/wp\/v2\/product_cat?post=738678"},{"taxonomy":"product_tag","embeddable":true,"href":"https:\/\/roveyayinevi.com.tr\/index.php\/wp-json\/wp\/v2\/product_tag?post=738678"}],"curies":[{"name":"wp","href":"https:\/\/api.w.org\/{rel}","templated":true}]}}