{"id":738669,"date":"2025-08-27T23:54:54","date_gmt":"2025-08-27T20:54:54","guid":{"rendered":"https:\/\/roveyayinevi.com.tr\/index.php\/urun\/hirsizlarin-dansi\/"},"modified":"2026-04-16T02:48:50","modified_gmt":"2026-04-15T23:48:50","slug":"hirsizlarin-dansi","status":"publish","type":"product","link":"https:\/\/roveyayinevi.com.tr\/index.php\/urun\/hirsizlarin-dansi\/","title":{"rendered":"H\u0131rs\u0131zlar\u0131n Dans\u0131"},"content":{"rendered":"<p>M\u0130RAS D\u00dcNYASININ KRALLIKLARINDA GE\u00c7EN NEFES KES\u0130C\u0130 YEN\u0130 B\u0130R MACERA!   Krall\u0131klardan ilki oldu\u011funu iddia eden di\u015fli, kanun ka\u00e7a\u011f\u0131 bir aile. Birdenbire b\u00fcy\u00fck bir g\u00fc\u00e7 elde eden, kaderinde liderlik olan bir o\u011ful. Krali\u00e7enin \u00f6zel muhaf\u0131zlar\u0131 Rahtan \u015f\u00f6valyelerinden \u00fc\u00e7 g\u00fc\u00e7l\u00fc gen\u00e7 kad\u0131n. G\u00f6reve \u00f6nderlik eden ve kendini kan\u0131tlamaya kararl\u0131, efsanevi bir h\u0131rs\u0131z. B\u00fct\u00fcn k\u0131tay\u0131 tehdit eden karanl\u0131k bir s\u0131r\u2026 Kanun ka\u00e7a\u011f\u0131 lider bu \u00fcnl\u00fc h\u0131rs\u0131zla tan\u0131\u015f\u0131nca aralar\u0131nda hilelerle dolu bir kedi fare oyunu ba\u015flar. Bu oyun beraberinde yaln\u0131zca hayatlar\u0131n\u0131 de\u011fil, ayn\u0131 zamanda kalplerini de tehdit eden bir sava\u015f getirir.   \u201cMerkezinde atan cesur bir kalp, muhte\u015fem fantastik bir hik\u00e2ye. Mary E. Pearson korkusuz bir yazar, bu kitab\u0131 bitirdikten sonra nefesim kesildi.\u201d           -New York Times \u00e7oksatan Caraval, Legendary ve Finale serisinin yazar\u0131 Stephanie Garber <\/p>\n","protected":false},"excerpt":{"rendered":"<p>M\u0130RAS D\u00dcNYASININ KRALLIKLARINDA GE\u00c7EN NEFES KES\u0130C\u0130 YEN\u0130 B\u0130R MACERA! Krall\u0131klardan ilki oldu\u011funu iddia eden di\u015fli, kanun ka\u00e7a\u011f\u0131 bir aile. Birdenbire b\u00fcy\u00fck bir g\u00fc\u00e7 elde eden, kaderinde<span class=\"excerpt-hellip\"> [\u2026]<\/span><\/p>\n","protected":false},"featured_media":0,"template":"","meta":{"_monsterinsights_skip_tracking":false,"_monsterinsights_sitenote_active":false,"_monsterinsights_sitenote_note":"","_monsterinsights_sitenote_category":0},"product_brand":[],"product_cat":[12291,12711],"product_tag":[],"class_list":{"0":"post-738669","1":"product","2":"type-product","3":"status-publish","5":"product_cat-edebiyat","6":"product_cat-roman-oyku","7":"pa_cilt-ciltsiz","8":"pa_tur-kitap","9":"pa_yayinevi-marti-yayinlari","10":"pa_yazar-mary-e-pearson","12":"first","13":"instock","14":"sale","15":"shipping-taxable","16":"purchasable","17":"product-type-simple"},"_links":{"self":[{"href":"https:\/\/roveyayinevi.com.tr\/index.php\/wp-json\/wp\/v2\/product\/738669","targetHints":{"allow":["GET"]}}],"collection":[{"href":"https:\/\/roveyayinevi.com.tr\/index.php\/wp-json\/wp\/v2\/product"}],"about":[{"href":"https:\/\/roveyayinevi.com.tr\/index.php\/wp-json\/wp\/v2\/types\/product"}],"wp:attachment":[{"href":"https:\/\/roveyayinevi.com.tr\/index.php\/wp-json\/wp\/v2\/media?parent=738669"}],"wp:term":[{"taxonomy":"product_brand","embeddable":true,"href":"https:\/\/roveyayinevi.com.tr\/index.php\/wp-json\/wp\/v2\/product_brand?post=738669"},{"taxonomy":"product_cat","embeddable":true,"href":"https:\/\/roveyayinevi.com.tr\/index.php\/wp-json\/wp\/v2\/product_cat?post=738669"},{"taxonomy":"product_tag","embeddable":true,"href":"https:\/\/roveyayinevi.com.tr\/index.php\/wp-json\/wp\/v2\/product_tag?post=738669"}],"curies":[{"name":"wp","href":"https:\/\/api.w.org\/{rel}","templated":true}]}}