{"id":738661,"date":"2025-08-27T23:54:47","date_gmt":"2025-08-27T20:54:47","guid":{"rendered":"https:\/\/roveyayinevi.com.tr\/index.php\/urun\/cocuklar-icin-satrancta-tas-alisverisi\/"},"modified":"2026-04-16T02:48:49","modified_gmt":"2026-04-15T23:48:49","slug":"cocuklar-icin-satrancta-tas-alisverisi","status":"publish","type":"product","link":"https:\/\/roveyayinevi.com.tr\/index.php\/urun\/cocuklar-icin-satrancta-tas-alisverisi\/","title":{"rendered":"\u00c7ocuklar \u0130\u00e7in Satran\u00e7ta Ta\u015f Al\u0131\u015fveri\u015fi"},"content":{"rendered":"<p>\u00c7ocuklar \u0130\u00e7in Satran\u00e7ta Ta\u015f Al\u0131\u015fveri\u015fi kitab\u0131 ile \u201cdo\u011fru ta\u015f al\u0131\u015fveri\u015fi\u201dni her y\u00f6n\u00fcyle incelemenin yan\u0131 s\u0131ra, bu gibi konumlarda nas\u0131l d\u00fc\u015f\u00fcn\u00fclmesi gerekti\u011fini \u00f6\u011fretmek, yanl\u0131\u015flar\u0131 ve eksikleri d\u00fczeltebilmek, satran\u00e7 literat\u00fcr\u00fcne bu konuda katk\u0131da bulunmak da ama\u00e7lanm\u0131\u015ft\u0131r.Hesaplama yapabilmenin taktik temalardan ba\u011f\u0131ms\u0131z olarak incelendi\u011fi bu kitapta, ta\u015f al\u0131\u015flar\u0131 ile hesaplama y\u00f6ntemi \u00f6rneklerle ve uygulanabilir bir sistem anlay\u0131\u015f\u0131yla anlat\u0131lmaktad\u0131r. Kitapta yer alan ve yedi b\u00f6l\u00fcmde incelenen konular \u015fu \u015fekilde s\u0131ralanmaktad\u0131r:Bo\u015ftaki ta\u015f\u0131 bulmakTa\u015flar\u0131n de\u011ferinin fark\u0131na vararak ta\u015f al\u0131\u015f\u0131n\u0131 yapmakKalite kazanc\u0131Sald\u0131ran ve savunma yapan ta\u015flar\u0131 sayabilmekTehdide dikkat ederek ta\u015f al\u0131\u015f\u0131 hamlesini yapabilmekTempoyla ta\u015f al\u0131\u015f\u0131n\u0131 hesaplayabilmekDo\u011fru ta\u015fla al\u0131\u015f yapabilmekBu konular\u0131n her birinin sonunda, hesap yapmay\u0131 geli\u015ftirici toplam 300 adet al\u0131\u015ft\u0131rma yer almaktad\u0131r.<\/p>\n","protected":false},"excerpt":{"rendered":"<p>\u00c7ocuklar \u0130\u00e7in Satran\u00e7ta Ta\u015f Al\u0131\u015fveri\u015fi kitab\u0131 ile \u201cdo\u011fru ta\u015f al\u0131\u015fveri\u015fi\u201dni her y\u00f6n\u00fcyle incelemenin yan\u0131 s\u0131ra, bu gibi konumlarda nas\u0131l d\u00fc\u015f\u00fcn\u00fclmesi gerekti\u011fini \u00f6\u011fretmek, yanl\u0131\u015flar\u0131 ve eksikleri d\u00fczeltebilmek,<span class=\"excerpt-hellip\"> [\u2026]<\/span><\/p>\n","protected":false},"featured_media":0,"template":"","meta":{"_monsterinsights_skip_tracking":false,"_monsterinsights_sitenote_active":false,"_monsterinsights_sitenote_note":"","_monsterinsights_sitenote_category":0},"product_brand":[],"product_cat":[12274,24599],"product_tag":[],"class_list":{"0":"post-738661","1":"product","2":"type-product","3":"status-publish","5":"product_cat-cocuk-ve-genclik-kitaplari","6":"product_cat-zeka-gelisimi","7":"pa_cilt-ciltsiz","8":"pa_tur-kitap","9":"pa_yayinevi-odtu-gelistirme-vakfi-yayincilik","10":"pa_yazar-ozan-capan","12":"first","13":"instock","14":"sale","15":"shipping-taxable","16":"purchasable","17":"product-type-simple"},"_links":{"self":[{"href":"https:\/\/roveyayinevi.com.tr\/index.php\/wp-json\/wp\/v2\/product\/738661","targetHints":{"allow":["GET"]}}],"collection":[{"href":"https:\/\/roveyayinevi.com.tr\/index.php\/wp-json\/wp\/v2\/product"}],"about":[{"href":"https:\/\/roveyayinevi.com.tr\/index.php\/wp-json\/wp\/v2\/types\/product"}],"wp:attachment":[{"href":"https:\/\/roveyayinevi.com.tr\/index.php\/wp-json\/wp\/v2\/media?parent=738661"}],"wp:term":[{"taxonomy":"product_brand","embeddable":true,"href":"https:\/\/roveyayinevi.com.tr\/index.php\/wp-json\/wp\/v2\/product_brand?post=738661"},{"taxonomy":"product_cat","embeddable":true,"href":"https:\/\/roveyayinevi.com.tr\/index.php\/wp-json\/wp\/v2\/product_cat?post=738661"},{"taxonomy":"product_tag","embeddable":true,"href":"https:\/\/roveyayinevi.com.tr\/index.php\/wp-json\/wp\/v2\/product_tag?post=738661"}],"curies":[{"name":"wp","href":"https:\/\/api.w.org\/{rel}","templated":true}]}}