{"id":738637,"date":"2025-08-27T23:54:22","date_gmt":"2025-08-27T20:54:22","guid":{"rendered":"https:\/\/roveyayinevi.com.tr\/index.php\/urun\/isciyim-haksizim-emegin-17-yillik-kazanimlarinin-doyumsuz-geri-alinis-oykusu\/"},"modified":"2026-04-16T02:48:48","modified_gmt":"2026-04-15T23:48:48","slug":"isciyim-haksizim-emegin-17-yillik-kazanimlarinin-doyumsuz-geri-alinis-oykusu","status":"publish","type":"product","link":"https:\/\/roveyayinevi.com.tr\/index.php\/urun\/isciyim-haksizim-emegin-17-yillik-kazanimlarinin-doyumsuz-geri-alinis-oykusu\/","title":{"rendered":"\u0130\u015f\u00e7iyim Haks\u0131z\u0131m Eme\u011fin 17 Y\u0131ll\u0131k Kazan\u0131mlar\u0131n\u0131n Doyumsuz Geri Al\u0131n\u0131\u015f \u00d6yk\u00fcs\u00fc"},"content":{"rendered":"<p>T\u00fcrkiye&#8217;de sendikal haklar\u0131n geli\u015fimi a\u00e7\u0131s\u0131ndan 1961 Anayasas\u0131,tam anlam\u0131yla bir &#8216;milat &#8216; olmu\u015ftur.bu \u00f6zg\u00fcrl\u00fck ortam\u0131nda filizlenen T\u00fcrk-\u0130\u015f ve D\u0130SK gibi konfederasyonlar,T\u00fcrkiye i\u015f\u00e7i hareketinin temel dayanak noktalar\u0131 kimli\u011fini kazanm\u0131\u015flard\u0131r. 12 Eyl\u00fcl sonras\u0131 her alanda ya\u015fanan toplu y\u0131k\u0131mdan sendikal hareket ve i\u015f\u00e7i-emek\u00e7i haklar\u0131 da pay\u0131na d\u00fc\u015feni alm\u0131\u015f, kazan\u0131mlar yerini piyasan\u0131n insaf\u0131na b\u0131rakm\u0131\u015ft\u0131r. \u015e\u00fckran Soner ve \u00d6nder Alker&#8217;in birlikte kaleme ald\u0131klar\u0131 ve ilkez 1989 y\u0131l\u0131nda yay\u0131mlanan bu kitapta,T\u00fcrkiye&#8217;de i\u015f\u00e7i haklar\u0131n\u0131n g\u00fcnden g\u00fcne nas\u0131l budand\u0131\u011f\u0131n\u0131n \u00f6yk\u00fcs\u00fcn\u00fc,yazarlar\u0131n birinci elden tan\u0131klar\u0131yla okuyacaks\u0131n\u0131z. <\/p>\n","protected":false},"excerpt":{"rendered":"<p>T\u00fcrkiye&#8217;de sendikal haklar\u0131n geli\u015fimi a\u00e7\u0131s\u0131ndan 1961 Anayasas\u0131,tam anlam\u0131yla bir &#8216;milat &#8216; olmu\u015ftur.bu \u00f6zg\u00fcrl\u00fck ortam\u0131nda filizlenen T\u00fcrk-\u0130\u015f ve D\u0130SK gibi konfederasyonlar,T\u00fcrkiye i\u015f\u00e7i hareketinin temel dayanak noktalar\u0131 kimli\u011fini<span class=\"excerpt-hellip\"> [\u2026]<\/span><\/p>\n","protected":false},"featured_media":0,"template":"","meta":{"_monsterinsights_skip_tracking":false,"_monsterinsights_sitenote_active":false,"_monsterinsights_sitenote_note":"","_monsterinsights_sitenote_category":0},"product_brand":[],"product_cat":[13059,12337],"product_tag":[],"class_list":{"0":"post-738637","1":"product","2":"type-product","3":"status-publish","5":"product_cat-diger-politika-siyaset","6":"product_cat-politika-siyaset","7":"pa_cilt-ciltsiz","8":"pa_tur-kitap","9":"pa_yayinevi-cumhuriyet-kitaplari","10":"pa_yazar-cumhuriyet-kitaplari-kolektif","12":"first","13":"instock","14":"sale","15":"shipping-taxable","16":"purchasable","17":"product-type-simple"},"_links":{"self":[{"href":"https:\/\/roveyayinevi.com.tr\/index.php\/wp-json\/wp\/v2\/product\/738637","targetHints":{"allow":["GET"]}}],"collection":[{"href":"https:\/\/roveyayinevi.com.tr\/index.php\/wp-json\/wp\/v2\/product"}],"about":[{"href":"https:\/\/roveyayinevi.com.tr\/index.php\/wp-json\/wp\/v2\/types\/product"}],"wp:attachment":[{"href":"https:\/\/roveyayinevi.com.tr\/index.php\/wp-json\/wp\/v2\/media?parent=738637"}],"wp:term":[{"taxonomy":"product_brand","embeddable":true,"href":"https:\/\/roveyayinevi.com.tr\/index.php\/wp-json\/wp\/v2\/product_brand?post=738637"},{"taxonomy":"product_cat","embeddable":true,"href":"https:\/\/roveyayinevi.com.tr\/index.php\/wp-json\/wp\/v2\/product_cat?post=738637"},{"taxonomy":"product_tag","embeddable":true,"href":"https:\/\/roveyayinevi.com.tr\/index.php\/wp-json\/wp\/v2\/product_tag?post=738637"}],"curies":[{"name":"wp","href":"https:\/\/api.w.org\/{rel}","templated":true}]}}

İşçiyim Haksızım Emeğin 17 Yıllık Kazanımlarının Doyumsuz Geri Alınış Öyküsü

<p>Türkiye&#8217;de sendikal hakların gelişimi açısından 1961 Anayasası,tam anlamıyla bir &#8216;milat &#8216; olmuştur.bu özgürlük ortamında filizlenen Türk-İş ve DİSK gibi konfederasyonlar,Türkiye işçi hareketinin temel dayanak noktaları kimliğini kazanmışlardır. 12 Eylül sonrası her alanda yaşanan toplu yıkımdan sendikal hareket ve işçi-emekçi hakları da payına düşeni almış, kazanımlar yerini piyasanın insafına bırakmıştır. Şükran Soner ve Önder Alker&#8217;in birlikte kaleme aldıkları ve ilkez 1989 yılında yayımlanan bu kitapta,Türkiye&#8217;de işçi haklarının günden güne nasıl budandığının öyküsünü,yazarların birinci elden tanıklarıyla okuyacaksınız. </p>

<p>Türkiye&#8217;de sendikal hakların gelişimi açısından 1961 Anayasası,tam anlamıyla bir &#8216;milat &#8216; olmuştur.bu özgürlük ortamında filizlenen Türk-İş ve DİSK gibi konfederasyonlar,Türkiye işçi hareketinin temel dayanak noktaları kimliğini<span class="excerpt-hellip"> […]</span></p>
