{"id":738630,"date":"2025-08-27T23:54:15","date_gmt":"2025-08-27T20:54:15","guid":{"rendered":"https:\/\/roveyayinevi.com.tr\/index.php\/urun\/cinde-felsefe-matematik-astronomi-tip-ve-bitkisel-ve-hayvansal-ilaclar\/"},"modified":"2026-04-16T02:48:48","modified_gmt":"2026-04-15T23:48:48","slug":"cinde-felsefe-matematik-astronomi-tip-ve-bitkisel-ve-hayvansal-ilaclar","status":"publish","type":"product","link":"https:\/\/roveyayinevi.com.tr\/index.php\/urun\/cinde-felsefe-matematik-astronomi-tip-ve-bitkisel-ve-hayvansal-ilaclar\/","title":{"rendered":"\u00c7in\u2019de Felsefe, Matematik, Astronomi, T\u0131p Ve Bitkisel Ve Hayvansal  \u0130la\u00e7lar"},"content":{"rendered":"<p>\u00c7in Uygarl\u0131\u011f\u0131n\u0131n ba\u015flang\u0131c\u0131, M\u00d6 3000&#8217;lere kadar g\u00f6t\u00fcr\u00fclebilmektedir ki, bu da Eski T\u00fcrk Uygarl\u0131\u011f\u0131 ile kom\u015fu oldu\u011fu d\u00f6nemlere rastlamaktad\u0131r. Bu kitapta k\u0131saca \u00c7in Uygarl\u0131\u011f\u0131n\u0131n erken tarihli \u015fekillenmesi anlat\u0131ld\u0131ktan sonra, \u00c7in&#8217;deki matematik, astronomi, t\u0131p ve eczac\u0131l\u0131k ad\u0131na yap\u0131lan \u00e7al\u0131\u015fmalar ele al\u0131n\u0131p, de\u011ferlendirilmektedir.   Eserde, \u00c7in&#8217;de bilim anlay\u0131\u015f\u0131 \u00e7er\u00e7evesinde evrenin nas\u0131l kavrand\u0131\u011f\u0131, insan ve evren aras\u0131nda nas\u0131l bir ili\u015fki kuruldu\u011fu ele al\u0131n\u0131p de\u011ferlendirilmi\u015ftir. Bu ba\u011flamda olmak \u00fczere, \u00c7inli bilim adam\u0131 i\u00e7in, insan\u0131n sadece bilimsel a\u00e7\u0131dan de\u011fil, felsefi a\u00e7\u0131dan da de\u011ferlendirilmesi gerekti\u011fi vurgulanm\u0131\u015ft\u0131r. \u00c7\u00fcnk\u00fc \u00c7inli bilim adam\u0131, insan\u0131 m\u00fcstakil bir yap\u0131 olarak de\u011fil, evrenle ve evrenin g\u00fc\u00e7leriyle ba\u011flant\u0131l\u0131 olarak ele almaktad\u0131r. Bu anlay\u0131\u015f\u0131 onlar\u0131n \u00f6zellikle t\u0131bb\u0131nda g\u00f6rmek m\u00fcmk\u00fcnd\u00fcr; Konf\u00fc\u00e7y\u00fcs&#8217;te oldu\u011fu gibi.   \u00c7in t\u0131bb\u0131n\u0131n etkisiyle g\u00fcn\u00fcm\u00fczde yayg\u0131nla\u015fmaya ba\u015flayan, insan\u0131n kendi enerjisi kullan\u0131larak, tedavi edilebilece\u011fi anlay\u0131\u015f\u0131, t\u0131p teorilerinin de temelini te\u015fkil eder. Bu ba\u011flamda olmak \u00fczere, bitkisel tedavi ile destekli masaj, akupunktur ve moksa gibi tedavilerden de s\u00f6z edilmektedir.    <\/p>\n","protected":false},"excerpt":{"rendered":"<p>\u00c7in Uygarl\u0131\u011f\u0131n\u0131n ba\u015flang\u0131c\u0131, M\u00d6 3000&#8217;lere kadar g\u00f6t\u00fcr\u00fclebilmektedir ki, bu da Eski T\u00fcrk Uygarl\u0131\u011f\u0131 ile kom\u015fu oldu\u011fu d\u00f6nemlere rastlamaktad\u0131r. Bu kitapta k\u0131saca \u00c7in Uygarl\u0131\u011f\u0131n\u0131n erken tarihli \u015fekillenmesi<span class=\"excerpt-hellip\"> [\u2026]<\/span><\/p>\n","protected":false},"featured_media":0,"template":"","meta":{"_monsterinsights_skip_tracking":false,"_monsterinsights_sitenote_active":false,"_monsterinsights_sitenote_note":"","_monsterinsights_sitenote_category":0},"product_brand":[],"product_cat":[12388,13555],"product_tag":[],"class_list":{"0":"post-738630","1":"product","2":"type-product","3":"status-publish","5":"product_cat-felsefe","6":"product_cat-genel-felsefe","7":"pa_cilt-ciltsiz","8":"pa_tur-kitap","9":"pa_yayinevi-us-yayinlari","10":"pa_yazar-esin-kahya","12":"first","13":"instock","14":"sale","15":"shipping-taxable","16":"purchasable","17":"product-type-simple"},"_links":{"self":[{"href":"https:\/\/roveyayinevi.com.tr\/index.php\/wp-json\/wp\/v2\/product\/738630","targetHints":{"allow":["GET"]}}],"collection":[{"href":"https:\/\/roveyayinevi.com.tr\/index.php\/wp-json\/wp\/v2\/product"}],"about":[{"href":"https:\/\/roveyayinevi.com.tr\/index.php\/wp-json\/wp\/v2\/types\/product"}],"wp:attachment":[{"href":"https:\/\/roveyayinevi.com.tr\/index.php\/wp-json\/wp\/v2\/media?parent=738630"}],"wp:term":[{"taxonomy":"product_brand","embeddable":true,"href":"https:\/\/roveyayinevi.com.tr\/index.php\/wp-json\/wp\/v2\/product_brand?post=738630"},{"taxonomy":"product_cat","embeddable":true,"href":"https:\/\/roveyayinevi.com.tr\/index.php\/wp-json\/wp\/v2\/product_cat?post=738630"},{"taxonomy":"product_tag","embeddable":true,"href":"https:\/\/roveyayinevi.com.tr\/index.php\/wp-json\/wp\/v2\/product_tag?post=738630"}],"curies":[{"name":"wp","href":"https:\/\/api.w.org\/{rel}","templated":true}]}}