{"id":738629,"date":"2025-08-27T23:53:41","date_gmt":"2025-08-27T20:53:41","guid":{"rendered":"https:\/\/roveyayinevi.com.tr\/index.php\/urun\/karanlik-buyuk-hikayeler-leonardo-da-vinci\/"},"modified":"2026-04-16T02:48:48","modified_gmt":"2026-04-15T23:48:48","slug":"karanlik-buyuk-hikayeler-leonardo-da-vinci","status":"publish","type":"product","link":"https:\/\/roveyayinevi.com.tr\/index.php\/urun\/karanlik-buyuk-hikayeler-leonardo-da-vinci\/","title":{"rendered":"Karanl\u0131k B\u00fcy\u00fck Hikayeler &#8211; Leonardo Da Vinci"},"content":{"rendered":"<p>Onun h\u0130k\u00e2yes\u0130 okul k\u0130taplar\u0131n\u0131n anlatt\u0131\u011f\u0131ndan kes\u0130nl\u0130kle daha karanl\u0131kt\u0131\u2026 Leonardo insanl\u0131\u011f\u0131n en b\u00fcy\u00fck dehalar\u0131ndan biri olarak hat\u0131rlan\u0131r ama ayn\u0131 zamanda t\u00fcm zamanlar\u0131n en gizemli ki\u015fili\u011fidir. S\u0131n\u0131rs\u0131z bir hayal g\u00fcc\u00fc, doymak bilmeyen bir merak ve sanatla bilimi birle\u015ftirmek gibi benzersiz bir yetene\u011fi olan bu adam\u0131 s\u0131nayacak bir disiplin yoktu. Bu da onu daha \u00f6nce g\u00f6r\u00fclmemi\u015f biri haline getirdi. Tabii onun da zay\u0131f yanlar\u0131 vard\u0131, her \u015feyden \u00f6nce eserleri yar\u0131m b\u0131rak\u0131yordu\u2026   D\u00fcnya genelinde dehan\u0131n sembol\u00fc olan ve en bilinen sanat eserlerinde imzas\u0131 bulunan Leonardo da Vinci resim, heykel, mimari, bilim, m\u00fchendislik, astronomi, edebiyat ve daha bir\u00e7ok alanda \u00e7\u0131\u011f\u0131r a\u00e7an eserlerin yarat\u0131c\u0131s\u0131d\u0131r. \u00c7ok y\u00f6nl\u00fc yetene\u011fiyle d\u00fcnya sanat ve bilim tarihini \u015fekillendiren \u0130talyan d\u00e2hinin s\u0131radan bir hayat\u0131 olmas\u0131 beklenemezdi elbette. Leonardo\u2019nun yarat\u0131c\u0131l\u0131\u011f\u0131, zaaflar\u0131, talihsizlikleri, hatalar\u0131 ve ini\u015fli \u00e7\u0131k\u0131\u015fl\u0131 kariyerine odaklanan esprili ve s\u0131ra d\u0131\u015f\u0131 biyografisi, d\u00e2hinin bilinmeyen hayat\u0131n\u0131n kap\u0131lar\u0131n\u0131 aral\u0131yor. \u00c7izimler ve e\u011flenceli yorumlarla anlat\u0131lan bu karanl\u0131k hik\u00e2ye, her ya\u015ftan okurun Leonardo\u2019yu daha iyi tan\u0131mas\u0131 i\u00e7in benzersiz bir biyografi.<\/p>\n","protected":false},"excerpt":{"rendered":"<p>Onun h\u0130k\u00e2yes\u0130 okul k\u0130taplar\u0131n\u0131n anlatt\u0131\u011f\u0131ndan kes\u0130nl\u0130kle daha karanl\u0131kt\u0131\u2026 Leonardo insanl\u0131\u011f\u0131n en b\u00fcy\u00fck dehalar\u0131ndan biri olarak hat\u0131rlan\u0131r ama ayn\u0131 zamanda t\u00fcm zamanlar\u0131n en gizemli ki\u015fili\u011fidir. S\u0131n\u0131rs\u0131z bir<span class=\"excerpt-hellip\"> [\u2026]<\/span><\/p>\n","protected":false},"featured_media":0,"template":"","meta":{"_monsterinsights_skip_tracking":false,"_monsterinsights_sitenote_active":false,"_monsterinsights_sitenote_note":"","_monsterinsights_sitenote_category":0},"product_brand":[],"product_cat":[14009,12291],"product_tag":[],"class_list":{"0":"post-738629","1":"product","2":"type-product","3":"status-publish","5":"product_cat-biyografi-otobiyografi-edebiyat","6":"product_cat-edebiyat","7":"pa_cilt-ciltsiz","8":"pa_tur-kitap","9":"pa_yayinevi-artemis-yayinlari","10":"pa_yazar-paola-cantatore","12":"first","13":"instock","14":"sale","15":"shipping-taxable","16":"purchasable","17":"product-type-simple"},"_links":{"self":[{"href":"https:\/\/roveyayinevi.com.tr\/index.php\/wp-json\/wp\/v2\/product\/738629","targetHints":{"allow":["GET"]}}],"collection":[{"href":"https:\/\/roveyayinevi.com.tr\/index.php\/wp-json\/wp\/v2\/product"}],"about":[{"href":"https:\/\/roveyayinevi.com.tr\/index.php\/wp-json\/wp\/v2\/types\/product"}],"wp:attachment":[{"href":"https:\/\/roveyayinevi.com.tr\/index.php\/wp-json\/wp\/v2\/media?parent=738629"}],"wp:term":[{"taxonomy":"product_brand","embeddable":true,"href":"https:\/\/roveyayinevi.com.tr\/index.php\/wp-json\/wp\/v2\/product_brand?post=738629"},{"taxonomy":"product_cat","embeddable":true,"href":"https:\/\/roveyayinevi.com.tr\/index.php\/wp-json\/wp\/v2\/product_cat?post=738629"},{"taxonomy":"product_tag","embeddable":true,"href":"https:\/\/roveyayinevi.com.tr\/index.php\/wp-json\/wp\/v2\/product_tag?post=738629"}],"curies":[{"name":"wp","href":"https:\/\/api.w.org\/{rel}","templated":true}]}}