{"id":738607,"date":"2025-08-27T23:53:16","date_gmt":"2025-08-27T20:53:16","guid":{"rendered":"https:\/\/roveyayinevi.com.tr\/index.php\/urun\/mistik-yolda-yurumek\/"},"modified":"2026-04-13T02:56:38","modified_gmt":"2026-04-12T23:56:38","slug":"mistik-yolda-yurumek","status":"publish","type":"product","link":"https:\/\/roveyayinevi.com.tr\/index.php\/urun\/mistik-yolda-yurumek\/","title":{"rendered":"Mistik Yolda Y\u00fcr\u00fcmek"},"content":{"rendered":"<p>Merhaba Mistik Yolcu,Elinde tuttu\u011fun kitap 6 y\u0131ldan fazla zamand\u0131r Mistik Yol YouTube kanal\u0131nda \u00e7ekim yasas\u0131 \u00fczerine yapt\u0131\u011f\u0131m\u0131z video metinlerinin ilham\u0131yla do\u011fdu. Mistik Yol ise ilk olarak Didem\u2019le kendi aram\u0131zda yapt\u0131\u011f\u0131m\u0131z ruhsal fark\u0131ndal\u0131k sohbetlerinin bir sonucu olarak ortaya \u00e7\u0131kt\u0131. En \u00e7ok \u00fczerinde durdu\u011fumuz konu ise \u00e7ekim yasas\u0131yd\u0131. Pek \u00e7ok konu ba\u015fl\u0131\u011f\u0131m\u0131z olmas\u0131na ra\u011fmen d\u00f6n\u00fcp dola\u015f\u0131p \u00e7ekim yasas\u0131na geri d\u00f6n\u00fcyorduk.\u00c7ekim yasas\u0131 heyecan vericidir. Uygulamaya \u00e7al\u0131\u015ft\u0131k\u00e7a kendini ke\u015ffedersin. \u00c7\u00fcnk\u00fc istedi\u011fine ula\u015fmak i\u00e7in onun enerjisine uyumlanman gerekir. Uyumlanmaya \u00e7al\u0131\u015ft\u0131k\u00e7a i\u00e7 d\u00fcnyanda o iste\u011fe uygun olmayan enerji par\u00e7alar\u0131 sakland\u0131klar\u0131 yerden kafalar\u0131n\u0131 kald\u0131r\u0131r ve de\u011fi\u015fime itiraz ederler. Bundan sonra mesele art\u0131k sadece iste\u011fine ula\u015fmak de\u011fil kendi gizli i\u00e7 d\u00fcnyan\u0131n \u00f6rt\u00fcs\u00fcn\u00fc kald\u0131rmak ve o par\u00e7alar\u0131n seninle i\u015f birli\u011fi i\u00e7inde olmas\u0131n\u0131 sa\u011flamakt\u0131r. Ki\u015fi \u00e7ekim yasas\u0131n\u0131n kestirme bir yol vadetmedi\u011fini bu noktada anlar. Tam tersine, \u00e7ekim yasas\u0131 kendinle d\u00fcr\u00fcst\u00e7e y\u00fczle\u015fmeni ister. Bu y\u00f6n\u00fcyle muazzam bir ruhsal \u00f6\u011fretidir. Onu heyecan verici k\u0131lan da budur.Umar\u0131m bu kitap aray\u0131\u015f\u0131nda sana yard\u0131mc\u0131 olur ve umar\u0131m son sayfaya geldi\u011finde ger\u00e7ekten bir \u015feylerin de\u011fi\u015fti\u011fini hissedersin. Bu bizim en b\u00fcy\u00fck dile\u011fimiz.PEK\u0130, SEN\u0130N T\u00dcM D\u0130LEKLER\u0130N\u0130N GER\u00c7EKLE\u015eMES\u0130 \u0130\u00c7\u0130N NE M\u00dcMK\u00dcN?Cem \u00c7ilo\u011flu<\/p>\n","protected":false},"excerpt":{"rendered":"<p>Merhaba Mistik Yolcu,Elinde tuttu\u011fun kitap 6 y\u0131ldan fazla zamand\u0131r Mistik Yol YouTube kanal\u0131nda \u00e7ekim yasas\u0131 \u00fczerine yapt\u0131\u011f\u0131m\u0131z video metinlerinin ilham\u0131yla do\u011fdu. Mistik Yol ise ilk olarak<span class=\"excerpt-hellip\"> [\u2026]<\/span><\/p>\n","protected":false},"featured_media":0,"template":"","meta":{"_monsterinsights_skip_tracking":false,"_monsterinsights_sitenote_active":false,"_monsterinsights_sitenote_note":"","_monsterinsights_sitenote_category":0},"product_brand":[],"product_cat":[12364,12376],"product_tag":[],"class_list":{"0":"post-738607","1":"product","2":"type-product","3":"status-publish","5":"product_cat-genel-konular","6":"product_cat-kisisel-gelisim","7":"pa_cilt-ciltsiz","8":"pa_tur-kitap","9":"pa_yayinevi-muptela-yayinevi","10":"pa_yazar-didem-ciloglu-cem-ciloglu","12":"first","13":"instock","14":"sale","15":"shipping-taxable","16":"purchasable","17":"product-type-simple"},"_links":{"self":[{"href":"https:\/\/roveyayinevi.com.tr\/index.php\/wp-json\/wp\/v2\/product\/738607","targetHints":{"allow":["GET"]}}],"collection":[{"href":"https:\/\/roveyayinevi.com.tr\/index.php\/wp-json\/wp\/v2\/product"}],"about":[{"href":"https:\/\/roveyayinevi.com.tr\/index.php\/wp-json\/wp\/v2\/types\/product"}],"wp:attachment":[{"href":"https:\/\/roveyayinevi.com.tr\/index.php\/wp-json\/wp\/v2\/media?parent=738607"}],"wp:term":[{"taxonomy":"product_brand","embeddable":true,"href":"https:\/\/roveyayinevi.com.tr\/index.php\/wp-json\/wp\/v2\/product_brand?post=738607"},{"taxonomy":"product_cat","embeddable":true,"href":"https:\/\/roveyayinevi.com.tr\/index.php\/wp-json\/wp\/v2\/product_cat?post=738607"},{"taxonomy":"product_tag","embeddable":true,"href":"https:\/\/roveyayinevi.com.tr\/index.php\/wp-json\/wp\/v2\/product_tag?post=738607"}],"curies":[{"name":"wp","href":"https:\/\/api.w.org\/{rel}","templated":true}]}}