{"id":738590,"date":"2025-08-27T23:52:52","date_gmt":"2025-08-27T20:52:52","guid":{"rendered":"https:\/\/roveyayinevi.com.tr\/index.php\/urun\/bitkilerin-gizli-ogretileri\/"},"modified":"2026-04-16T02:48:47","modified_gmt":"2026-04-15T23:48:47","slug":"bitkilerin-gizli-ogretileri","status":"publish","type":"product","link":"https:\/\/roveyayinevi.com.tr\/index.php\/urun\/bitkilerin-gizli-ogretileri\/","title":{"rendered":"Bitkilerin Gizli \u00d6\u011fretileri"},"content":{"rendered":"<p>\u201cS\u00f6yle bana\u201d dedim. \u201cNeden yapt\u0131\u011f\u0131m\u0131z \u015feyleri yap\u0131yoruz, neden D\u00fcnya\u2019ya kar\u015f\u0131 bu kadar kaba davran\u0131yoruz? \u0130nsan denen t\u00fcr\u00fcn ekolojik i\u015flevi nedir?\u201d   Do\u011fa\u2019y\u0131, bitkisel ila\u00e7lar\u0131 ve \u015fifay\u0131 anlamak i\u00e7in beynin do\u011frusal alg\u0131s\u0131n\u0131n yan\u0131nda kalbin holistik alg\u0131s\u0131n\u0131n \u00f6nemi tarih \u00f6ncesinden beri bilinmekteydi. Ku\u015faklar boyu \u015fifac\u0131lar yeti\u015ftirmi\u015f bir aileden gelen Stephen Harrod Buhner, \u0130ngiliz botanik\u00e7i Luther Burbank\u2019ten Goethe\u2019ye, bilim insan\u0131, yazar ve d\u00fc\u015f\u00fcn\u00fcrlerin eserlerinde dola\u015f\u0131yor. Okura Do\u011fa\u2019n\u0131n bilgisini \u00f6z\u00fcmsemeleri, bitkilerin t\u0131bbi kullan\u0131mlar\u0131n\u0131 \u00f6\u011frenmeleri ve D\u00fcnya\u2019yla kurulacak derin ba\u011f\u0131n manevi etkilerini anlamalar\u0131 i\u00e7in bir rehber sunuyor.  \u00d6n Okuma Metni:   Yazar Hakk\u0131nda: Stephen Harrod Buhner (d. 1952), bir D\u00fcnya \u015eairi ve do\u011fa, yerli k\u00fclt\u00fcrleri, \u00e7evre ve bitkisel ila\u00e7lar \u00fczerine yirmiden fazla kitab\u0131n \u00f6d\u00fcll\u00fc yazar\u0131d\u0131r. Eisenhower ve Kennedy y\u00f6netiminde ABD Sa\u011fl\u0131k Bakan\u0131 olan Leroy Burney ile 19. y\u00fczy\u0131l\u0131n ba\u015flar\u0131nda Indiana k\u0131rsal\u0131nda \u00e7al\u0131\u015fan bir ebe ve bitki uzman\u0131 olan Elizabeth Lusterheide\u2019\u0131n da aralar\u0131nda oldu\u011fu bir \u015fifac\u0131 soyundan geliyor. 1911\u2019de doktor olarak \u00e7al\u0131\u015fmaya ba\u015flad\u0131\u011f\u0131nda Indiana k\u0131rsal\u0131nda bitkisel ila\u00e7lardan yararlanan b\u00fcy\u00fck b\u00fcy\u00fckbabas\u0131 C.G. Harrod\u2019dan \u00f6zellikle etkilendi. Buhner\u2019in \u00e7al\u0131\u015fmalar\u0131 Common Boundary, Apotheosis, Shaman\u2019s Drum, The New York Times, CNN ve Good Morning America\u2019da yer ald\u0131.  <\/p>\n","protected":false},"excerpt":{"rendered":"<p>\u201cS\u00f6yle bana\u201d dedim. \u201cNeden yapt\u0131\u011f\u0131m\u0131z \u015feyleri yap\u0131yoruz, neden D\u00fcnya\u2019ya kar\u015f\u0131 bu kadar kaba davran\u0131yoruz? \u0130nsan denen t\u00fcr\u00fcn ekolojik i\u015flevi nedir?\u201d Do\u011fa\u2019y\u0131, bitkisel ila\u00e7lar\u0131 ve \u015fifay\u0131 anlamak<span class=\"excerpt-hellip\"> [\u2026]<\/span><\/p>\n","protected":false},"featured_media":0,"template":"","meta":{"_monsterinsights_skip_tracking":false,"_monsterinsights_sitenote_active":false,"_monsterinsights_sitenote_note":"","_monsterinsights_sitenote_category":0},"product_brand":[],"product_cat":[13072,12291],"product_tag":[],"class_list":{"0":"post-738590","1":"product","2":"type-product","3":"status-publish","5":"product_cat-arastirma-inceleme-referans","6":"product_cat-edebiyat","7":"pa_cilt-ciltsiz","8":"pa_tur-kitap","9":"pa_yayinevi-dogan-kitap","10":"pa_yazar-stephen-harrod-buhner","12":"first","13":"instock","14":"sale","15":"shipping-taxable","16":"purchasable","17":"product-type-simple"},"_links":{"self":[{"href":"https:\/\/roveyayinevi.com.tr\/index.php\/wp-json\/wp\/v2\/product\/738590","targetHints":{"allow":["GET"]}}],"collection":[{"href":"https:\/\/roveyayinevi.com.tr\/index.php\/wp-json\/wp\/v2\/product"}],"about":[{"href":"https:\/\/roveyayinevi.com.tr\/index.php\/wp-json\/wp\/v2\/types\/product"}],"wp:attachment":[{"href":"https:\/\/roveyayinevi.com.tr\/index.php\/wp-json\/wp\/v2\/media?parent=738590"}],"wp:term":[{"taxonomy":"product_brand","embeddable":true,"href":"https:\/\/roveyayinevi.com.tr\/index.php\/wp-json\/wp\/v2\/product_brand?post=738590"},{"taxonomy":"product_cat","embeddable":true,"href":"https:\/\/roveyayinevi.com.tr\/index.php\/wp-json\/wp\/v2\/product_cat?post=738590"},{"taxonomy":"product_tag","embeddable":true,"href":"https:\/\/roveyayinevi.com.tr\/index.php\/wp-json\/wp\/v2\/product_tag?post=738590"}],"curies":[{"name":"wp","href":"https:\/\/api.w.org\/{rel}","templated":true}]}}