{"id":738589,"date":"2025-08-27T23:52:51","date_gmt":"2025-08-27T20:52:51","guid":{"rendered":"https:\/\/roveyayinevi.com.tr\/index.php\/urun\/cocomelon-sevimli-gokkusagi-boyama-kitabi-2\/"},"modified":"2026-04-16T02:48:47","modified_gmt":"2026-04-15T23:48:47","slug":"cocomelon-sevimli-gokkusagi-boyama-kitabi-2","status":"publish","type":"product","link":"https:\/\/roveyayinevi.com.tr\/index.php\/urun\/cocomelon-sevimli-gokkusagi-boyama-kitabi-2\/","title":{"rendered":"Cocomelon Sevimli G\u00f6kku\u015fa\u011f\u0131 Boyama Kitab\u0131 2"},"content":{"rendered":"<p>JJ renkleri \u00e7ok sever! Sen de onun gibi renkleri seviyorsan JJ ve arkada\u015flar\u0131n\u0131n boyama e\u011flencesine kat\u0131l.   Cocomelon\u2019un en sevilen karakterleri ve sahneleriyle haz\u0131rlanan bu boyama kitab\u0131yla okul \u00f6ncesi an\u0131lar\u0131n\u0131 renklendir! \u0130yi E\u011flenceler! <\/p>\n","protected":false},"excerpt":{"rendered":"<p>JJ renkleri \u00e7ok sever! Sen de onun gibi renkleri seviyorsan JJ ve arkada\u015flar\u0131n\u0131n boyama e\u011flencesine kat\u0131l. Cocomelon\u2019un en sevilen karakterleri ve sahneleriyle haz\u0131rlanan bu boyama kitab\u0131yla<span class=\"excerpt-hellip\"> [\u2026]<\/span><\/p>\n","protected":false},"featured_media":0,"template":"","meta":{"_monsterinsights_skip_tracking":false,"_monsterinsights_sitenote_active":false,"_monsterinsights_sitenote_note":"","_monsterinsights_sitenote_category":0},"product_brand":[],"product_cat":[12644,12274],"product_tag":[],"class_list":{"0":"post-738589","1":"product","2":"type-product","3":"status-publish","5":"product_cat-boyama-kitaplari","6":"product_cat-cocuk-ve-genclik-kitaplari","7":"pa_cilt-ciltsiz","8":"pa_tur-kitap","9":"pa_yayinevi-dogan-cocuk","10":"pa_yazar-dogan-cocuk-kolektif","12":"first","13":"instock","14":"sale","15":"shipping-taxable","16":"purchasable","17":"product-type-simple"},"_links":{"self":[{"href":"https:\/\/roveyayinevi.com.tr\/index.php\/wp-json\/wp\/v2\/product\/738589","targetHints":{"allow":["GET"]}}],"collection":[{"href":"https:\/\/roveyayinevi.com.tr\/index.php\/wp-json\/wp\/v2\/product"}],"about":[{"href":"https:\/\/roveyayinevi.com.tr\/index.php\/wp-json\/wp\/v2\/types\/product"}],"wp:attachment":[{"href":"https:\/\/roveyayinevi.com.tr\/index.php\/wp-json\/wp\/v2\/media?parent=738589"}],"wp:term":[{"taxonomy":"product_brand","embeddable":true,"href":"https:\/\/roveyayinevi.com.tr\/index.php\/wp-json\/wp\/v2\/product_brand?post=738589"},{"taxonomy":"product_cat","embeddable":true,"href":"https:\/\/roveyayinevi.com.tr\/index.php\/wp-json\/wp\/v2\/product_cat?post=738589"},{"taxonomy":"product_tag","embeddable":true,"href":"https:\/\/roveyayinevi.com.tr\/index.php\/wp-json\/wp\/v2\/product_tag?post=738589"}],"curies":[{"name":"wp","href":"https:\/\/api.w.org\/{rel}","templated":true}]}}