{"id":738559,"date":"2025-08-27T23:52:25","date_gmt":"2025-08-27T20:52:25","guid":{"rendered":"https:\/\/roveyayinevi.com.tr\/index.php\/urun\/liberal-dusunce-dergisi-sayi-105-kis-2022\/"},"modified":"2026-04-16T02:48:45","modified_gmt":"2026-04-15T23:48:45","slug":"liberal-dusunce-dergisi-sayi-105-kis-2022","status":"publish","type":"product","link":"https:\/\/roveyayinevi.com.tr\/index.php\/urun\/liberal-dusunce-dergisi-sayi-105-kis-2022\/","title":{"rendered":"Liberal D\u00fc\u015f\u00fcnce Dergisi, Say\u0131 105, K\u0131\u015f 2022"},"content":{"rendered":"<p>MAKALELER \/ ARTICLESTicari Liberalizm ve Ticari Liberalizm Literat\u00fcr\u00fcnde G\u00fcncel Tart\u0131\u015fmalarCommercial Liberalism and Current Discussions in the Literature on Commercial Liberalism\u0130nan Y\u0131ld\u0131r\u0131ml\u0131dal \u00d6zel Y\u00f6neti\u015fim Formel Yasal Sistem Olmadan \u0130ktisadi ve Toplumsal D\u00fczen Olu\u015fturabilir mi?Can Private Governance Create Economic and Social Order without a Formal Legal System?Bahar Baysal Kar Historical Development of Modern States and Police OrganizationsModern Devletlerin ve Polis Kurulu\u015flar\u0131n\u0131n Tarihsel Geli\u015fimiOzan Kavs\u0131rac\u0131 &amp; Mehmet Demirba\u015f Y\u0131k\u0131mdan Mutlak Sava\u015fa Bir Sonderweg: Carl Schmitt\u2019in Politik TeolojisiA Sonderweg from Destruction to Absolute War: Political Theology of Carl Schmitt\u0130brahim Sar\u0131ta\u015f  Suriye Sava\u015f\u0131\u2019nda Avrupa Birli\u011fi (AB)\u2019nin M\u00fclteci ve S\u0131\u011f\u0131nmac\u0131 SiyasetiEuropean Union (EU)\u2019s Policy on Refugee and Asylum in Syrian WarG\u00fcl\u015fen \u015eeker Ayd\u0131n S\u00fcnnilerin Alevili\u011fe Bak\u0131\u015f\u0131nda \u00dc\u00e7 Farkl\u0131 Perspektif:T\u00fcrk, M\u00fcsl\u00fcman, AleviThree Different Perspectives of Sunnis Towards Alevism: Turk, Muslim, AleviNigar Tu\u011fsuz Turgut \u00d6zal ve Yeni Kamu Y\u00f6netimi: 1983 \u2013 1993 Aras\u0131 Y\u0131llarda T\u00fcrkiye\u2019de Kamu Y\u00f6netimi ReformuTurgut \u00d6zal and the New Public Management: Public Administration Reform in Turkey Between 1983-1993M\u00fccahit Bekta\u015f &amp; Hamza Ate\u015f K\u0130TAP \u0130NCELEMES\u0130 \/ BOOK REVIEWT\u00fcrkiye\u2019de K\u00fclt\u00fcrel \u0130ktidar\u0131n Kurulu\u015fu 1923-1945Sevda Nur \u00c7evik   YORUM \/ COMMENTARYK\u00e2z\u0131m Berzeg Makale Yar\u0131\u015fmas\u0131 \u00d6d\u00fcll\u00fc Yaz\u0131lar\u0131 T\u00fcrkiye\u2019de M\u00fclkiyet Hakk\u0131 ve \u0130hlalleri: Varl\u0131k Vergisi \u00d6rne\u011fiProperty Rights and Violations in Turkey: The Wealth Tax CaseRabia Nur Kartal Zenginli\u011fe Giden Yolda M\u00fclkiyet Haklar\u0131 ve Ekonomik \u00d6zg\u00fcrl\u00fcklerin Rol\u00fc: T\u00fcrkiye Ekonomisi \u00dczerine Bir \u0130ncelemeThe Role of Property Rights and Economic Freedom on the Way to Prosperity: A Review of the Turkish EconomyDilek Tu\u011flu Dur T\u00fcrk Anayasa Hukukunda M\u00fclkiyet Hakk\u0131n\u0131n Kullan\u0131m\u0131n\u0131n Durdurulmas\u0131Suspension of the Use of Property Right in Turkish Constitutional LawH\u00fclya Egeli   \u00c7EV\u0130R\u0130 \/ TRANSLATIONHarrison BergeronKurt Vonnegut, Jr. Kurt Vonnegut\u2019un \u201cHarrison Bergeron\u201dunda \u00d6zg\u00fcrl\u00fc\u011fe Kar\u015f\u0131 E\u015fitlik: Distopik Ortam \u00dczerine Bir \u00c7al\u0131\u015fmaEquality versus Freedom in \u2018Harrison Bergeron\u2019 by Kurt Vonnegut: A Study of Dystopian SettingAbdol Hossein Joodaki &amp; Hamideh Mahdiany <\/p>\n","protected":false},"excerpt":{"rendered":"<p>MAKALELER \/ ARTICLESTicari Liberalizm ve Ticari Liberalizm Literat\u00fcr\u00fcnde G\u00fcncel Tart\u0131\u015fmalarCommercial Liberalism and Current Discussions in the Literature on Commercial Liberalism\u0130nan Y\u0131ld\u0131r\u0131ml\u0131dal \u00d6zel Y\u00f6neti\u015fim Formel Yasal Sistem<span class=\"excerpt-hellip\"> [\u2026]<\/span><\/p>\n","protected":false},"featured_media":0,"template":"","meta":{"_monsterinsights_skip_tracking":false,"_monsterinsights_sitenote_active":false,"_monsterinsights_sitenote_note":"","_monsterinsights_sitenote_category":0},"product_brand":[],"product_cat":[30023,13527],"product_tag":[],"class_list":{"0":"post-738559","1":"product","2":"type-product","3":"status-publish","5":"product_cat-edebiyat-sureli-yayinlar","6":"product_cat-sureli-yayinlar","7":"pa_cilt-ciltsiz","8":"pa_tur-dergi","9":"pa_yayinevi-liberte-yayinlari","10":"pa_yazar-liberte-yayinlari-kolektif","12":"first","13":"instock","14":"sale","15":"shipping-taxable","16":"purchasable","17":"product-type-simple"},"_links":{"self":[{"href":"https:\/\/roveyayinevi.com.tr\/index.php\/wp-json\/wp\/v2\/product\/738559","targetHints":{"allow":["GET"]}}],"collection":[{"href":"https:\/\/roveyayinevi.com.tr\/index.php\/wp-json\/wp\/v2\/product"}],"about":[{"href":"https:\/\/roveyayinevi.com.tr\/index.php\/wp-json\/wp\/v2\/types\/product"}],"wp:attachment":[{"href":"https:\/\/roveyayinevi.com.tr\/index.php\/wp-json\/wp\/v2\/media?parent=738559"}],"wp:term":[{"taxonomy":"product_brand","embeddable":true,"href":"https:\/\/roveyayinevi.com.tr\/index.php\/wp-json\/wp\/v2\/product_brand?post=738559"},{"taxonomy":"product_cat","embeddable":true,"href":"https:\/\/roveyayinevi.com.tr\/index.php\/wp-json\/wp\/v2\/product_cat?post=738559"},{"taxonomy":"product_tag","embeddable":true,"href":"https:\/\/roveyayinevi.com.tr\/index.php\/wp-json\/wp\/v2\/product_tag?post=738559"}],"curies":[{"name":"wp","href":"https:\/\/api.w.org\/{rel}","templated":true}]}}