{"id":738547,"date":"2025-08-27T23:52:08","date_gmt":"2025-08-27T20:52:08","guid":{"rendered":"https:\/\/roveyayinevi.com.tr\/index.php\/urun\/karsilasmalar-5\/"},"modified":"2026-04-16T02:48:45","modified_gmt":"2026-04-15T23:48:45","slug":"karsilasmalar-5","status":"publish","type":"product","link":"https:\/\/roveyayinevi.com.tr\/index.php\/urun\/karsilasmalar-5\/","title":{"rendered":"Kar\u015f\u0131la\u015fmalar"},"content":{"rendered":"<p>Kredi krizinde yeti\u015fkinli\u011fe ad\u0131m at. D\u00fc\u015fmanca bir ortamda medeni kal, nezaketi elden b\u0131rakma.  \u201c\u00dclkene D\u00f6n\u201d yaz\u0131l\u0131 propaganda ara\u00e7lar\u0131n\u0131n sokaklar\u0131 turlad\u0131\u011f\u0131 bir d\u00fcnyaya ad\u0131m at. D\u00fcnyan\u0131n en iyi \u00fcniversitelerinden birinde e\u011fitim g\u00f6r, i\u015f hayat\u0131na at\u0131l. B\u00fct\u00fcn do\u011fru \u015feyleri, b\u00fct\u00fcn gerekenleri yap. Ev al.  Sanat eseri al. S\u00f6z\u00fcm ona mutluluk sat\u0131n al. Ama hepsinden \u00f6nemlisi ba\u015f\u0131n\u0131 \u00f6n\u00fcne e\u011f. Sessiz kal. Yoluna devam et. \u00d6ylece. Kar\u015f\u0131la\u015fmalar\u2019\u0131n anlat\u0131c\u0131s\u0131 Britanyal\u0131 siyahi bir kad\u0131n. Erkek arkada\u015f\u0131n\u0131n ailesinin, varl\u0131kl\u0131 bir \u0130ngiliz kasabas\u0131ndaki malik\u00e2nesinde ger\u00e7ekle\u015fecek \u015fatafatl\u0131 k\u0131r partisine kat\u0131lmaya haz\u0131rlan\u0131yor. Bir yandan da kimli\u011fini olu\u015fturmak \u00fczere b\u00fcy\u00fck bir \u00f6zenle bir araya getirdi\u011fi par\u00e7alar\u0131 teker teker g\u00f6zden ge\u00e7iriyor. Dakikalar ilerleyip de uzaktaki gelecek yakla\u015ft\u0131k\u00e7a zihnini kurcalayan sorudan ka\u00e7am\u0131yor: Her \u015feyi y\u0131k\u0131p ge\u00e7menin vakti geldi mi? Kar\u015f\u0131la\u015fmalar, hepimizin ya\u015fad\u0131\u011f\u0131 \u0131rk, s\u0131n\u0131f, g\u00fcvenlik ve \u00f6zg\u00fcrl\u00fck meselelerini, kazananlar\u0131n ve kaybedenlerin hik\u00e2yelerini anlat\u0131yor. En nihayetinde ya\u015fam\u0131na mal olacak olsa da kendi hik\u00e2yesinin kontrol\u00fcn\u00fc yine kendi ellerine alma c\u00fcretini g\u00f6steren bir kad\u0131n\u0131n hik\u00e2yesini&#8230; \u201cKar\u015f\u0131la\u015fmalar m\u00fcthi\u015f bir eser. Bug\u00fcn hayatta olman\u0131n alt\u0131n\u0131 dolduran anlamlar\u0131yla bi\u00e7imsel olarak yenilik\u00e7i, so\u011fukkanl\u0131l\u0131\u011f\u0131yla okuru sarsan, epey m\u00fchim ve son derece ger\u00e7ek\u00e7i bir hik\u00e2ye anlat\u0131yor.\u201d Sophie Mackintosh, Su K\u00fcr\u00fc ve Mavi Bilet\u2019in yazar\u0131     NATASHA BROWN Britanyal\u0131 yazar Natasha Brown, Cambridge \u00dcniversitesi Matematik b\u00f6l\u00fcm\u00fcnden mezun olduktan sonra on y\u0131l boyunca finansal hizmetler sekt\u00f6r\u00fcnde \u00e7al\u0131\u015ft\u0131. 2019 y\u0131l\u0131nda kurmaca edebiyat dal\u0131nda Londra Yazarlar \u00d6d\u00fcl\u00fc\u2019n\u00fc (London Writers Award) kazanan Brown, ilk roman\u0131 Kar\u015f\u0131la\u015fmalar ile 2021 y\u0131l\u0131nda yazarl\u0131k hayat\u0131na ad\u0131m att\u0131. Bu roman\u0131yla 2022 Rathbones Folio \u00d6d\u00fcl\u00fc ve 2021 Goldsmiths \u00d6d\u00fcl\u00fc i\u00e7in k\u0131sa listeye giren yazar, ayr\u0131ca Women\u2019s Prize X Good Housekeeping Futures \u00d6d\u00fcl\u00fc i\u00e7in finalistler aras\u0131nda yer ald\u0131. Yazar 2022 y\u0131l\u0131nda Manchester \u00dcniversitesi New Writing Merkezi\u2019nde Burgess bursu almaya hak kazanan iki ki\u015fiden biri oldu.   <\/p>\n","protected":false},"excerpt":{"rendered":"<p>Kredi krizinde yeti\u015fkinli\u011fe ad\u0131m at. D\u00fc\u015fmanca bir ortamda medeni kal, nezaketi elden b\u0131rakma. \u201c\u00dclkene D\u00f6n\u201d yaz\u0131l\u0131 propaganda ara\u00e7lar\u0131n\u0131n sokaklar\u0131 turlad\u0131\u011f\u0131 bir d\u00fcnyaya ad\u0131m at. D\u00fcnyan\u0131n en<span class=\"excerpt-hellip\"> [\u2026]<\/span><\/p>\n","protected":false},"featured_media":0,"template":"","meta":{"_monsterinsights_skip_tracking":false,"_monsterinsights_sitenote_active":false,"_monsterinsights_sitenote_note":"","_monsterinsights_sitenote_category":0},"product_brand":[],"product_cat":[12291,12711],"product_tag":[],"class_list":{"0":"post-738547","1":"product","2":"type-product","3":"status-publish","5":"product_cat-edebiyat","6":"product_cat-roman-oyku","7":"pa_cilt-ciltsiz","8":"pa_tur-kitap","9":"pa_yayinevi-dusbaz-kitaplar","10":"pa_yazar-natasha-brown","12":"first","13":"instock","14":"sale","15":"shipping-taxable","16":"purchasable","17":"product-type-simple"},"_links":{"self":[{"href":"https:\/\/roveyayinevi.com.tr\/index.php\/wp-json\/wp\/v2\/product\/738547","targetHints":{"allow":["GET"]}}],"collection":[{"href":"https:\/\/roveyayinevi.com.tr\/index.php\/wp-json\/wp\/v2\/product"}],"about":[{"href":"https:\/\/roveyayinevi.com.tr\/index.php\/wp-json\/wp\/v2\/types\/product"}],"wp:attachment":[{"href":"https:\/\/roveyayinevi.com.tr\/index.php\/wp-json\/wp\/v2\/media?parent=738547"}],"wp:term":[{"taxonomy":"product_brand","embeddable":true,"href":"https:\/\/roveyayinevi.com.tr\/index.php\/wp-json\/wp\/v2\/product_brand?post=738547"},{"taxonomy":"product_cat","embeddable":true,"href":"https:\/\/roveyayinevi.com.tr\/index.php\/wp-json\/wp\/v2\/product_cat?post=738547"},{"taxonomy":"product_tag","embeddable":true,"href":"https:\/\/roveyayinevi.com.tr\/index.php\/wp-json\/wp\/v2\/product_tag?post=738547"}],"curies":[{"name":"wp","href":"https:\/\/api.w.org\/{rel}","templated":true}]}}