{"id":738536,"date":"2025-08-27T23:51:55","date_gmt":"2025-08-27T20:51:55","guid":{"rendered":"https:\/\/roveyayinevi.com.tr\/index.php\/urun\/toplum-kavram-ve-gerceklik\/"},"modified":"2026-04-16T02:48:45","modified_gmt":"2026-04-15T23:48:45","slug":"toplum-kavram-ve-gerceklik","status":"publish","type":"product","link":"https:\/\/roveyayinevi.com.tr\/index.php\/urun\/toplum-kavram-ve-gerceklik\/","title":{"rendered":"Toplum Kavram ve Ger\u00e7eklik"},"content":{"rendered":"<p>Toplumun ne oldu\u011funa dair soru, h\u00e2l\u00e2 tam anlam\u0131yla cevaplanm\u0131\u015f say\u0131lmaz. Sosyal bilimler, toplumu bir nesne olarak kurduklar\u0131nda, onu bir kere ve b\u00fct\u00fcn zamanlar i\u00e7in verili bir \u201cbirliktelik\u201d olarak ele almakta. Elinizdeki kitapsa, toplumun tarihselli\u011fine ve iki alandaki b\u00fcy\u00fck d\u00f6n\u00fc\u015f\u00fcmle (Frans\u0131z \u0130htil\u00e2li-Kapitalizm) kurumsalla\u015fan niteli\u011fine odaklan\u0131yor.   Toplum Kavram ve Ger\u00e7eklik, sosyolojiye bir giri\u015f denemesi olarak okunabilece\u011fi gibi, toplum kavram\u0131yla pratik felsefesinin ilgisini kurmas\u0131 bak\u0131m\u0131ndan bu giri\u015fin farkl\u0131 disiplinlerle ili\u015fkisini de sergileme amac\u0131 ta\u015f\u0131yor. <\/p>\n","protected":false},"excerpt":{"rendered":"<p>Toplumun ne oldu\u011funa dair soru, h\u00e2l\u00e2 tam anlam\u0131yla cevaplanm\u0131\u015f say\u0131lmaz. Sosyal bilimler, toplumu bir nesne olarak kurduklar\u0131nda, onu bir kere ve b\u00fct\u00fcn zamanlar i\u00e7in verili bir<span class=\"excerpt-hellip\"> [\u2026]<\/span><\/p>\n","protected":false},"featured_media":0,"template":"","meta":{"_monsterinsights_skip_tracking":false,"_monsterinsights_sitenote_active":false,"_monsterinsights_sitenote_note":"","_monsterinsights_sitenote_category":0},"product_brand":[],"product_cat":[12351,12324],"product_tag":[],"class_list":{"0":"post-738536","1":"product","2":"type-product","3":"status-publish","5":"product_cat-siyaset-sosyolojisi","6":"product_cat-sosyoloji","7":"pa_cilt-ciltsiz","8":"pa_tur-kitap","9":"pa_yayinevi-vulgus-yayinlari","10":"pa_yazar-ahmet-cigdem","12":"first","13":"instock","14":"sale","15":"shipping-taxable","16":"purchasable","17":"product-type-simple"},"_links":{"self":[{"href":"https:\/\/roveyayinevi.com.tr\/index.php\/wp-json\/wp\/v2\/product\/738536","targetHints":{"allow":["GET"]}}],"collection":[{"href":"https:\/\/roveyayinevi.com.tr\/index.php\/wp-json\/wp\/v2\/product"}],"about":[{"href":"https:\/\/roveyayinevi.com.tr\/index.php\/wp-json\/wp\/v2\/types\/product"}],"wp:attachment":[{"href":"https:\/\/roveyayinevi.com.tr\/index.php\/wp-json\/wp\/v2\/media?parent=738536"}],"wp:term":[{"taxonomy":"product_brand","embeddable":true,"href":"https:\/\/roveyayinevi.com.tr\/index.php\/wp-json\/wp\/v2\/product_brand?post=738536"},{"taxonomy":"product_cat","embeddable":true,"href":"https:\/\/roveyayinevi.com.tr\/index.php\/wp-json\/wp\/v2\/product_cat?post=738536"},{"taxonomy":"product_tag","embeddable":true,"href":"https:\/\/roveyayinevi.com.tr\/index.php\/wp-json\/wp\/v2\/product_tag?post=738536"}],"curies":[{"name":"wp","href":"https:\/\/api.w.org\/{rel}","templated":true}]}}