{"id":738513,"date":"2025-08-27T23:51:28","date_gmt":"2025-08-27T20:51:28","guid":{"rendered":"https:\/\/roveyayinevi.com.tr\/index.php\/urun\/kadinligin-kilavuzu\/"},"modified":"2026-04-16T02:48:44","modified_gmt":"2026-04-15T23:48:44","slug":"kadinligin-kilavuzu","status":"publish","type":"product","link":"https:\/\/roveyayinevi.com.tr\/index.php\/urun\/kadinligin-kilavuzu\/","title":{"rendered":"Kad\u0131nl\u0131\u011f\u0131n K\u0131lavuzu"},"content":{"rendered":"<p>Kad\u0131n korkuyor, \u00f6nce kad\u0131n olmaktan, sonra anne, sonra tekrar kad\u0131n olmaktan\u2026 \u0130lk gece korkular\u0131yla, evlenir evlenmez gebe kalma zorunlulu\u011fuyla ve binlerce sorumlulukla ba\u015f ba\u015fa b\u0131rak\u0131l\u0131yor. Kimse de k\u0131z\u0131m sen ne isterdin diye sormuyor. Cinsiyetinin getirdikleri ve g\u00f6t\u00fcrd\u00fckleri ile bilmem ka\u00e7 s\u0131f\u0131r geriden ba\u015fl\u0131yor ya\u015fam m\u00fccadelesine. Kad\u0131n olmak zor, beklentilerle dolu\u2026 Mutfakta a\u015f\u00e7\u0131, evde hizmet\u00e7i, yatakta kad\u0131n olmak zorundas\u0131n en iyisinden\u2026 Ama sen \u00f6nce insans\u0131n\u2026 Onlar isteklerini sormuyorsa, sen haklar\u0131n\u0131 iste. Haklar\u0131n var. \u0130nsanl\u0131\u011fa dair haklar\u0131n. Kararlar\u0131n\u0131 kendin verebilmene dair haklar\u0131n. Arzular\u0131na, se\u00e7imlerine, ya\u015fay\u0131\u015f tarz\u0131na, kendini ger\u00e7ekle\u015ftirme yoluna dair, kendin olmana dair haklar\u0131n\u2026 Ka\u00e7 \u00e7ocuk do\u011furaca\u011f\u0131na, kiminle sevi\u015fece\u011fine, nas\u0131l giyinece\u011fine, hangi dini nas\u0131l ya\u015famak isteyece\u011fine, okuyup okumayaca\u011f\u0131na, hangi mesle\u011fi yapaca\u011f\u0131na dair haklar\u0131n. K\u0131saca ya\u015fam haklar\u0131n\u2026 Bunu anlatmam\u0131z gerek\u2026 Bunu bilmeleri gerek\u2026 Bunu anlaman gerek\u2026 Buna inanman gerek\u2026 \u00d6nce insans\u0131n, insanl\u0131k haklar\u0131n\u0131 iste ne olur\u2026 G\u00fcc\u00fcn\u00fc fark et. Fark\u0131na vard\u0131k\u00e7a de\u011fi\u015feceksin, de\u011fi\u015ftik\u00e7e aynada kendine bakan g\u00f6zlerindeki \u0131\u015f\u0131k da de\u011fi\u015fecek. Senin bak\u0131\u015f a\u00e7\u0131n de\u011fi\u015ftik\u00e7e, kendine g\u00fcvendik\u00e7e, g\u00fcc\u00fcne inand\u0131k\u00e7a, di\u011ferleri de seni, senin kendini g\u00f6rd\u00fc\u011f\u00fcn gibi g\u00f6recek: Parlayacaks\u0131n! Sadece inan\u2026 Hepimiz birer y\u0131ld\u0131z\u0131z, \u0131\u015f\u0131\u011f\u0131m\u0131z parlas\u0131n!<\/p>\n","protected":false},"excerpt":{"rendered":"<p>Kad\u0131n korkuyor, \u00f6nce kad\u0131n olmaktan, sonra anne, sonra tekrar kad\u0131n olmaktan\u2026 \u0130lk gece korkular\u0131yla, evlenir evlenmez gebe kalma zorunlulu\u011fuyla ve binlerce sorumlulukla ba\u015f ba\u015fa b\u0131rak\u0131l\u0131yor. Kimse<span class=\"excerpt-hellip\"> [\u2026]<\/span><\/p>\n","protected":false},"featured_media":0,"template":"","meta":{"_monsterinsights_skip_tracking":false,"_monsterinsights_sitenote_active":false,"_monsterinsights_sitenote_note":"","_monsterinsights_sitenote_category":0},"product_brand":[],"product_cat":[12325,12324],"product_tag":[],"class_list":{"0":"post-738513","1":"product","2":"type-product","3":"status-publish","5":"product_cat-diger-sosyoloji","6":"product_cat-sosyoloji","7":"pa_cilt-ciltsiz","8":"pa_tur-kitap","9":"pa_yayinevi-bambuk-yayinevi","10":"pa_yazar-aski-ellibes-kaya","12":"first","13":"instock","14":"sale","15":"shipping-taxable","16":"purchasable","17":"product-type-simple"},"_links":{"self":[{"href":"https:\/\/roveyayinevi.com.tr\/index.php\/wp-json\/wp\/v2\/product\/738513","targetHints":{"allow":["GET"]}}],"collection":[{"href":"https:\/\/roveyayinevi.com.tr\/index.php\/wp-json\/wp\/v2\/product"}],"about":[{"href":"https:\/\/roveyayinevi.com.tr\/index.php\/wp-json\/wp\/v2\/types\/product"}],"wp:attachment":[{"href":"https:\/\/roveyayinevi.com.tr\/index.php\/wp-json\/wp\/v2\/media?parent=738513"}],"wp:term":[{"taxonomy":"product_brand","embeddable":true,"href":"https:\/\/roveyayinevi.com.tr\/index.php\/wp-json\/wp\/v2\/product_brand?post=738513"},{"taxonomy":"product_cat","embeddable":true,"href":"https:\/\/roveyayinevi.com.tr\/index.php\/wp-json\/wp\/v2\/product_cat?post=738513"},{"taxonomy":"product_tag","embeddable":true,"href":"https:\/\/roveyayinevi.com.tr\/index.php\/wp-json\/wp\/v2\/product_tag?post=738513"}],"curies":[{"name":"wp","href":"https:\/\/api.w.org\/{rel}","templated":true}]}}