{"id":738510,"date":"2025-08-27T23:51:25","date_gmt":"2025-08-27T20:51:25","guid":{"rendered":"https:\/\/roveyayinevi.com.tr\/index.php\/urun\/oynadim-oynattim-oynatalim-erman-toroglu-kitabi\/"},"modified":"2025-08-31T18:04:54","modified_gmt":"2025-08-31T15:04:54","slug":"oynadim-oynattim-oynatalim-erman-toroglu-kitabi","status":"publish","type":"product","link":"https:\/\/roveyayinevi.com.tr\/index.php\/urun\/oynadim-oynattim-oynatalim-erman-toroglu-kitabi\/","title":{"rendered":"Oynad\u0131m, Oynatt\u0131m, Oynatal\u0131m Erman Toro\u011flu Kitab\u0131"},"content":{"rendered":"<p>Hamit Turhan   Oynad\u0131m, Oynatt\u0131m, Oynatal\u0131m: Erman Toro\u011flu Kitab\u0131\u2019n\u0131 yazan Hamit Turhan 1965 y\u0131l\u0131nda Niksar\u2019da do\u011fdu. \u0130lk, orta, lise e\u011fitimini \u0130stanbul\u2019da tamamlad\u0131. Anadolu \u00dcniversitesi Sosyoloji B\u00f6l\u00fcm\u00fc\u2019nde okudu. Gazetecili\u011fe 1993 y\u0131l\u0131nda T\u00fcrk Spor Ajans\u0131\u2019nda muhabir olarak ba\u015flad\u0131. 1995\u2019de Fanatik gazetesine ge\u00e7ti. Gazetede muhabirlik, edit\u00f6rl\u00fck, yazarl\u0131k gibi \u00e7e\u015fitli kademelerde g\u00f6rev ald\u0131. Kurulu\u015fundan itibaren yer ald\u0131\u011f\u0131 Fanatik gazetesinde sporu esas alan fakat genellikle sosyal i\u00e7erikli makaleler yazan Hamit Turhan, ba\u015fta T\u00fcrkiye Gazeteciler Cemiyeti ve T\u00fcrkiye Spor Yazarlar\u0131 Derne\u011fi olmak \u00fczere \u00e7e\u015fitli kurum ve kurulu\u015flardan bir\u00e7ok \u00f6d\u00fcle lay\u0131k g\u00f6r\u00fcld\u00fc. T\u00fcrkiye Mill\u00ee Paralimpik Komitesi resm\u00ee yay\u0131n organ\u0131 Paralimpik T\u00fcrkiye\u2019nin de Yay\u0131n Y\u00f6netmenli\u011fi\u2019ni yapan Hamit Turhan, Fanatik Kitap\u2019dan \u00e7\u0131kan ve Zeljko Obradovi\u00e7 ile Ergin Ataman\u2019\u0131n ya\u015fam\u0131n\u0131 konu alan Ya\u015fayan Efsane-Obra, Zafere Giden Yol-Ergin Ataman kitaplar\u0131n\u0131n yazarl\u0131\u011f\u0131n\u0131 yapt\u0131. Olmaz Olmaz Deme, Olmaz Olmaz isimli kitapta UEFA Asba\u015fkan\u0131 \u015eenes Erzik\u2019in, \u015eampiyon-Ahmet Ay\u0131k kitab\u0131nda da Olimpiyat, D\u00fcnya ve Avrupa \u015eampiyonu mill\u00ee g\u00fcre\u015f\u00e7i Ahmet Ay\u0131k\u2019\u0131n biyografilerini de kaleme alan Turhan\u2019\u0131n ayr\u0131ca \u0130stanbul G\u00fcre\u015f \u0130htisas Kul\u00fcb\u00fc\u2019n\u00fcn tarih\u00e7esinin anlat\u0131ld\u0131\u011f\u0131 As\u0131rl\u0131k \u00c7\u0131nar: \u0130G\u0130K 1919 isimli bir \u00e7al\u0131\u015fmas\u0131 da bulunuyor. Olimpik ve paralimpik bran\u015flar\u0131 yak\u0131ndan takip eden Hamit Turhan, halen bu konularda Fanatik\u2019te r\u00f6portaj, ara\u015ft\u0131rma-inceleme ve makaleler yazmaya devam ediyor.   ARKA KAPAK   \u201cElinizdeki bu kitab\u0131 yazmaya mecburdum. \u00c7\u00fcnk\u00fc y\u0131llarca spor hayat\u0131m, yani futbolculu\u011fum, sonra hakemli\u011fim, sonra kabz\u0131mall\u0131\u011f\u0131m ve sonra gazete ve televizyon hayat\u0131mdaki ya\u015fad\u0131\u011f\u0131m olaylardan dolay\u0131 yaz\u0131l\u0131, g\u00f6rsel ve sosyal medyada \u00e7ok yorumlar yap\u0131ld\u0131. Do\u011fru olanlar vard\u0131, hatal\u0131 olanlar vard\u0131. Baz\u0131lar\u0131na yorumculuk yapt\u0131\u011f\u0131m televizyonlarda, baz\u0131lar\u0131na da yazd\u0131\u011f\u0131m gazetelerde cevap vermeye \u00e7al\u0131\u015f\u0131yordum. Ama biliyordum ki hepsi kopuk kopuktu. Televizyonlar\u0131 seyretmeyenler, gazeteleri okumayanlar var. Ben bunlar\u0131n hepsini kafamda birle\u015ftirip kendimi tatmin ediyordum ama kamuoyunun b\u00fct\u00fcn bunlar\u0131 toplay\u0131p da ke\u015ffetmeye ne zaman\u0131 ne de b\u00f6yle bir hakk\u0131 vard\u0131. Onun i\u00e7in de bu kitab\u0131 yazmaya karar verdim.   Hayat\u0131mda sevmedi\u011fim c\u00fcmleler var. \u2018Ben do\u011fru bir adam\u0131m.\u2019 \u2018Ben d\u00fcr\u00fcst bir insan\u0131m.\u2019 \u2018Ben yalan s\u00f6ylemem.\u2019 Bunlar\u0131n hi\u00e7birini ne yaz\u0131lar\u0131mda, ne s\u00f6ylemlerimde ne de \u00f6zel hayat\u0131mda kulland\u0131m. Siz neyseniz onun karar\u0131n\u0131 kamuoyu verir, siz veremezsiniz; \u00f6yle bir hakk\u0131n\u0131z da yok. Art\u0131s\u0131yla eksisiyle bu kitab\u0131 yazd\u0131m. \u0130kinci bir kitap yazar m\u0131y\u0131m? \u015eu anda \u00e7ok zor g\u00f6z\u00fck\u00fcyor. Kitab\u0131n son s\u00f6z\u00fcn\u00fc bu arka kapakta yaz\u0131yorum. Bu kitap hem benim kitab\u0131m hem de \u2018BEN\u0130M\u2019.\u201d <\/p>\n","protected":false},"excerpt":{"rendered":"<p>Hamit Turhan Oynad\u0131m, Oynatt\u0131m, Oynatal\u0131m: Erman Toro\u011flu Kitab\u0131\u2019n\u0131 yazan Hamit Turhan 1965 y\u0131l\u0131nda Niksar\u2019da do\u011fdu. \u0130lk, orta, lise e\u011fitimini \u0130stanbul\u2019da tamamlad\u0131. Anadolu \u00dcniversitesi Sosyoloji B\u00f6l\u00fcm\u00fc\u2019nde okudu.<span class=\"excerpt-hellip\"> [\u2026]<\/span><\/p>\n","protected":false},"featured_media":0,"template":"","meta":{"_monsterinsights_skip_tracking":false,"_monsterinsights_sitenote_active":false,"_monsterinsights_sitenote_note":"","_monsterinsights_sitenote_category":0},"product_brand":[],"product_cat":[14009,12291],"product_tag":[],"class_list":{"0":"post-738510","1":"product","2":"type-product","3":"status-publish","5":"product_cat-biyografi-otobiyografi-edebiyat","6":"product_cat-edebiyat","7":"pa_cilt-ciltsiz","8":"pa_tur-kitap","9":"pa_yayinevi-turkuvaz-kitap","10":"pa_yazar-hamit-turhan","12":"first","13":"instock","14":"sale","15":"shipping-taxable","16":"purchasable","17":"product-type-simple"},"_links":{"self":[{"href":"https:\/\/roveyayinevi.com.tr\/index.php\/wp-json\/wp\/v2\/product\/738510","targetHints":{"allow":["GET"]}}],"collection":[{"href":"https:\/\/roveyayinevi.com.tr\/index.php\/wp-json\/wp\/v2\/product"}],"about":[{"href":"https:\/\/roveyayinevi.com.tr\/index.php\/wp-json\/wp\/v2\/types\/product"}],"wp:attachment":[{"href":"https:\/\/roveyayinevi.com.tr\/index.php\/wp-json\/wp\/v2\/media?parent=738510"}],"wp:term":[{"taxonomy":"product_brand","embeddable":true,"href":"https:\/\/roveyayinevi.com.tr\/index.php\/wp-json\/wp\/v2\/product_brand?post=738510"},{"taxonomy":"product_cat","embeddable":true,"href":"https:\/\/roveyayinevi.com.tr\/index.php\/wp-json\/wp\/v2\/product_cat?post=738510"},{"taxonomy":"product_tag","embeddable":true,"href":"https:\/\/roveyayinevi.com.tr\/index.php\/wp-json\/wp\/v2\/product_tag?post=738510"}],"curies":[{"name":"wp","href":"https:\/\/api.w.org\/{rel}","templated":true}]}}