{"id":738492,"date":"2025-08-27T23:51:06","date_gmt":"2025-08-27T20:51:06","guid":{"rendered":"https:\/\/roveyayinevi.com.tr\/index.php\/urun\/saglikli-bebegin-ilk-1000-gunu\/"},"modified":"2026-04-16T02:48:43","modified_gmt":"2026-04-15T23:48:43","slug":"saglikli-bebegin-ilk-1000-gunu","status":"publish","type":"product","link":"https:\/\/roveyayinevi.com.tr\/index.php\/urun\/saglikli-bebegin-ilk-1000-gunu\/","title":{"rendered":"Sa\u011fl\u0131kl\u0131 Bebe\u011fin  \u0130lk 1000 G\u00fcn\u00fc"},"content":{"rendered":"<p>Bebeklerde ve \u00e7ocuklarda alerji giderek yayg\u0131nla\u015f\u0131yor. Aileler tedirginlikle \u00e7ocuklar\u0131n\u0131n alerjlerine \u00e7are bulmaya \u00e7al\u0131\u015f\u0131yor. Peki ya alerjileri \u00f6nlemenin bir yolu varsa? Ya\u015fam\u0131n ilk 1000 g\u00fcn\u00fcnde bebe\u011finizin gelece\u011fini de\u011fi\u015ftirmek m\u00fcmk\u00fcnse? Klinik gastoentorolog ve k\u0131demli \u00f6\u011fretim \u00fcyesi Dr. Vincent Ho, Sa\u011fl\u0131kl\u0131 Bebe\u011fin \u0130lk 1000 G\u00fcn\u00fc&#8217;nde ba\u011f\u0131rsak sa\u011fl\u0131\u011f\u0131 ve alerjiler aras\u0131ndaki ili\u015fkiyi ayr\u0131nt\u0131lar\u0131yla incelerken, hamilelikten do\u011fuma, emzirme d\u00f6neminden kat\u0131 g\u0131daya ge\u00e7i\u015fe kadar alerjileri \u00f6nlemek ve bebe\u011finizin ba\u011f\u0131\u015f\u0131kl\u0131k sistemini g\u00fc\u00e7lendirmek i\u00e7in atabilece\u011finiz ad\u0131mlar\u0131 a\u00e7\u0131kl\u0131yor. Ba\u015f etme y\u00f6ntemleri, tedavi stratejileri, bebe\u011finizin ya\u015fam\u0131 boyunca sa\u011fl\u0131kl\u0131 bir ba\u011f\u0131rsa\u011fa sahip olabilmesi i\u00e7in \u00f6neriler ve yayg\u0131n g\u0131da alerjilerini \u00f6nlemeye y\u00f6nelik bebe\u011finize uygun dokuz haftal\u0131k bir beslenme plan\u0131 sunuyor. Alerjilere bak\u0131\u015f a\u00e7\u0131n\u0131z\u0131 de\u011fi\u015ftirmek i\u00e7in ilk ad\u0131m\u0131 k\u0131lavuz niteli\u011findeki bu kitapla at\u0131n. Bebe\u011finiz daha d\u00fcnyaya gelmeden ba\u011f\u0131rsak sa\u011fl\u0131\u011f\u0131n\u0131 g\u00fc\u00e7lendirin ve ya\u015fam kalitesini y\u00fckseltin. Alerjiler k\u00e2busunuz olmas\u0131n.<\/p>\n","protected":false},"excerpt":{"rendered":"<p>Bebeklerde ve \u00e7ocuklarda alerji giderek yayg\u0131nla\u015f\u0131yor. Aileler tedirginlikle \u00e7ocuklar\u0131n\u0131n alerjlerine \u00e7are bulmaya \u00e7al\u0131\u015f\u0131yor. Peki ya alerjileri \u00f6nlemenin bir yolu varsa? Ya\u015fam\u0131n ilk 1000 g\u00fcn\u00fcnde bebe\u011finizin gelece\u011fini<span class=\"excerpt-hellip\"> [\u2026]<\/span><\/p>\n","protected":false},"featured_media":0,"template":"","meta":{"_monsterinsights_skip_tracking":false,"_monsterinsights_sitenote_active":false,"_monsterinsights_sitenote_note":"","_monsterinsights_sitenote_category":0},"product_brand":[],"product_cat":[12831,12324],"product_tag":[],"class_list":{"0":"post-738492","1":"product","2":"type-product","3":"status-publish","5":"product_cat-aile-ve-cocuk","6":"product_cat-sosyoloji","7":"pa_cilt-ciltsiz","8":"pa_tur-kitap","9":"pa_yayinevi-aganta","10":"pa_yazar-vincent-ho","12":"first","13":"instock","14":"sale","15":"shipping-taxable","16":"purchasable","17":"product-type-simple"},"_links":{"self":[{"href":"https:\/\/roveyayinevi.com.tr\/index.php\/wp-json\/wp\/v2\/product\/738492","targetHints":{"allow":["GET"]}}],"collection":[{"href":"https:\/\/roveyayinevi.com.tr\/index.php\/wp-json\/wp\/v2\/product"}],"about":[{"href":"https:\/\/roveyayinevi.com.tr\/index.php\/wp-json\/wp\/v2\/types\/product"}],"wp:attachment":[{"href":"https:\/\/roveyayinevi.com.tr\/index.php\/wp-json\/wp\/v2\/media?parent=738492"}],"wp:term":[{"taxonomy":"product_brand","embeddable":true,"href":"https:\/\/roveyayinevi.com.tr\/index.php\/wp-json\/wp\/v2\/product_brand?post=738492"},{"taxonomy":"product_cat","embeddable":true,"href":"https:\/\/roveyayinevi.com.tr\/index.php\/wp-json\/wp\/v2\/product_cat?post=738492"},{"taxonomy":"product_tag","embeddable":true,"href":"https:\/\/roveyayinevi.com.tr\/index.php\/wp-json\/wp\/v2\/product_tag?post=738492"}],"curies":[{"name":"wp","href":"https:\/\/api.w.org\/{rel}","templated":true}]}}